{"id":9501,"date":"2018-11-26T18:59:06","date_gmt":"2018-11-26T17:59:06","guid":{"rendered":"https:\/\/www.anne-frank-gymnasium.de\/?page_id=9501"},"modified":"2026-01-06T18:31:25","modified_gmt":"2026-01-06T17:31:25","slug":"fairtrade","status":"publish","type":"page","link":"https:\/\/www.anne-frank-gymnasium.de\/?page_id=9501","title":{"rendered":"Fairtrade"},"content":{"rendered":"<p><strong><img loading=\"lazy\" decoding=\"async\" class=\" wp-image-10550 alignright\" src=\"https:\/\/www.anne-frank-gymnasium.de\/wp-content\/uploads\/2019\/10\/fairtrade.jpg\" alt=\"\" width=\"285\" height=\"157\" srcset=\"https:\/\/www.anne-frank-gymnasium.de\/wp-content\/uploads\/2019\/10\/fairtrade.jpg 552w, https:\/\/www.anne-frank-gymnasium.de\/wp-content\/uploads\/2019\/10\/fairtrade-300x165.jpg 300w\" sizes=\"auto, (max-width: 285px) 100vw, 285px\" \/><\/strong><strong>Das Anne-Frank-Gymnasium ist <\/strong><strong>\u201eFairTrade-School&#8220;<\/strong><\/p>\n<p>Wir am AFG f\u00fchlen uns verpflichtet, zur Verbesserung der Arbeitsbedingungen von Kleinbauern und Erntehelfern in den Ursprungsl\u00e4ndern der Rohstoffe vieler unserer Produkte sowie deren Familien beizutragen. Der Verkauf von FairTrade-Produkten in deutschen Superm\u00e4rkten steigt weiter stark an; auf Platz 1 unter den Bestsellern geh\u00f6rte 2017 der Kauf von FairTrade-Kaffee-Produkten (Quelle: TransFair e. V.). Dieser ist inzwischen auch bereits auf Bahnreisen erh\u00e4ltlich. Bereits seit September 2011 ist Aachen \u201eFairTrade-Stadt\u201c.<\/p>\n<p>Seit dem 21. September 2019 ist das AFG anerkannte FairTrade-School. Die Schule hat das Zertifizierungsverfahren erfolgreich durchlaufen und z\u00e4hlt nun zu den wenigen Schulen in der Region, die die Auszeichnung erhalten haben. Seitdem wurde die Schule immer wieder rezertifiziert.<\/p>\n<p><strong>Was wir bereits durchf\u00fchren:<\/strong><\/p>\n<ul>\n<li>W\u00f6chentlicher Verkaufsstand dienstags in der Mittagspause von 10:30 &#8211; 11 Uhr<\/li>\n<li>Verkaufsst\u00e4nde bei offiziellen Schulterminen und -veranstaltungen, z. B. Elternsprechtag, Tag der offenen T\u00fcr, Nikolaus-Party, Weihnachtskonzert, Abend der Naturwissenschaften, Schulfest<\/li>\n<li>Regelm\u00e4\u00dfige Treffen der Fairtrade-AG zur Vorbereitung von Aktionen mit Sch\u00fcler-, Eltern- und Lehrervertretern<\/li>\n<li>Aufnahme von FairTrade-Themen in hausinterne Lehrpl\u00e4ne, bisher Politik \/ Sozialwissenschaften, katholische Religion<\/li>\n<li>Verkauf von FairTrade-Produkten in der Schulmensa<\/li>\n<li>Verkauf von FairTrade-Rosen am Valentinstag<\/li>\n<\/ul>\n<p>&nbsp;<\/p>\n<p><strong>In Planung sind:<\/strong><\/p>\n<ul>\n<li>Aufnahme von FairTrade-Themen in hausinterne Lehrpl\u00e4ne (PPL, Erdkunde)<\/li>\n<\/ul>\n<p>&nbsp;<\/p>\n<p><strong>Wie kann man mitmachen?<\/strong><\/p>\n<p>Die Treffen der FairTrade-AG finden in einem Abstand von circa sechs Wochen statt. Wer Interesse hat mitzumachen, kann jederzeit teilnehmen. Interessierte Sch\u00fclerinnen und Sch\u00fcler, Eltern und Lehrkr\u00e4fte sind herzlich eingeladen. Informationen zu den jeweils anstehenden Terminen geben:<\/p>\n<p>&nbsp;<\/p>\n<p>M. Br\u00f6gelmann, A. Zucketto-Debour<\/p>\n<p>&nbsp;<\/p>\n<p><img decoding=\"async\" class=\"aligncenter\" src=\"https:\/\/www.anne-frank-gymnasium.de\/wp-content\/uploads\/2017\/12\/klkjgh.png\" alt=\"\" \/><\/p>\n<p>&nbsp;<\/p>\n<p>Weitere Informationen:<\/p>\n<ul>\n<li>Unsere <a href=\"https:\/\/www.anne-frank-gymnasium.de\/?cat=79\">Beitr\u00e4ge zum Fairtrade-Projekt<\/a><\/li>\n<li><span style=\"color: #3333ff;\"><a class=\"m_-3575643116960019961moz-txt-link-freetext\" href=\"https:\/\/www.fairtrade-schools.de\" target=\"_blank\" rel=\"noopener noreferrer\" data-saferedirecturl=\"https:\/\/www.google.com\/url?q=https:\/\/www.fairtrade-schools.de&amp;source=gmail&amp;ust=1543307707844000&amp;usg=AFQjCNErexgPooalOEhDT9vjfpMQidmozw\">https:\/\/www.fairtrade-schools.<wbr \/>de<\/a><\/span><\/li>\n<\/ul>\n","protected":false},"excerpt":{"rendered":"<p>Das Anne-Frank-Gymnasium ist \u201eFairTrade-School&#8220;<\/p>\n<p>Wir am AFG f\u00fchlen uns verpflichtet, zur Verbesserung der Arbeitsbedingungen von Kleinbauern und Erntehelfern in den Ursprungsl\u00e4ndern der Rohstoffe vieler unserer Produkte sowie deren Familien beizutragen. Der Verkauf von FairTrade-Produkten in deutschen Superm\u00e4rkten steigt weiter stark an; auf Platz 1 unter den Bestsellern geh\u00f6rte 2017 der Kauf von FairTrade-Kaffee-Produkten (Quelle: TransFair &hellip; <\/p>\n<p><a class=\"more-link btn\" href=\"https:\/\/www.anne-frank-gymnasium.de\/?page_id=9501\">Weiterlesen<\/a><\/p>\n","protected":false},"author":12,"featured_media":0,"parent":9301,"menu_order":2,"comment_status":"closed","ping_status":"closed","template":"","meta":{"footnotes":""},"class_list":["post-9501","page","type-page","status-publish","hentry","nodate","item-wrap"],"_links":{"self":[{"href":"https:\/\/www.anne-frank-gymnasium.de\/index.php?rest_route=\/wp\/v2\/pages\/9501","targetHints":{"allow":["GET"]}}],"collection":[{"href":"https:\/\/www.anne-frank-gymnasium.de\/index.php?rest_route=\/wp\/v2\/pages"}],"about":[{"href":"https:\/\/www.anne-frank-gymnasium.de\/index.php?rest_route=\/wp\/v2\/types\/page"}],"author":[{"embeddable":true,"href":"https:\/\/www.anne-frank-gymnasium.de\/index.php?rest_route=\/wp\/v2\/users\/12"}],"replies":[{"embeddable":true,"href":"https:\/\/www.anne-frank-gymnasium.de\/index.php?rest_route=%2Fwp%2Fv2%2Fcomments&post=9501"}],"version-history":[{"count":18,"href":"https:\/\/www.anne-frank-gymnasium.de\/index.php?rest_route=\/wp\/v2\/pages\/9501\/revisions"}],"predecessor-version":[{"id":19292,"href":"https:\/\/www.anne-frank-gymnasium.de\/index.php?rest_route=\/wp\/v2\/pages\/9501\/revisions\/19292"}],"up":[{"embeddable":true,"href":"https:\/\/www.anne-frank-gymnasium.de\/index.php?rest_route=\/wp\/v2\/pages\/9301"}],"wp:attachment":[{"href":"https:\/\/www.anne-frank-gymnasium.de\/index.php?rest_route=%2Fwp%2Fv2%2Fmedia&parent=9501"}],"curies":[{"name":"wp","href":"https:\/\/api.w.org\/{rel}","templated":true}]}}

<p><strong><img loading="lazy" decoding="async" class=" wp-image-10550 alignright" src="https://www.anne-frank-gymnasium.de/wp-content/uploads/2019/10/fairtrade.jpg" alt="" width="285" height="157" srcset="https://www.anne-frank-gymnasium.de/wp-content/uploads/2019/10/fairtrade.jpg 552w, https://www.anne-frank-gymnasium.de/wp-content/uploads/2019/10/fairtrade-300x165.jpg 300w" sizes="auto, (max-width: 285px) 100vw, 285px" /></strong><strong>Das Anne-Frank-Gymnasium ist </strong><strong>„FairTrade-School&#8220;</strong></p>
<p>Wir am AFG fühlen uns verpflichtet, zur Verbesserung der Arbeitsbedingungen von Kleinbauern und Erntehelfern in den Ursprungsländern der Rohstoffe vieler unserer Produkte sowie deren Familien beizutragen. Der Verkauf von FairTrade-Produkten in deutschen Supermärkten steigt weiter stark an; auf Platz 1 unter den Bestsellern gehörte 2017 der Kauf von FairTrade-Kaffee-Produkten (Quelle: TransFair e. V.). Dieser ist inzwischen auch bereits auf Bahnreisen erhältlich. Bereits seit September 2011 ist Aachen „FairTrade-Stadt“.</p>
<p>Seit dem 21. September 2019 ist das AFG anerkannte FairTrade-School. Die Schule hat das Zertifizierungsverfahren erfolgreich durchlaufen und zählt nun zu den wenigen Schulen in der Region, die die Auszeichnung erhalten haben. Seitdem wurde die Schule immer wieder rezertifiziert.</p>
<p><strong>Was wir bereits durchführen:</strong></p>
<ul>
<li>Wöchentlicher Verkaufsstand dienstags in der Mittagspause von 10:30 &#8211; 11 Uhr</li>
<li>Verkaufsstände bei offiziellen Schulterminen und -veranstaltungen, z. B. Elternsprechtag, Tag der offenen Tür, Nikolaus-Party, Weihnachtskonzert, Abend der Naturwissenschaften, Schulfest</li>
<li>Regelmäßige Treffen der Fairtrade-AG zur Vorbereitung von Aktionen mit Schüler-, Eltern- und Lehrervertretern</li>
<li>Aufnahme von FairTrade-Themen in hausinterne Lehrpläne, bisher Politik / Sozialwissenschaften, katholische Religion</li>
<li>Verkauf von FairTrade-Produkten in der Schulmensa</li>
<li>Verkauf von FairTrade-Rosen am Valentinstag</li>
</ul>
<p>&nbsp;</p>
<p><strong>In Planung sind:</strong></p>
<ul>
<li>Aufnahme von FairTrade-Themen in hausinterne Lehrpläne (PPL, Erdkunde)</li>
</ul>
<p>&nbsp;</p>
<p><strong>Wie kann man mitmachen?</strong></p>
<p>Die Treffen der FairTrade-AG finden in einem Abstand von circa sechs Wochen statt. Wer Interesse hat mitzumachen, kann jederzeit teilnehmen. Interessierte Schülerinnen und Schüler, Eltern und Lehrkräfte sind herzlich eingeladen. Informationen zu den jeweils anstehenden Terminen geben:</p>
<p>&nbsp;</p>
<p>M. Brögelmann, A. Zucketto-Debour</p>
<p>&nbsp;</p>
<p><img decoding="async" class="aligncenter" src="https://www.anne-frank-gymnasium.de/wp-content/uploads/2017/12/klkjgh.png" alt="" /></p>
<p>&nbsp;</p>
<p>Weitere Informationen:</p>
<ul>
<li>Unsere <a href="https://www.anne-frank-gymnasium.de/?cat=79">Beiträge zum Fairtrade-Projekt</a></li>
<li><span style="color: #3333ff;"><a class="m_-3575643116960019961moz-txt-link-freetext" href="https://www.fairtrade-schools.de" target="_blank" rel="noopener noreferrer" data-saferedirecturl="https://www.google.com/url?q=https://www.fairtrade-schools.de&amp;source=gmail&amp;ust=1543307707844000&amp;usg=AFQjCNErexgPooalOEhDT9vjfpMQidmozw">https://www.fairtrade-schools.<wbr />de</a></span></li>
</ul>

<p>Das Anne-Frank-Gymnasium ist „FairTrade-School&#8220;</p>
<p>Wir am AFG fühlen uns verpflichtet, zur Verbesserung der Arbeitsbedingungen von Kleinbauern und Erntehelfern in den Ursprungsländern der Rohstoffe vieler unserer Produkte sowie deren Familien beizutragen. Der Verkauf von FairTrade-Produkten in deutschen Supermärkten steigt weiter stark an; auf Platz 1 unter den Bestsellern gehörte 2017 der Kauf von FairTrade-Kaffee-Produkten (Quelle: TransFair &hellip; </p>
<p><a class="more-link btn" href="https://www.anne-frank-gymnasium.de/?page_id=9501">Weiterlesen</a></p>
