{"id":9088,"date":"2018-11-01T19:52:59","date_gmt":"2018-11-01T18:52:59","guid":{"rendered":"https:\/\/www.anne-frank-gymnasium.de\/?page_id=9088"},"modified":"2018-11-03T19:38:40","modified_gmt":"2018-11-03T18:38:40","slug":"stundenplanraster","status":"publish","type":"page","link":"https:\/\/www.anne-frank-gymnasium.de\/?page_id=9088","title":{"rendered":"Stundenplanraster"},"content":{"rendered":"<p>Die untere Auflistung zeigt unser Stundenraster mit Unterrichts- und Pausenzeiten, das f\u00fcr alle Klassen und Jahrgangsstufen gilt.<\/p>\n<p>&nbsp;<\/p>\n<table style=\"border-collapse: collapse; width: 47.1756%; height: 468px;\" border=\"1\">\n<tbody>\n<tr style=\"background-color: #dcdcdc;\">\n<td style=\"width: 27.0667%; text-align: center; height: 39px;\"><\/td>\n<td style=\"width: 20.1129%; text-align: center; height: 39px;\">Uhrzeit<\/td>\n<\/tr>\n<tr style=\"height: 39px;\">\n<td style=\"width: 27.0667%; text-align: center; height: 39px;\">1. UE<\/td>\n<td style=\"width: 20.1129%; text-align: center; height: 39px;\">8.05 &#8211; 9.13<\/td>\n<\/tr>\n<tr style=\"height: 39px;\">\n<td style=\"width: 27.0667%; text-align: center; height: 39px;\"><span style=\"font-size: 10pt;\">Wechselpause (10 Min.)<\/span><\/td>\n<td style=\"width: 20.1129%; text-align: center; height: 39px;\"><\/td>\n<\/tr>\n<tr style=\"height: 39px;\">\n<td style=\"width: 27.0667%; text-align: center; height: 39px;\">2. UE<\/td>\n<td style=\"width: 20.1129%; text-align: center; height: 39px;\">9.23 &#8211; 10.30<\/td>\n<\/tr>\n<tr style=\"height: 39px;\">\n<td style=\"width: 27.0667%; text-align: center; height: 39px;\"><span style=\"font-size: 10pt;\">Gro\u00dfe Pause (30 Min.)<\/span><\/td>\n<td style=\"width: 20.1129%; text-align: center; height: 39px;\"><\/td>\n<\/tr>\n<tr style=\"height: 39px;\">\n<td style=\"width: 27.0667%; text-align: center; height: 39px;\">3. UE<\/td>\n<td style=\"width: 20.1129%; text-align: center; height: 39px;\">11.00 &#8211; 12.08<\/td>\n<\/tr>\n<tr style=\"height: 39px;\">\n<td style=\"width: 27.0667%; text-align: center; height: 39px;\"><span style=\"font-size: 10pt;\">Wechselpause (5 Min.)<\/span><\/td>\n<td style=\"width: 20.1129%; text-align: center; height: 39px;\"><\/td>\n<\/tr>\n<tr style=\"height: 39px;\">\n<td style=\"width: 27.0667%; text-align: center; height: 39px;\">4. UE<\/td>\n<td style=\"width: 20.1129%; text-align: center; height: 39px;\">12.13 &#8211; 13.20<\/td>\n<\/tr>\n<tr style=\"height: 39px;\">\n<td style=\"width: 27.0667%; text-align: center; height: 39px;\"><span style=\"font-size: 10pt;\">Mittagspause (50 Min.)<\/span><\/td>\n<td style=\"width: 20.1129%; text-align: center; height: 39px;\"><\/td>\n<\/tr>\n<tr style=\"height: 39px;\">\n<td style=\"width: 27.0667%; text-align: center; height: 39px;\">5. UE<\/td>\n<td style=\"width: 20.1129%; text-align: center; height: 39px;\">14.10 &#8211; 15.17<\/td>\n<\/tr>\n<tr style=\"height: 39px;\">\n<td style=\"width: 27.0667%; text-align: center; height: 39px;\"><span style=\"font-size: 10pt;\">Wechselpause (8 Min.)<\/span><\/td>\n<td style=\"width: 20.1129%; text-align: center; height: 39px;\"><\/td>\n<\/tr>\n<tr style=\"height: 39px;\">\n<td style=\"width: 27.0667%; text-align: center; height: 39px;\">6.UE<\/td>\n<td style=\"width: 20.1129%; text-align: center; height: 39px;\">15.25 &#8211; 16.33<\/td>\n<\/tr>\n<\/tbody>\n<\/table>\n<p>&nbsp;<\/p>\n<p><strong>67,5 Minuten &#8211; Warum diese krumme Zahl?<\/strong><\/p>\n<p>Die Schulgemeinschaft hat sich gemeinsam aus verschiedenen Gr\u00fcnden f\u00fcr eine Abkehr von den konventionellen 45-Minuten-Einheiten entschieden. Wie erwartet, haben wir dadurch tats\u00e4chlich eine Entschleunigung des Vormittags, mehr Zeit f\u00fcr aufw\u00e4ndigere Projekte, Sport und Versuche sowie deutlich leichtere Rucks\u00e4cke der Sch\u00fclerinnen und Sch\u00fcler erreicht. Nachdem wir mehrere Jahre zufrieden nach einem 70-Minuten-Modell unterrichtet haben, haben wir die Unterrichtseinheiten geringf\u00fcgig auf 67,5 Minuten ge\u00e4ndert. Weil diese Zahl dem 1,5-fachen einer \u00fcblichen 45 Minuten-Einheit entspricht, l\u00e4sst sich damit viel besser kalkulieren. Schwierigkeiten mit dem Stundenraster haben wir nicht mehr. Und in der Praxis runden wir die Stunden abwechselnd auf ganze Minuten auf oder ab.<\/p>\n<p>&nbsp;<\/p>\n<p>Um Ihnen das Stundenraster zu veranschaulichen, k\u00f6nnen Sie dem beigef\u00fcgten Link einen Beispielstundenplan einer 5. Klasse entnehmen.<\/p>\n<p><a href=\"https:\/\/www.anne-frank-gymnasium.de\/?page_id=6199\">Beispielstundenplan Klasse 5<\/a><\/p>\n<p>&nbsp;<\/p>\n<p>&nbsp;<\/p>\n","protected":false},"excerpt":{"rendered":"<p>Die untere Auflistung zeigt unser Stundenraster mit Unterrichts- und Pausenzeiten, das f\u00fcr alle Klassen und Jahrgangsstufen gilt.<\/p>\n<p>&nbsp;<\/p>\n<p> Uhrzeit 1. UE 8.05 &#8211; 9.13 Wechselpause (10 Min.) 2. UE 9.23 &#8211; 10.30 Gro\u00dfe Pause (30 Min.) 3. UE 11.00 &#8211; 12.08 Wechselpause (5 Min.) 4. UE 12.13 &#8211; 13.20 Mittagspause (50 Min.) 5. UE 14.10 &hellip; <\/p>\n<p><a class=\"more-link btn\" href=\"https:\/\/www.anne-frank-gymnasium.de\/?page_id=9088\">Weiterlesen<\/a><\/p>\n","protected":false},"author":12,"featured_media":0,"parent":4673,"menu_order":3,"comment_status":"closed","ping_status":"closed","template":"","meta":{"footnotes":""},"class_list":["post-9088","page","type-page","status-publish","hentry","nodate","item-wrap"],"_links":{"self":[{"href":"https:\/\/www.anne-frank-gymnasium.de\/index.php?rest_route=\/wp\/v2\/pages\/9088","targetHints":{"allow":["GET"]}}],"collection":[{"href":"https:\/\/www.anne-frank-gymnasium.de\/index.php?rest_route=\/wp\/v2\/pages"}],"about":[{"href":"https:\/\/www.anne-frank-gymnasium.de\/index.php?rest_route=\/wp\/v2\/types\/page"}],"author":[{"embeddable":true,"href":"https:\/\/www.anne-frank-gymnasium.de\/index.php?rest_route=\/wp\/v2\/users\/12"}],"replies":[{"embeddable":true,"href":"https:\/\/www.anne-frank-gymnasium.de\/index.php?rest_route=%2Fwp%2Fv2%2Fcomments&post=9088"}],"version-history":[{"count":9,"href":"https:\/\/www.anne-frank-gymnasium.de\/index.php?rest_route=\/wp\/v2\/pages\/9088\/revisions"}],"predecessor-version":[{"id":9188,"href":"https:\/\/www.anne-frank-gymnasium.de\/index.php?rest_route=\/wp\/v2\/pages\/9088\/revisions\/9188"}],"up":[{"embeddable":true,"href":"https:\/\/www.anne-frank-gymnasium.de\/index.php?rest_route=\/wp\/v2\/pages\/4673"}],"wp:attachment":[{"href":"https:\/\/www.anne-frank-gymnasium.de\/index.php?rest_route=%2Fwp%2Fv2%2Fmedia&parent=9088"}],"curies":[{"name":"wp","href":"https:\/\/api.w.org\/{rel}","templated":true}]}}