{"id":8968,"date":"2018-10-26T20:26:42","date_gmt":"2018-10-26T18:26:42","guid":{"rendered":"https:\/\/www.anne-frank-gymnasium.de\/?page_id=8968"},"modified":"2026-02-20T13:43:38","modified_gmt":"2026-02-20T12:43:38","slug":"allgemeines-zum-fach-deutsch","status":"publish","type":"page","link":"https:\/\/www.anne-frank-gymnasium.de\/?page_id=8968","title":{"rendered":"Deutsch am AFG"},"content":{"rendered":"<p><strong><img loading=\"lazy\" decoding=\"async\" class=\" wp-image-8969 aligncenter\" src=\"https:\/\/www.anne-frank-gymnasium.de\/wp-content\/uploads\/2018\/10\/Deutsch.jpg\" alt=\"\" width=\"737\" height=\"231\" srcset=\"https:\/\/www.anne-frank-gymnasium.de\/wp-content\/uploads\/2018\/10\/Deutsch.jpg 454w, https:\/\/www.anne-frank-gymnasium.de\/wp-content\/uploads\/2018\/10\/Deutsch-300x94.jpg 300w\" sizes=\"auto, (max-width: 737px) 100vw, 737px\" \/><\/strong><\/p>\n<p style=\"text-align: center;\">&#8222;Die Gren\u00adzen meiner Sprache bedeuten die Grenzen meiner Welt.&#8220;<\/p>\n<p style=\"text-align: right;\"><em>\u00a0 \u00a0 \u00a0 \u00a0 \u00a0 \u00a0 \u00a0 \u00a0 \u00a0 \u00a0 \u00a0 \u00a0 \u00a0 \u00a0 \u00a0 \u00a0 \u00a0 \u00a0 \u00a0 \u00a0 \u00a0 \u00a0 \u00a0 \u00a0 \u00a0 \u00a0 \u00a0 \u00a0 \u00a0 \u00a0 \u00a0 \u00a0 \u00a0 \u00a0 \u00a0 \u00a0 \u00a0 \u00a0 \u00a0 \u00a0 \u00a0 \u00a0 \u00a0 \u00a0 \u00a0 \u00a0 \u00a0 \u00a0 \u00a0 \u00a0 \u00a0 \u00a0 \u00a0 \u00a0 \u00a0 \u00a0 \u00a0 \u00a0 \u00a0 \u00a0 \u00a0 \u00a0 \u00a0 \u00a0 \u00a0 \u00a0 \u00a0 \u00a0 \u00a0 \u00a0 \u00a0 \u00a0 \u00a0 \u00a0 \u00a0 \u00a0 \u00a0 \u00a0 \u00a0 \u00a0 \u00a0 \u00a0 \u00a0 \u00a0 \u00a0 \u00a0 \u00a0 \u00a0 \u00a0 \u00a0 \u00a0 \u00a0 \u00a0 \u00a0Ludwig Wittgenstein<\/em><\/p>\n<p style=\"text-align: left;\"><strong><br \/>\nDeutschunterricht am AFG<br \/>\n<\/strong><\/p>\n<p>\u00adDas Fach Deutsch wird am Anne-Frank-Gymnasium durchg\u00e4ngig in der <a href=\"https:\/\/www.anne-frank-gymnasium.de\/?page_id=4640\">Erprobungsstufe<\/a> (Klassen 5\/6), in der <a href=\"https:\/\/www.anne-frank-gymnasium.de\/?page_id=1987\">Mittelstufe<\/a> (Klasse 7-10) und in der <a href=\"https:\/\/www.anne-frank-gymnasium.de\/?page_id=118\">Oberstufe<\/a> (EF, Q1 und Q2) unterrichtet. In der Oberstufe kann Deutsch als Grund- oder als Leistungskurs gew\u00e4hlt werden.<\/p>\n<p><strong><br \/>\nAllgemeine Informationen zum Fach und seinen Zielen<br \/>\n<\/strong><\/p>\n<p>Sprache und Literatur sind die spezifischen Unterrichtsgegenst\u00e4nde des Faches Deutsch. Neben der Vermittlung grundlegender sprachlich-kommunikativer F\u00e4higkeiten und Fertigkeiten steht die Entwicklung der Pers\u00f6nlichkeit des jungen Menschen im Vordergrund. So dient die Besch\u00e4ftigung mit klassischer und moderner Literatur der Selbstfindung und zeigt auf, dass wir Kultur mitgestalten und unserer literarischen Tradition verpflichtet sind. Sprache f\u00f6rdert Dialog und Verst\u00e4ndigung und tr\u00e4gt dazu bei, dass wir uns in der \u00d6ffentlichkeit sicher bewegen k\u00f6nnen.<\/p>\n<p>Die <a href=\"https:\/\/www.anne-frank-gymnasium.de\/?page_id=110\">Bibliothek<\/a> des Schulzentrums ist eine zentrale Anlaufstelle der Lesef\u00f6rderung. W\u00e4hrend die Sch\u00fclerinnen und Sch\u00fcler der Unter- und Mittelstufe ihre Pausen hier h\u00e4ufig verbringen, arbeiten die Oberstufensch\u00fclerinnen und -sch\u00fcler im neu ausgestatteten <a href=\"https:\/\/www.anne-frank-gymnasium.de\/?page_id=106\">Selbstlernzentrum<\/a>, in dem ihnen neben Printmedien auch Computer zur Recherche zur Verf\u00fcgung stehen.<\/p>\n<p><strong><br \/>\nF\u00f6rderung bei Lese-Rechtschreib-Schw\u00e4che (LRS)<\/strong><\/p>\n<p>Zu Beginn der 5. Klasse wird die Lernausgangslage aller Sch\u00fclerinnen und Sch\u00fclern festgestellt. In diese Diagnose flie\u00dfen Tests, Aufs\u00e4tze, Diktate, m\u00f6glicherweise vorliegende Gutachten der Grundschule und Gespr\u00e4che mit Eltern ein. Bei der Diagnostik wird das AFG durch das LRS-Zentrum unterst\u00fctzt, mit dem seit 2020 eine <a href=\"https:\/\/www.anne-frank-gymnasium.de\/?page_id=10372\">Kooperation<\/a> besteht. Bei Bedarf werden die Sch\u00fclerinnen und Sch\u00fcler in kleinen Gruppen gef\u00f6rdert. <a href=\"https:\/\/www.anne-frank-gymnasium.de\/?page_id=5212\">Rechtschreib-F\u00f6rderkurse<\/a> werden in der Regel f\u00fcr die 5. und 6. Klassen angeboten.<br \/>\n<strong>\u00a0<\/strong><\/p>\n<p><strong>Deutsch als Zweitsprache (DaZ)<\/strong><\/p>\n<p>Seit dem Schuljahr 2014\/15 findet F\u00f6rderunterricht im Fach Deutsch als Zweitsprache f\u00fcr neuzugewanderte Sch\u00fclerinnen und Sch\u00fcler statt, die geringe oder keine Deutschkenntnisse haben. Da die Gruppen in der <a href=\"https:\/\/www.anne-frank-gymnasium.de\/?page_id=8929\">Internationalen F\u00f6rderklasse<\/a> relativ klein sind, k\u00f6nnen die Lehrenden auf individuelle Schwierigkeiten eingehen und das Sprechen und Schreiben intensiv \u00fcben.<\/p>\n<p><strong><br \/>\nVorlesewettbewerb<\/strong><\/p>\n<p>Allj\u00e4hrlich findet der Vorlesewettbewerb der 6. Klassen statt. Die Sch\u00fclerinnen und Sch\u00fcler lesen aus bekannten und unbekannten Texten vor, um zun\u00e4chst auf Klassen- und dann auf Schulebene den besten Leser oder die beste Leserin zu ermitteln. Lesen Sie hierzu auch in unseren <a href=\"https:\/\/www.anne-frank-gymnasium.de\/?cat=44\">Beitr\u00e4gen zum Fach Deutsch<\/a>.<\/p>\n<p>&nbsp;<\/p>\n<p><strong>Jugend debattiert<br \/>\n<\/strong><\/p>\n<p>Der bundesweite Wettbewerb <a href=\"https:\/\/www.anne-frank-gymnasium.de\/?page_id=8697\">Jugend debattiert <\/a>ist am Anne-Frank-Gymnasium curricular verankert und wird im Unterricht vorbereitet und einge\u00fcbt. Sch\u00fclerinnen und Sch\u00fcler aus der Mittel- und Oberstufe nehmen zun\u00e4chst an einem schulinternen Wettbewerb teil, die Siegerinnen und Sieger vertreten unsere Schule dann auf den n\u00e4chsten Ebenen. In der Vergangenheit wurde eine AFG-Sch\u00fclerin sogar Bundessiegerin. In unseren <a href=\"https:\/\/www.anne-frank-gymnasium.de\/?cat=44\">Beitr\u00e4gen zum Fach Deutsch<\/a> wird \u00fcber vergangene Wettbewerbe regelm\u00e4\u00dfig berichtet.<\/p>\n<p><strong><br \/>\nSekundarstufe I<\/strong><\/p>\n<p><strong>\u00ad\u00ad\u00ad\u00ad\u00ad\u00ad\u00ad\u00ad\u00ad<\/strong>F\u00fcr die Jahrgangsstufen 5 \u201310 gibt es ein hausinternes Curriculum, das sich an den offiziellen Kernlehrpl\u00e4nen orientiert.<\/p>\n<p>In der 2. H\u00e4lfte der 8. Klasse werden die landesweiten <strong>Vergleichsarbeiten (VERA-8) <\/strong>durchgef\u00fchrt. Am Ende der 10. Klasse finden <strong>Zentrale Pr\u00fcfungen<\/strong> in den F\u00e4chern Deutsch, Englisch und Mathematik statt. Sie ersetzen die 2. Klausur in 10\/2.<\/p>\n<p><strong><br \/>\nSekundarstufe II <\/strong><\/p>\n<p>F\u00fcr die Sekundarstufe II und die Qualifikationsphase f\u00fcr das Abitur (Q1 + Q2) gibt es ebenfalls ein hausinternes Curriculum, das seine konkrete stoffliche Ausf\u00fcllung im Besonderen durch die Vorgaben des Ministeriums f\u00fcr Schule und Bildung im Hinblick auf das zu absolvierende <strong>Zentralabitur<\/strong> findet und sich daher alle zwei Jahre ver\u00e4ndert.<\/p>\n<p>In der Qualifikationsphase findet der Unterricht sowohl in Grund- (= 2 Unterrichtseinheiten) als auch in Leistungskursen (= 3 Unterrichtseinheiten) statt.<\/p>\n<p>In der Stufe Q1 (2. Halbjahr) besteht die M\u00f6glichkeit, die <strong>Facharbeit (<\/strong>statt einer Klausur) u. a. im Fach Deutsch zu schreiben.<\/p>\n<p><strong><br \/>\nLehrwerk<\/strong><\/p>\n<p>Als Lehrwerk f\u00fcr die Klassen 5-10 wird derzeit <strong><em>Deutsch kompetent <\/em><\/strong>(Klett-Verlag) verwendet. Das Lese- und Sprachbuch verbindet literarische und grammatische Aspekte und ber\u00fccksichtigt die Anforderungen der Lernstandserhebungen in der Jahrgangsstufe 8 und die Zentralen Pr\u00fcfungen am Ende der Einf\u00fchrungsphase. Das Schulbuch wird von der Schule gestellt (in den iPad-Klassen als digitale Version), in den Klassen 5 und 6 wird von den Eltern ein Arbeitsheft angeschafft.<\/p>\n<p>In der Oberstufe wir das Lehrwerk <em>Deutsch kompetent<\/em> ebenfalls verwendet, da es eine Kontinuit\u00e4t in der Arbeitsweise darstellt. Dar\u00fcber hinaus werden in der Oberstufe \u00fcberwiegend Ganzschriften gelesen, die in der Q-Phase den jeweils aktuellen Abiturvorgaben entsprechen.<\/p>\n<p><strong><br \/>\nWeitere Informationen:<\/strong><\/p>\n<ul>\n<li><a href=\"https:\/\/www.anne-frank-gymnasium.de\/?cat=44\">Beitr\u00e4ge zum Fach Deutsch<\/a><\/li>\n<\/ul>\n<p><strong>\u00a0<\/strong><\/p>\n<p><strong>\u00a0<\/strong><\/p>\n<p>&nbsp;<\/p>\n","protected":false},"excerpt":{"rendered":"<\/p>\n<p style=\"text-align: center;\">&#8222;Die Gren\u00adzen meiner Sprache bedeuten die Grenzen meiner Welt.&#8220;<\/p>\n<p style=\"text-align: right;\">\u00a0 \u00a0 \u00a0 \u00a0 \u00a0 \u00a0 \u00a0 \u00a0 \u00a0 \u00a0 \u00a0 \u00a0 \u00a0 \u00a0 \u00a0 \u00a0 \u00a0 \u00a0 \u00a0 \u00a0 \u00a0 \u00a0 \u00a0 \u00a0 \u00a0 \u00a0 \u00a0 \u00a0 \u00a0 \u00a0 \u00a0 \u00a0 \u00a0 \u00a0 \u00a0 \u00a0 \u00a0 \u00a0 \u00a0 \u00a0 \u00a0 &hellip; <\/p>\n<p><a class=\"more-link btn\" href=\"https:\/\/www.anne-frank-gymnasium.de\/?page_id=8968\">Weiterlesen<\/a><\/p>\n","protected":false},"author":12,"featured_media":0,"parent":8337,"menu_order":0,"comment_status":"closed","ping_status":"closed","template":"","meta":{"footnotes":""},"class_list":["post-8968","page","type-page","status-publish","hentry","nodate","item-wrap"],"_links":{"self":[{"href":"https:\/\/www.anne-frank-gymnasium.de\/index.php?rest_route=\/wp\/v2\/pages\/8968","targetHints":{"allow":["GET"]}}],"collection":[{"href":"https:\/\/www.anne-frank-gymnasium.de\/index.php?rest_route=\/wp\/v2\/pages"}],"about":[{"href":"https:\/\/www.anne-frank-gymnasium.de\/index.php?rest_route=\/wp\/v2\/types\/page"}],"author":[{"embeddable":true,"href":"https:\/\/www.anne-frank-gymnasium.de\/index.php?rest_route=\/wp\/v2\/users\/12"}],"replies":[{"embeddable":true,"href":"https:\/\/www.anne-frank-gymnasium.de\/index.php?rest_route=%2Fwp%2Fv2%2Fcomments&post=8968"}],"version-history":[{"count":23,"href":"https:\/\/www.anne-frank-gymnasium.de\/index.php?rest_route=\/wp\/v2\/pages\/8968\/revisions"}],"predecessor-version":[{"id":19433,"href":"https:\/\/www.anne-frank-gymnasium.de\/index.php?rest_route=\/wp\/v2\/pages\/8968\/revisions\/19433"}],"up":[{"embeddable":true,"href":"https:\/\/www.anne-frank-gymnasium.de\/index.php?rest_route=\/wp\/v2\/pages\/8337"}],"wp:attachment":[{"href":"https:\/\/www.anne-frank-gymnasium.de\/index.php?rest_route=%2Fwp%2Fv2%2Fmedia&parent=8968"}],"curies":[{"name":"wp","href":"https:\/\/api.w.org\/{rel}","templated":true}]}}

<p><strong><img loading="lazy" decoding="async" class=" wp-image-8969 aligncenter" src="https://www.anne-frank-gymnasium.de/wp-content/uploads/2018/10/Deutsch.jpg" alt="" width="737" height="231" srcset="https://www.anne-frank-gymnasium.de/wp-content/uploads/2018/10/Deutsch.jpg 454w, https://www.anne-frank-gymnasium.de/wp-content/uploads/2018/10/Deutsch-300x94.jpg 300w" sizes="auto, (max-width: 737px) 100vw, 737px" /></strong></p>
<p style="text-align: center;">&#8222;Die Gren­zen meiner Sprache bedeuten die Grenzen meiner Welt.&#8220;</p>
<p style="text-align: right;"><em>                                                                                                                                                                                           Ludwig Wittgenstein</em></p>
<p style="text-align: left;"><strong><br />
Deutschunterricht am AFG<br />
</strong></p>
<p>­Das Fach Deutsch wird am Anne-Frank-Gymnasium durchgängig in der <a href="https://www.anne-frank-gymnasium.de/?page_id=4640">Erprobungsstufe</a> (Klassen 5/6), in der <a href="https://www.anne-frank-gymnasium.de/?page_id=1987">Mittelstufe</a> (Klasse 7-10) und in der <a href="https://www.anne-frank-gymnasium.de/?page_id=118">Oberstufe</a> (EF, Q1 und Q2) unterrichtet. In der Oberstufe kann Deutsch als Grund- oder als Leistungskurs gewählt werden.</p>
<p><strong><br />
Allgemeine Informationen zum Fach und seinen Zielen<br />
</strong></p>
<p>Sprache und Literatur sind die spezifischen Unterrichtsgegenstände des Faches Deutsch. Neben der Vermittlung grundlegender sprachlich-kommunikativer Fähigkeiten und Fertigkeiten steht die Entwicklung der Persönlichkeit des jungen Menschen im Vordergrund. So dient die Beschäftigung mit klassischer und moderner Literatur der Selbstfindung und zeigt auf, dass wir Kultur mitgestalten und unserer literarischen Tradition verpflichtet sind. Sprache fördert Dialog und Verständigung und trägt dazu bei, dass wir uns in der Öffentlichkeit sicher bewegen können.</p>
<p>Die <a href="https://www.anne-frank-gymnasium.de/?page_id=110">Bibliothek</a> des Schulzentrums ist eine zentrale Anlaufstelle der Leseförderung. Während die Schülerinnen und Schüler der Unter- und Mittelstufe ihre Pausen hier häufig verbringen, arbeiten die Oberstufenschülerinnen und -schüler im neu ausgestatteten <a href="https://www.anne-frank-gymnasium.de/?page_id=106">Selbstlernzentrum</a>, in dem ihnen neben Printmedien auch Computer zur Recherche zur Verfügung stehen.</p>
<p><strong><br />
Förderung bei Lese-Rechtschreib-Schwäche (LRS)</strong></p>
<p>Zu Beginn der 5. Klasse wird die Lernausgangslage aller Schülerinnen und Schülern festgestellt. In diese Diagnose fließen Tests, Aufsätze, Diktate, möglicherweise vorliegende Gutachten der Grundschule und Gespräche mit Eltern ein. Bei der Diagnostik wird das AFG durch das LRS-Zentrum unterstützt, mit dem seit 2020 eine <a href="https://www.anne-frank-gymnasium.de/?page_id=10372">Kooperation</a> besteht. Bei Bedarf werden die Schülerinnen und Schüler in kleinen Gruppen gefördert. <a href="https://www.anne-frank-gymnasium.de/?page_id=5212">Rechtschreib-Förderkurse</a> werden in der Regel für die 5. und 6. Klassen angeboten.<br />
<strong> </strong></p>
<p><strong>Deutsch als Zweitsprache (DaZ)</strong></p>
<p>Seit dem Schuljahr 2014/15 findet Förderunterricht im Fach Deutsch als Zweitsprache für neuzugewanderte Schülerinnen und Schüler statt, die geringe oder keine Deutschkenntnisse haben. Da die Gruppen in der <a href="https://www.anne-frank-gymnasium.de/?page_id=8929">Internationalen Förderklasse</a> relativ klein sind, können die Lehrenden auf individuelle Schwierigkeiten eingehen und das Sprechen und Schreiben intensiv üben.</p>
<p><strong><br />
Vorlesewettbewerb</strong></p>
<p>Alljährlich findet der Vorlesewettbewerb der 6. Klassen statt. Die Schülerinnen und Schüler lesen aus bekannten und unbekannten Texten vor, um zunächst auf Klassen- und dann auf Schulebene den besten Leser oder die beste Leserin zu ermitteln. Lesen Sie hierzu auch in unseren <a href="https://www.anne-frank-gymnasium.de/?cat=44">Beiträgen zum Fach Deutsch</a>.</p>
<p>&nbsp;</p>
<p><strong>Jugend debattiert<br />
</strong></p>
<p>Der bundesweite Wettbewerb <a href="https://www.anne-frank-gymnasium.de/?page_id=8697">Jugend debattiert </a>ist am Anne-Frank-Gymnasium curricular verankert und wird im Unterricht vorbereitet und eingeübt. Schülerinnen und Schüler aus der Mittel- und Oberstufe nehmen zunächst an einem schulinternen Wettbewerb teil, die Siegerinnen und Sieger vertreten unsere Schule dann auf den nächsten Ebenen. In der Vergangenheit wurde eine AFG-Schülerin sogar Bundessiegerin. In unseren <a href="https://www.anne-frank-gymnasium.de/?cat=44">Beiträgen zum Fach Deutsch</a> wird über vergangene Wettbewerbe regelmäßig berichtet.</p>
<p><strong><br />
Sekundarstufe I</strong></p>
<p><strong>­­­­­­­­­</strong>Für die Jahrgangsstufen 5 –10 gibt es ein hausinternes Curriculum, das sich an den offiziellen Kernlehrplänen orientiert.</p>
<p>In der 2. Hälfte der 8. Klasse werden die landesweiten <strong>Vergleichsarbeiten (VERA-8) </strong>durchgeführt. Am Ende der 10. Klasse finden <strong>Zentrale Prüfungen</strong> in den Fächern Deutsch, Englisch und Mathematik statt. Sie ersetzen die 2. Klausur in 10/2.</p>
<p><strong><br />
Sekundarstufe II </strong></p>
<p>Für die Sekundarstufe II und die Qualifikationsphase für das Abitur (Q1 + Q2) gibt es ebenfalls ein hausinternes Curriculum, das seine konkrete stoffliche Ausfüllung im Besonderen durch die Vorgaben des Ministeriums für Schule und Bildung im Hinblick auf das zu absolvierende <strong>Zentralabitur</strong> findet und sich daher alle zwei Jahre verändert.</p>
<p>In der Qualifikationsphase findet der Unterricht sowohl in Grund- (= 2 Unterrichtseinheiten) als auch in Leistungskursen (= 3 Unterrichtseinheiten) statt.</p>
<p>In der Stufe Q1 (2. Halbjahr) besteht die Möglichkeit, die <strong>Facharbeit (</strong>statt einer Klausur) u. a. im Fach Deutsch zu schreiben.</p>
<p><strong><br />
Lehrwerk</strong></p>
<p>Als Lehrwerk für die Klassen 5-10 wird derzeit <strong><em>Deutsch kompetent </em></strong>(Klett-Verlag) verwendet. Das Lese- und Sprachbuch verbindet literarische und grammatische Aspekte und berücksichtigt die Anforderungen der Lernstandserhebungen in der Jahrgangsstufe 8 und die Zentralen Prüfungen am Ende der Einführungsphase. Das Schulbuch wird von der Schule gestellt (in den iPad-Klassen als digitale Version), in den Klassen 5 und 6 wird von den Eltern ein Arbeitsheft angeschafft.</p>
<p>In der Oberstufe wir das Lehrwerk <em>Deutsch kompetent</em> ebenfalls verwendet, da es eine Kontinuität in der Arbeitsweise darstellt. Darüber hinaus werden in der Oberstufe überwiegend Ganzschriften gelesen, die in der Q-Phase den jeweils aktuellen Abiturvorgaben entsprechen.</p>
<p><strong><br />
Weitere Informationen:</strong></p>
<ul>
<li><a href="https://www.anne-frank-gymnasium.de/?cat=44">Beiträge zum Fach Deutsch</a></li>
</ul>
<p><strong> </strong></p>
<p><strong> </strong></p>
<p>&nbsp;</p>
