{"id":8697,"date":"2018-09-30T01:22:29","date_gmt":"2018-09-29T23:22:29","guid":{"rendered":"https:\/\/www.anne-frank-gymnasium.de\/?page_id=8697"},"modified":"2019-09-19T09:53:25","modified_gmt":"2019-09-19T07:53:25","slug":"allgemeines-zu-jugend-debattiert","status":"publish","type":"page","link":"https:\/\/www.anne-frank-gymnasium.de\/?page_id=8697","title":{"rendered":"Allgemeines zu Jugend debattiert"},"content":{"rendered":"<p align=\"left\"><span style=\"font-family: Tahoma, sans-serif;\"><img loading=\"lazy\" decoding=\"async\" class=\" wp-image-10496 alignright\" src=\"https:\/\/www.anne-frank-gymnasium.de\/wp-content\/uploads\/2019\/09\/Jugend-debattiert-2019.jpg\" alt=\"\" width=\"266\" height=\"146\" srcset=\"https:\/\/www.anne-frank-gymnasium.de\/wp-content\/uploads\/2019\/09\/Jugend-debattiert-2019.jpg 1400w, https:\/\/www.anne-frank-gymnasium.de\/wp-content\/uploads\/2019\/09\/Jugend-debattiert-2019-300x165.jpg 300w, https:\/\/www.anne-frank-gymnasium.de\/wp-content\/uploads\/2019\/09\/Jugend-debattiert-2019-768x421.jpg 768w, https:\/\/www.anne-frank-gymnasium.de\/wp-content\/uploads\/2019\/09\/Jugend-debattiert-2019-1024x562.jpg 1024w\" sizes=\"auto, (max-width: 266px) 100vw, 266px\" \/>Ob im Unterricht oder auf den Schulh\u00f6fen &#8211; diskutiert und debattiert wurde an den Schulen in unserem Land schon immer. Seit mehr als 15 Jahren geschieht dies jedoch an inzwischen 1200 Schulen in Deutschland und 205 Schulen in NRW auf eine besondere Weise, n\u00e4mlich im gr\u00f6\u00dften deutschen <\/span><span style=\"font-family: Tahoma, sans-serif;\">Sprachwettbewerb \u201eJugend debattiert\u201c. Und seit 2014 ist auch das AFG (wieder) dabei!<\/span><\/p>\n<p align=\"left\"><span style=\"font-family: Tahoma, sans-serif;\">Dabei werden aktuelle gesellschaftspolitisch strittige Themen \u2013 getrennt f\u00fcr die Altersstufen S I und S II &#8211; in Debattierrunden zu vorgegebenen Regeln von Sch\u00fclerinnen und <\/span><span style=\"font-family: Tahoma, sans-serif;\">Sch\u00fclern kontrovers diskutiert: Jeweils vier Sch\u00fcler debattieren 24 Minuten lang \u2013 ohne Gespr\u00e4chsleiter \u2013 ihr Thema und werden anschlie\u00dfend von geschulten Juroren beurteilt nach den Kriterien: \u00dcberzeugungskraft, Gespr\u00e4chsf\u00e4higkeit, Sachkenntnis und Ausdrucksverm\u00f6gen. <\/span><\/p>\n<p align=\"left\"><span style=\"font-family: Tahoma, sans-serif;\">Am AFG k\u00fcren die Klassen im Deutschunterricht der Klasse 9 am Ende der entsprechenden Unterrichtsreihe zun\u00e4chst die Klassensieger, die dann die beiden Schulsieger in einer weiteren Debattierrunde ermitteln, die unsere Schule beim Regionalwettbewerb vertreten. In der Oberstufe erfolgt dies in der Regel in den Deutschkursen der Q1. &#8211; Und dies geschieht immer wieder mit Erfolg. So war unsere Sch\u00fclerin Jana Freiburg 2018 nicht nur beim Regionalwettbewerb erfolgreich, sondern gewann einige Wochen sp\u00e4ter sogar das Landesfinale NRW von \u201eJugend debattiert\u201c und vertrat unser Bundesland auch beim Bundesfinale in Berlin erfolgreich. <\/span><\/p>\n<p align=\"left\"><span style=\"font-family: Tahoma, sans-serif;\"><img loading=\"lazy\" decoding=\"async\" class=\"alignnone size-medium\" src=\"https:\/\/www.anne-frank-gymnasium.de\/wp-content\/uploads\/2018\/06\/35416028_1938972199480236_2957112939238129664_o.jpg\" width=\"1920\" height=\"1280\" \/><\/span><\/p>\n<p align=\"left\"><span style=\"font-family: Tahoma, sans-serif;\">Informationen erteilt <\/span><span style=\"font-family: Tahoma, sans-serif;\">Guido Schins, Schul- und Regionalkoordinator \u201eJugend debattiert\u201c. <\/span>Bitte schauen Sie sich auch <a href=\"https:\/\/www.anne-frank-gymnasium.de\/?cat=51\">unsere Beitr\u00e4ge<\/a> zu dem Thema an.<\/p>\n","protected":false},"excerpt":{"rendered":"<p align=\"left\">Ob im Unterricht oder auf den Schulh\u00f6fen &#8211; diskutiert und debattiert wurde an den Schulen in unserem Land schon immer. Seit mehr als 15 Jahren geschieht dies jedoch an inzwischen 1200 Schulen in Deutschland und 205 Schulen in NRW auf eine besondere Weise, n\u00e4mlich im gr\u00f6\u00dften deutschen Sprachwettbewerb \u201eJugend debattiert\u201c. Und seit 2014 ist &hellip; <\/p>\n<p><a class=\"more-link btn\" href=\"https:\/\/www.anne-frank-gymnasium.de\/?page_id=8697\">Weiterlesen<\/a><\/p>\n","protected":false},"author":12,"featured_media":0,"parent":8372,"menu_order":0,"comment_status":"closed","ping_status":"closed","template":"","meta":{"footnotes":""},"class_list":["post-8697","page","type-page","status-publish","hentry","nodate","item-wrap"],"_links":{"self":[{"href":"https:\/\/www.anne-frank-gymnasium.de\/index.php?rest_route=\/wp\/v2\/pages\/8697","targetHints":{"allow":["GET"]}}],"collection":[{"href":"https:\/\/www.anne-frank-gymnasium.de\/index.php?rest_route=\/wp\/v2\/pages"}],"about":[{"href":"https:\/\/www.anne-frank-gymnasium.de\/index.php?rest_route=\/wp\/v2\/types\/page"}],"author":[{"embeddable":true,"href":"https:\/\/www.anne-frank-gymnasium.de\/index.php?rest_route=\/wp\/v2\/users\/12"}],"replies":[{"embeddable":true,"href":"https:\/\/www.anne-frank-gymnasium.de\/index.php?rest_route=%2Fwp%2Fv2%2Fcomments&post=8697"}],"version-history":[{"count":6,"href":"https:\/\/www.anne-frank-gymnasium.de\/index.php?rest_route=\/wp\/v2\/pages\/8697\/revisions"}],"predecessor-version":[{"id":10498,"href":"https:\/\/www.anne-frank-gymnasium.de\/index.php?rest_route=\/wp\/v2\/pages\/8697\/revisions\/10498"}],"up":[{"embeddable":true,"href":"https:\/\/www.anne-frank-gymnasium.de\/index.php?rest_route=\/wp\/v2\/pages\/8372"}],"wp:attachment":[{"href":"https:\/\/www.anne-frank-gymnasium.de\/index.php?rest_route=%2Fwp%2Fv2%2Fmedia&parent=8697"}],"curies":[{"name":"wp","href":"https:\/\/api.w.org\/{rel}","templated":true}]}}

<p align="left"><span style="font-family: Tahoma, sans-serif;"><img loading="lazy" decoding="async" class=" wp-image-10496 alignright" src="https://www.anne-frank-gymnasium.de/wp-content/uploads/2019/09/Jugend-debattiert-2019.jpg" alt="" width="266" height="146" srcset="https://www.anne-frank-gymnasium.de/wp-content/uploads/2019/09/Jugend-debattiert-2019.jpg 1400w, https://www.anne-frank-gymnasium.de/wp-content/uploads/2019/09/Jugend-debattiert-2019-300x165.jpg 300w, https://www.anne-frank-gymnasium.de/wp-content/uploads/2019/09/Jugend-debattiert-2019-768x421.jpg 768w, https://www.anne-frank-gymnasium.de/wp-content/uploads/2019/09/Jugend-debattiert-2019-1024x562.jpg 1024w" sizes="auto, (max-width: 266px) 100vw, 266px" />Ob im Unterricht oder auf den Schulhöfen &#8211; diskutiert und debattiert wurde an den Schulen in unserem Land schon immer. Seit mehr als 15 Jahren geschieht dies jedoch an inzwischen 1200 Schulen in Deutschland und 205 Schulen in NRW auf eine besondere Weise, nämlich im größten deutschen </span><span style="font-family: Tahoma, sans-serif;">Sprachwettbewerb „Jugend debattiert“. Und seit 2014 ist auch das AFG (wieder) dabei!</span></p>
<p align="left"><span style="font-family: Tahoma, sans-serif;">Dabei werden aktuelle gesellschaftspolitisch strittige Themen – getrennt für die Altersstufen S I und S II &#8211; in Debattierrunden zu vorgegebenen Regeln von Schülerinnen und </span><span style="font-family: Tahoma, sans-serif;">Schülern kontrovers diskutiert: Jeweils vier Schüler debattieren 24 Minuten lang – ohne Gesprächsleiter – ihr Thema und werden anschließend von geschulten Juroren beurteilt nach den Kriterien: Überzeugungskraft, Gesprächsfähigkeit, Sachkenntnis und Ausdrucksvermögen. </span></p>
<p align="left"><span style="font-family: Tahoma, sans-serif;">Am AFG küren die Klassen im Deutschunterricht der Klasse 9 am Ende der entsprechenden Unterrichtsreihe zunächst die Klassensieger, die dann die beiden Schulsieger in einer weiteren Debattierrunde ermitteln, die unsere Schule beim Regionalwettbewerb vertreten. In der Oberstufe erfolgt dies in der Regel in den Deutschkursen der Q1. &#8211; Und dies geschieht immer wieder mit Erfolg. So war unsere Schülerin Jana Freiburg 2018 nicht nur beim Regionalwettbewerb erfolgreich, sondern gewann einige Wochen später sogar das Landesfinale NRW von „Jugend debattiert“ und vertrat unser Bundesland auch beim Bundesfinale in Berlin erfolgreich. </span></p>
<p align="left"><span style="font-family: Tahoma, sans-serif;"><img loading="lazy" decoding="async" class="alignnone size-medium" src="https://www.anne-frank-gymnasium.de/wp-content/uploads/2018/06/35416028_1938972199480236_2957112939238129664_o.jpg" width="1920" height="1280" /></span></p>
<p align="left"><span style="font-family: Tahoma, sans-serif;">Informationen erteilt </span><span style="font-family: Tahoma, sans-serif;">Guido Schins, Schul- und Regionalkoordinator „Jugend debattiert“. </span>Bitte schauen Sie sich auch <a href="https://www.anne-frank-gymnasium.de/?cat=51">unsere Beiträge</a> zu dem Thema an.</p>

<p align="left">Ob im Unterricht oder auf den Schulhöfen &#8211; diskutiert und debattiert wurde an den Schulen in unserem Land schon immer. Seit mehr als 15 Jahren geschieht dies jedoch an inzwischen 1200 Schulen in Deutschland und 205 Schulen in NRW auf eine besondere Weise, nämlich im größten deutschen Sprachwettbewerb „Jugend debattiert“. Und seit 2014 ist &hellip; </p>
<p><a class="more-link btn" href="https://www.anne-frank-gymnasium.de/?page_id=8697">Weiterlesen</a></p>
