{"id":8510,"date":"2018-09-27T21:57:59","date_gmt":"2018-09-27T19:57:59","guid":{"rendered":"https:\/\/www.anne-frank-gymnasium.de\/?page_id=8510"},"modified":"2026-02-20T13:44:41","modified_gmt":"2026-02-20T12:44:41","slug":"allgemeines-zu-latein","status":"publish","type":"page","link":"https:\/\/www.anne-frank-gymnasium.de\/?page_id=8510","title":{"rendered":"Latein am AFG"},"content":{"rendered":"<p style=\"text-align: center;\"><img loading=\"lazy\" decoding=\"async\" class=\"alignnone wp-image-9144\" src=\"https:\/\/www.anne-frank-gymnasium.de\/wp-content\/uploads\/2018\/11\/Latein-1.jpg\" alt=\"\" width=\"698\" height=\"229\" srcset=\"https:\/\/www.anne-frank-gymnasium.de\/wp-content\/uploads\/2018\/11\/Latein-1.jpg 4448w, https:\/\/www.anne-frank-gymnasium.de\/wp-content\/uploads\/2018\/11\/Latein-1-300x98.jpg 300w, https:\/\/www.anne-frank-gymnasium.de\/wp-content\/uploads\/2018\/11\/Latein-1-768x252.jpg 768w, https:\/\/www.anne-frank-gymnasium.de\/wp-content\/uploads\/2018\/11\/Latein-1-1024x335.jpg 1024w\" sizes=\"auto, (max-width: 698px) 100vw, 698px\" \/><\/p>\n<p style=\"text-align: center;\">\u201eLatein ist tot, es lebe Latein!\u201c<\/p>\n<p style=\"text-align: right;\"><em>Wilfried Stroh<\/em><\/p>\n<p><strong>Allgemeine Informationen zum Fach<\/strong><\/p>\n<p>Latein ist die Sprache der R\u00f6mer und wurde \u00fcber Jahrhunderte hinweg in allen Teilen des Imperium Romanum von Nordafrika bis in das heutige Gro\u00dfbritannien hinein gesprochen. In den romanischen Sprachen, die sich kontinuierlich aus dem Lateinischen weiterentwickelt haben, sowie im Deutschen und auch im Englischen lebt die lateinische Sprache noch heute weiter. Latein gilt auch heute noch als <strong>Basissprache Europas.<\/strong><\/p>\n<p>Lateinische Texte er\u00f6ffnen den Zugang zu einer in der Vergangenheit liegenden und in der Gegenwart wirksamen Welt. Sie befassen sich mit den jeweiligen Lebensbedingungen, mit gesellschaftlichen, politischen, kulturellen, religi\u00f6sen und philosophischen Themen, mit menschlichen Erfahrungen und Schicksalen, mit Werten und Normen des Handelns. Ob es um grunds\u00e4tzliche Fragehaltungen in der <strong>Wissenschaft<\/strong>, um Auffassungen vom <strong>Staatswesen<\/strong>, um verallgemeinerungsf\u00e4hige <strong>Rechtsgrunds\u00e4tze<\/strong>, um <strong>k\u00fcnstlerische Motive<\/strong> oder um das <strong>Wesen des Menschen<\/strong>, seine W\u00fcrde und seine Verantwortung geht, in diesen und vielen anderen Bereichen lassen sich in der Antike gemeinsame Wurzeln und das kulturelle europ\u00e4ische Erbe entdecken.<\/p>\n<p><strong>Gr\u00fcnde<\/strong>, die f\u00fcr das Erlernen von Latein sprechen, sind, neben den bereits oben genannten, die Sch\u00e4rfung des Sprachverstehens und die <strong>F\u00f6rderung der Sprachkompetenz<\/strong>, die nachweisliche <strong>Erh\u00f6hung der Lesekompetenz<\/strong> und die bessere <strong>Erschlie\u00dfbarkeit von Fremdw\u00f6rtern<\/strong>. Zudem wird das Latinum auch heute noch an vielen Universit\u00e4ten als <strong>Voraussetzung f\u00fcr viele Studienf\u00e4cher<\/strong> gefordert.<\/p>\n<p style=\"text-align: left;\">Das <strong>Latinum<\/strong> erlangen die Sch\u00fclerinnen und Sch\u00fcler nach <strong>f\u00fcnf Jahren<\/strong> , wenn sie das letzte Schuljahr mit der Note ausreichend abschlie\u00dfen. Prinzipiell kann Latein auch danach noch weiter fortgef\u00fchrt und auch als <strong>Abiturfach <\/strong>gew\u00e4hlt werden.<\/p>\n<p>&nbsp;<\/p>\n<p><strong>Besonderheiten am AFG<\/strong><\/p>\n<p>Das Fach Latein kann am Anne-Frank-Gymnasium in G9 ab Klasse 7 im Rahmen der S<a href=\"https:\/\/www.anne-frank-gymnasium.de\/?page_id=5612\">prachenwahl<\/a> als m\u00f6gliche <strong>zweite Fremdsprache<\/strong> (WPI) gew\u00e4hlt werden. Danach ist die Weiterbelegung bis zum Abitur bei entsprechender Kursgr\u00f6\u00dfe m\u00f6glich.<\/p>\n<p>In den ersten dreieinhalb Jahren, der sogenannten Spracherwerbsphase, erlernen die Sch\u00fclerinnen und Sch\u00fcler die grundlegende Grammatik und einen Basiswortschatz. In dieser Zeit arbeiten wir mit dem <strong>Lehrbuch <\/strong>Prima Nova (Textband, Grammatik, Sch\u00fclerarbeitsheft). Zum Abschluss des vierten Jahres lesen wir <strong>\u00dcbergangslekt\u00fcren<\/strong>: z.B. antiker Roman, Biografie z.B. \u00fcber Hannibal oder Karl den Gro\u00dfen, Asterix auf Latein, die Drei ??? auf Latein. Nach vier Jahren Latein erfolgt, bei einer mindestens ausreichenden Zeugnisnote, der Erwerb des<strong> Kleinen Latinums.<\/strong><\/p>\n<p>In der <strong>Oberstufe<\/strong> geht die <strong>Lekt\u00fcrephase<\/strong> weiter. Nach dem f\u00fcnften Jahr erfolgt der Erwerb des <strong>Latinums.<\/strong> \u00a0 Lekt\u00fcren in der Oberstufe betreffen zum Beispiel die folgenden Themen:\u00a0 Streben nach Herrschaft und Macht (Caesar), Liebesgedichte und Mythen (Catull, Ovid), Grundthemen des menschlichen Lebens (Seneca, Plinius), die Rede als Instrument der Meinungsbildung (Sallust, Caesar) (s. auch das schulinterne Curriculum).<\/p>\n<p>W\u00e4hrend der Latein-Lernjahre finden <strong>Exkursionen<\/strong> in den Arch\u00e4ologischen Park Xanten und nach Trier statt, jeweils mit Workshops oder Erlebnisprogrammen zur r\u00f6mischen Kultur.<\/p>\n<p><img loading=\"lazy\" decoding=\"async\" class=\"aligncenter wp-image-9492 \" src=\"https:\/\/www.anne-frank-gymnasium.de\/wp-content\/uploads\/2018\/11\/Xantenexkursionen-2018-6.-Jgst.-300x169.jpg\" alt=\"\" width=\"642\" height=\"362\" \/><\/p>\n<p>&nbsp;<\/p>\n<p><strong>Leistungsanforderungen<\/strong><\/p>\n<p>Grundlage der Leistungsbewertung sind alle von den Sch\u00fclerinnen und Sch\u00fclern erbrachten Leistungen. Sowohl die Ergebnisse der Klassenarbeiten \/ Klausuren als auch die \u201eSonstigen Leistungen im Unterricht\u201c (in der Oberstufe offiziell als \u201eSonstige Mitarbeit\u201c bezeichnet) flie\u00dfen in die Zeugnisnoten ein. 6 Klassenarbeiten werden in den beiden ersten Lehrjahren geschrieben, 5 Klassenarbeiten im dritten Lehrjahr, 4 Klassenarbeiten bzw. Klausuren im 4. und 5. Lernjahr.<\/p>\n<p>Der Beurteilungsbereich \u201eSonstige Leistungen im Unterricht\u201c umfasst alle im Zusammenhang mit dem Unterricht erbrachten m\u00fcndlichen und schriftlichen Leistungen. Zum Bestandteil der \u201eSonstigen Leistungen im Unterricht\u201c z\u00e4hlen u.a.:<\/p>\n<ul>\n<li>M\u00fcndliche Beitr\u00e4ge zum Unterricht<\/li>\n<li>Schriftliche Beitr\u00e4ge zum Unterricht<\/li>\n<li>Kooperative Leistungen im Rahmen von Team- und Gruppenarbeit<\/li>\n<li>Wortschatzkontrolle<\/li>\n<li>L\u00e4ngerfristig gestellte komplexere Aufgaben, die von den Sch\u00fclerinnen und Sch\u00fclern einzeln oder in Gruppen mit einem hohen Anteil an Selbst\u00e4ndigkeit bearbeitet werden<\/li>\n<\/ul>\n<p>Der Bewertungsbereich \u201eSonstige Leistungen im Unterricht\u201c erfasst die Qualit\u00e4t, die Quantit\u00e4t und die Kontinuit\u00e4t der m\u00fcndlichen und schriftlichen Beitr\u00e4ge im unterrichtlichen Zusammenhang.<\/p>\n<p>&nbsp;<\/p>\n<p><strong>Downloads und weitere Informationen:<\/strong><\/p>\n<ul>\n<li><a href=\"https:\/\/www.anne-frank-gymnasium.de\/wp-content\/uploads\/2025\/05\/Latein-2.-Fremdsprache-2025Compatibility-Mode.pdf\">Powerpoint-Pr\u00e4sentation Latein als zweite Fremdsprache am AFG<\/a><\/li>\n<li><a href=\"https:\/\/www.anne-frank-gymnasium.de\/?cat=46\">Alle Beitr\u00e4ge zum Fach Latein<\/a><\/li>\n<\/ul>\n<p>&nbsp;<\/p>\n","protected":false},"excerpt":{"rendered":"<p style=\"text-align: center;\">\n<p style=\"text-align: center;\">\u201eLatein ist tot, es lebe Latein!\u201c<\/p>\n<p style=\"text-align: right;\">Wilfried Stroh<\/p>\n<p>Allgemeine Informationen zum Fach<\/p>\n<p>Latein ist die Sprache der R\u00f6mer und wurde \u00fcber Jahrhunderte hinweg in allen Teilen des Imperium Romanum von Nordafrika bis in das heutige Gro\u00dfbritannien hinein gesprochen. In den romanischen Sprachen, die sich kontinuierlich aus dem Lateinischen &hellip; <\/p>\n<p><a class=\"more-link btn\" href=\"https:\/\/www.anne-frank-gymnasium.de\/?page_id=8510\">Weiterlesen<\/a><\/p>\n","protected":false},"author":12,"featured_media":0,"parent":2021,"menu_order":0,"comment_status":"closed","ping_status":"closed","template":"","meta":{"footnotes":""},"class_list":["post-8510","page","type-page","status-publish","hentry","nodate","item-wrap"],"_links":{"self":[{"href":"https:\/\/www.anne-frank-gymnasium.de\/index.php?rest_route=\/wp\/v2\/pages\/8510","targetHints":{"allow":["GET"]}}],"collection":[{"href":"https:\/\/www.anne-frank-gymnasium.de\/index.php?rest_route=\/wp\/v2\/pages"}],"about":[{"href":"https:\/\/www.anne-frank-gymnasium.de\/index.php?rest_route=\/wp\/v2\/types\/page"}],"author":[{"embeddable":true,"href":"https:\/\/www.anne-frank-gymnasium.de\/index.php?rest_route=\/wp\/v2\/users\/12"}],"replies":[{"embeddable":true,"href":"https:\/\/www.anne-frank-gymnasium.de\/index.php?rest_route=%2Fwp%2Fv2%2Fcomments&post=8510"}],"version-history":[{"count":24,"href":"https:\/\/www.anne-frank-gymnasium.de\/index.php?rest_route=\/wp\/v2\/pages\/8510\/revisions"}],"predecessor-version":[{"id":19436,"href":"https:\/\/www.anne-frank-gymnasium.de\/index.php?rest_route=\/wp\/v2\/pages\/8510\/revisions\/19436"}],"up":[{"embeddable":true,"href":"https:\/\/www.anne-frank-gymnasium.de\/index.php?rest_route=\/wp\/v2\/pages\/2021"}],"wp:attachment":[{"href":"https:\/\/www.anne-frank-gymnasium.de\/index.php?rest_route=%2Fwp%2Fv2%2Fmedia&parent=8510"}],"curies":[{"name":"wp","href":"https:\/\/api.w.org\/{rel}","templated":true}]}}

<p style="text-align: center;"><img loading="lazy" decoding="async" class="alignnone wp-image-9144" src="https://www.anne-frank-gymnasium.de/wp-content/uploads/2018/11/Latein-1.jpg" alt="" width="698" height="229" srcset="https://www.anne-frank-gymnasium.de/wp-content/uploads/2018/11/Latein-1.jpg 4448w, https://www.anne-frank-gymnasium.de/wp-content/uploads/2018/11/Latein-1-300x98.jpg 300w, https://www.anne-frank-gymnasium.de/wp-content/uploads/2018/11/Latein-1-768x252.jpg 768w, https://www.anne-frank-gymnasium.de/wp-content/uploads/2018/11/Latein-1-1024x335.jpg 1024w" sizes="auto, (max-width: 698px) 100vw, 698px" /></p>
<p style="text-align: center;">„Latein ist tot, es lebe Latein!“</p>
<p style="text-align: right;"><em>Wilfried Stroh</em></p>
<p><strong>Allgemeine Informationen zum Fach</strong></p>
<p>Latein ist die Sprache der Römer und wurde über Jahrhunderte hinweg in allen Teilen des Imperium Romanum von Nordafrika bis in das heutige Großbritannien hinein gesprochen. In den romanischen Sprachen, die sich kontinuierlich aus dem Lateinischen weiterentwickelt haben, sowie im Deutschen und auch im Englischen lebt die lateinische Sprache noch heute weiter. Latein gilt auch heute noch als <strong>Basissprache Europas.</strong></p>
<p>Lateinische Texte eröffnen den Zugang zu einer in der Vergangenheit liegenden und in der Gegenwart wirksamen Welt. Sie befassen sich mit den jeweiligen Lebensbedingungen, mit gesellschaftlichen, politischen, kulturellen, religiösen und philosophischen Themen, mit menschlichen Erfahrungen und Schicksalen, mit Werten und Normen des Handelns. Ob es um grundsätzliche Fragehaltungen in der <strong>Wissenschaft</strong>, um Auffassungen vom <strong>Staatswesen</strong>, um verallgemeinerungsfähige <strong>Rechtsgrundsätze</strong>, um <strong>künstlerische Motive</strong> oder um das <strong>Wesen des Menschen</strong>, seine Würde und seine Verantwortung geht, in diesen und vielen anderen Bereichen lassen sich in der Antike gemeinsame Wurzeln und das kulturelle europäische Erbe entdecken.</p>
<p><strong>Gründe</strong>, die für das Erlernen von Latein sprechen, sind, neben den bereits oben genannten, die Schärfung des Sprachverstehens und die <strong>Förderung der Sprachkompetenz</strong>, die nachweisliche <strong>Erhöhung der Lesekompetenz</strong> und die bessere <strong>Erschließbarkeit von Fremdwörtern</strong>. Zudem wird das Latinum auch heute noch an vielen Universitäten als <strong>Voraussetzung für viele Studienfächer</strong> gefordert.</p>
<p style="text-align: left;">Das <strong>Latinum</strong> erlangen die Schülerinnen und Schüler nach <strong>fünf Jahren</strong> , wenn sie das letzte Schuljahr mit der Note ausreichend abschließen. Prinzipiell kann Latein auch danach noch weiter fortgeführt und auch als <strong>Abiturfach </strong>gewählt werden.</p>
<p>&nbsp;</p>
<p><strong>Besonderheiten am AFG</strong></p>
<p>Das Fach Latein kann am Anne-Frank-Gymnasium in G9 ab Klasse 7 im Rahmen der S<a href="https://www.anne-frank-gymnasium.de/?page_id=5612">prachenwahl</a> als mögliche <strong>zweite Fremdsprache</strong> (WPI) gewählt werden. Danach ist die Weiterbelegung bis zum Abitur bei entsprechender Kursgröße möglich.</p>
<p>In den ersten dreieinhalb Jahren, der sogenannten Spracherwerbsphase, erlernen die Schülerinnen und Schüler die grundlegende Grammatik und einen Basiswortschatz. In dieser Zeit arbeiten wir mit dem <strong>Lehrbuch </strong>Prima Nova (Textband, Grammatik, Schülerarbeitsheft). Zum Abschluss des vierten Jahres lesen wir <strong>Übergangslektüren</strong>: z.B. antiker Roman, Biografie z.B. über Hannibal oder Karl den Großen, Asterix auf Latein, die Drei ??? auf Latein. Nach vier Jahren Latein erfolgt, bei einer mindestens ausreichenden Zeugnisnote, der Erwerb des<strong> Kleinen Latinums.</strong></p>
<p>In der <strong>Oberstufe</strong> geht die <strong>Lektürephase</strong> weiter. Nach dem fünften Jahr erfolgt der Erwerb des <strong>Latinums.</strong>   Lektüren in der Oberstufe betreffen zum Beispiel die folgenden Themen:  Streben nach Herrschaft und Macht (Caesar), Liebesgedichte und Mythen (Catull, Ovid), Grundthemen des menschlichen Lebens (Seneca, Plinius), die Rede als Instrument der Meinungsbildung (Sallust, Caesar) (s. auch das schulinterne Curriculum).</p>
<p>Während der Latein-Lernjahre finden <strong>Exkursionen</strong> in den Archäologischen Park Xanten und nach Trier statt, jeweils mit Workshops oder Erlebnisprogrammen zur römischen Kultur.</p>
<p><img loading="lazy" decoding="async" class="aligncenter wp-image-9492 " src="https://www.anne-frank-gymnasium.de/wp-content/uploads/2018/11/Xantenexkursionen-2018-6.-Jgst.-300x169.jpg" alt="" width="642" height="362" /></p>
<p>&nbsp;</p>
<p><strong>Leistungsanforderungen</strong></p>
<p>Grundlage der Leistungsbewertung sind alle von den Schülerinnen und Schülern erbrachten Leistungen. Sowohl die Ergebnisse der Klassenarbeiten / Klausuren als auch die „Sonstigen Leistungen im Unterricht“ (in der Oberstufe offiziell als „Sonstige Mitarbeit“ bezeichnet) fließen in die Zeugnisnoten ein. 6 Klassenarbeiten werden in den beiden ersten Lehrjahren geschrieben, 5 Klassenarbeiten im dritten Lehrjahr, 4 Klassenarbeiten bzw. Klausuren im 4. und 5. Lernjahr.</p>
<p>Der Beurteilungsbereich „Sonstige Leistungen im Unterricht“ umfasst alle im Zusammenhang mit dem Unterricht erbrachten mündlichen und schriftlichen Leistungen. Zum Bestandteil der „Sonstigen Leistungen im Unterricht“ zählen u.a.:</p>
<ul>
<li>Mündliche Beiträge zum Unterricht</li>
<li>Schriftliche Beiträge zum Unterricht</li>
<li>Kooperative Leistungen im Rahmen von Team- und Gruppenarbeit</li>
<li>Wortschatzkontrolle</li>
<li>Längerfristig gestellte komplexere Aufgaben, die von den Schülerinnen und Schülern einzeln oder in Gruppen mit einem hohen Anteil an Selbständigkeit bearbeitet werden</li>
</ul>
<p>Der Bewertungsbereich „Sonstige Leistungen im Unterricht“ erfasst die Qualität, die Quantität und die Kontinuität der mündlichen und schriftlichen Beiträge im unterrichtlichen Zusammenhang.</p>
<p>&nbsp;</p>
<p><strong>Downloads und weitere Informationen:</strong></p>
<ul>
<li><a href="https://www.anne-frank-gymnasium.de/wp-content/uploads/2025/05/Latein-2.-Fremdsprache-2025Compatibility-Mode.pdf">Powerpoint-Präsentation Latein als zweite Fremdsprache am AFG</a></li>
<li><a href="https://www.anne-frank-gymnasium.de/?cat=46">Alle Beiträge zum Fach Latein</a></li>
</ul>
<p>&nbsp;</p>

<p style="text-align: center;">
<p style="text-align: center;">„Latein ist tot, es lebe Latein!“</p>
<p style="text-align: right;">Wilfried Stroh</p>
<p>Allgemeine Informationen zum Fach</p>
<p>Latein ist die Sprache der Römer und wurde über Jahrhunderte hinweg in allen Teilen des Imperium Romanum von Nordafrika bis in das heutige Großbritannien hinein gesprochen. In den romanischen Sprachen, die sich kontinuierlich aus dem Lateinischen &hellip; </p>
<p><a class="more-link btn" href="https://www.anne-frank-gymnasium.de/?page_id=8510">Weiterlesen</a></p>
