{"id":7031,"date":"2018-06-08T11:30:44","date_gmt":"2018-06-08T09:30:44","guid":{"rendered":"http:\/\/www.anne-frank-gymnasium.de\/?page_id=7031"},"modified":"2022-09-25T20:11:18","modified_gmt":"2022-09-25T18:11:18","slug":"datenschutzerklaerung","status":"publish","type":"page","link":"https:\/\/www.anne-frank-gymnasium.de\/?page_id=7031","title":{"rendered":"Datenschutzerkl\u00e4rung"},"content":{"rendered":"<h4>Datenschutzerkl\u00e4rung Anne-Frank-Gymnasium Aachen<\/h4>\n<h5>I. Name und Anschrift des Verantwortlichen<\/h5>\n<p>Anne-Frank-Gymnasium<br \/>\nHander Weg 89, 52072 Aachen<br \/>\nTel.: 0241-1769200<br \/>\nE-Mail: anne-frank-gymnasium@mail.aachen.de<\/p>\n<p>&nbsp;<\/p>\n<h5>Vertretungsberechtigt<\/h5>\n<p>Dr. Alexander Heimes, Schulleiter<\/p>\n<h5><strong>II. Name und Anschrift des Datenschutzbeauftragten<\/strong><\/h5>\n<p>Die Datenschutzbeauftragte ist:<\/p>\n<p>Paul Siebenb\u00fcrger<\/p>\n<p>Tel.: 0241-1769200<br \/>\nE-Mail: datenschutz@afgmail.de<\/p>\n<h5>III. Bereitstellung der Website und Erstellung von Logfiles<\/h5>\n<p>Bei jedem Aufruf unserer Internetseite erfasst unser System automatisiert Daten und Informationen vom Computersystem des aufrufenden Rechners. Folgende Daten werden hierbei erhoben:<\/p>\n<ol>\n<li>Datum und Uhrzeit des Zugriffes<\/li>\n<li>Die IP-Adresse des Nutzers<\/li>\n<li>Die Betriebssystemversion des Nutzers<\/li>\n<li>Die Browsertyp des Nutzers<\/li>\n<li>Die vom Nutzer aufgerufene Seite<\/li>\n<\/ol>\n<p>Die Daten werden in den Logfiles unseres Systems gespeichert. Eine Speicherung dieser Daten zusammen mit anderen personenbezogenen Daten des Nutzers findet nicht statt. Zweck der Datenspeicherung ist die technische Optimierung unserer Internetseite. Rechtsgrundlage f\u00fcr die vor\u00fcbergehende Speicherung der Daten ist Art. 6 Abs.1 lit.f DSGVO.<\/p>\n<p>Die Daten werden f\u00fcr einen Monat \u00a0gespeichert, sie werden lediglich statistisch ausgewertet.<\/p>\n<h5>IV. Verwendung von Cookies<\/h5>\n<p>Wir verwenden keine Cookies.<\/p>\n<h5>V. Eingebettete Inhalte von anderen Websites<\/h5>\n<p>Beitr\u00e4ge auf dieser Website k\u00f6nnen eingebettete Inhalte beinhalten (z.\u00a0B. Videos, Bilder, Beitr\u00e4ge etc.). Eingebettete Inhalte von anderen Websites verhalten sich exakt so, als ob der Besucher die andere Website besucht h\u00e4tte.<\/p>\n<p>Diese Websites k\u00f6nnen Daten \u00fcber Sie sammeln, Cookies benutzen, zus\u00e4tzliche Tracking-Dienste von Dritten einbetten und deine Interaktion mit diesem eingebetteten Inhalt aufzeichnen, inklusive Ihrer Interaktion mit dem eingebetteten Inhalt, falls Sie ein Konto haben und auf dieser Website angemeldet sind.<\/p>\n<h5>VI. Speicherung personenbezogener Daten bei Kontaktaufnahme<\/h5>\n<p>Sofern Sie per E-Mail den Kontakt mit uns aufnehmen, werden die von Ihnen \u00fcbermittelten personenbezogenen Daten automatisch gespeichert. Diese Daten werden f\u00fcr Zwecke der Bearbeitung Ihres Anliegens und der Kontaktaufnahme mit Ihnen gespeichert.<\/p>\n<p>Die L\u00f6schung der Daten erfolgt, sobald deren Speicherung f\u00fcr die Bearbeitung Ihres Anliegens nicht mehr erforderlich ist.<\/p>\n<h5>VII. Grundlegende Bestimmungen des Schulgesetzes<\/h5>\n<p>Die \u00a7\u00a7 120 bis 122 Schulgesetz bilden die grundlegenden Bestimmungen f\u00fcr die Verarbeitung personenbezogener Daten von Sch\u00fclerinnen und Sch\u00fclern, Eltern und Lehrerinnen und Lehrern im Schulbereich. Diese bereichsspezifischen Regelungen sind zum Teil strenger als das allgemeine Datenschutzgesetz NRW. Sie gelten unabh\u00e4ngig davon, ob die personenbezogenen Daten auf herk\u00f6mmliche Weise in Listen, Karteien oder Akten erfasst oder elektronisch verarbeitet sind. Die Einzelheiten der Datenverarbeitung werden durch Rechtsverordnungen umfassend geregelt. Diese sichern eine landeseinheitliche und f\u00fcr alle Betroffenen transparente Behandlung ihrer personenbezogenen Daten. Die Schulleiterin oder der Schulleiter ist f\u00fcr den Schutz der Daten und die Einhaltung der datenschutzrechtlichen Bestimmungen in der Schule verantwortlich.<\/p>\n<p>Welche Daten der Sch\u00fclerinnen und Sch\u00fcler sowie ihrer Eltern, Schulen und Schulaufsichtsbeh\u00f6rden in Dateien oder Akten verarbeiten d\u00fcrfen, ist in der\u00a0<a title=\"1 VO DV I - 9.2.2017\" href=\"https:\/\/www.schulministerium.nrw.de\/docs\/Recht\/Datenschutz\/1-VO-DV-I---9_2_2017.pdf\">Verordnung \u00fcber die zur Verarbeitung zugelassenen Daten von Sch\u00fclerinnen, Sch\u00fclern und Eltern (VO-DV I)<\/a>\u00a0festgelegt. Es handelt sich im Wesentlichen um Personaldaten wie Namen und Anschriften, bei Sch\u00fclerinnen und Sch\u00fclern auch um die Schullaufbahn- und Leistungsdaten, die in das Sch\u00fclerstammblatt aufzunehmen sind. Die VO-DV I regelt unter anderem auch die \u00dcbermittlung von Daten an andere Stellen oder bei einem Schulwechsel und bestimmt die Fristen f\u00fcr die Aufbewahrung, L\u00f6schung und Vernichtung der Dateien und Akten. Beispielsweise m\u00fcssen Zweitschriften von Abgangs- und Abschlusszeugnissen 50 Jahre aufbewahrt werden. Nur so k\u00f6nnen verlorengegangene Originale ersetzt werden. Die VO-DV I enth\u00e4lt Vorgaben zur Datensicherheit und regelt die Auskunfts- und Berichtigungsanspr\u00fcche sowie das Akteneinsichtsrecht von Sch\u00fclerinnen, Sch\u00fclern und Eltern. Die Schule darf zeitlich unbefristet eine Schulchronik f\u00fchren, in der u.a. die Namen und die letzte Anschrift der Sch\u00fclerinnen und Sch\u00fcler verzeichnet sind.<\/p>\n<h5><strong>VIII. Betroffenenrechte<\/strong><\/h5>\n<p>Sie k\u00f6nnen folgende Rechte geltend machen:<\/p>\n<h5>Auskunft\/ Akteneinsicht<\/h5>\n<p>Gem. Art. 15 DSGVO haben Sie das Recht, Auskunft bzw. Akteneinsicht \u00fcber die von uns verarbeiteten personenbezogenen Daten zu erhalten.<\/p>\n<h5>Berichtigung<\/h5>\n<p>Sind bei uns gespeicherte personenbezogene Daten unrichtig oder unvollst\u00e4ndig, haben Sie gem. Art. 16 DSGVO das Recht, diese berichtigen bzw. vervollst\u00e4ndigen zu lassen.<\/p>\n<h5>L\u00f6schung<\/h5>\n<p>Art. 17 DSGVO normiert das Recht auf L\u00f6schung personenbezogener Daten. Dieses Recht steht Ihnen insbesondere dann zu, wenn die Speicherung der personenbezogenen Daten zur Erf\u00fcllung unserer gesetzlichen Aufgaben nicht mehr erforderlich ist oder Sie Ihre Einwilligung zur Datenverarbeitung mit Wirkung f\u00fcr die Zukunft widerrufen haben.<\/p>\n<h5>Einschr\u00e4nkung der Verarbeitung<\/h5>\n<p>Gem. Art. 18 DSGVO k\u00f6nnen Sie die Einschr\u00e4nkung der personenbezogenen Daten verlangen, wenn<\/p>\n<ul>\n<li>die Richtigkeit der Daten von Ihnen bestritten wird<\/li>\n<li>die Verarbeitung unrechtm\u00e4\u00dfig ist, Sie aber deren L\u00f6schung ablehnen<\/li>\n<li>wir die Daten nicht mehr ben\u00f6tigen, Sie jedoch diese zur Geltendmachung, Aus\u00fcbung oder Verteidigung von Rechtsanspr\u00fcchen ben\u00f6tigen<\/li>\n<li>oder Sie gem\u00e4\u00df Art. 21 DSGVO Widerspruch gegen die Verarbeitung eingelegt haben<\/li>\n<\/ul>\n<h5>Widerspruch<\/h5>\n<p>Sie k\u00f6nnen bei Gr\u00fcnden, die sich aus Ihrer besonderen Situation ergeben, ein Widerspruchsrecht geltend machen. Gem. Art. 21 DSGVO ist jedoch zu ber\u00fccksichtigten, ob schutzw\u00fcrdige Gr\u00fcnde f\u00fcr die Verarbeitung vorliegen oder die Verarbeitung der Geltendmachung, Aus\u00fcbung oder Verteidigung von Rechtsanspr\u00fcchen dient.<\/p>\n<h5>Daten\u00fcbertragbarkeit<\/h5>\n<p>Ist die Verarbeitung Ihrer Daten mit Hilfe eines automatisierten Verfahrens erfolgt, haben Sie gem. Art. 20 DSGVO das Recht, die Daten in einem g\u00e4ngigen und maschinenlesbaren Format zu erhalten und an eine andere Schule zu \u00fcbermitteln bzw. durch uns \u00fcbermitteln zu lassen.<\/p>\n<h5>Widerruf der Einwilligung<\/h5>\n<p>Sie haben gem. Art. 7 Absatz 3 DSGVO das Recht, uns erteilte Einwilligungen jederzeit mit Wirkung f\u00fcr die Zukunft zu widerrufen.<\/p>\n<p>Die Einwilligungserkl\u00e4rung zur Verwendung Ihrer Daten finden Sie hier als Download:\u00a0<strong>Einverst\u00e4ndniserkl\u00e4rung<\/strong><\/p>\n<h5>Beschwerde<\/h5>\n<p>Art. 77 DSGVO normiert ein Beschwerderecht bei der Aufsichtsbeh\u00f6rde. F\u00fcr das Ministerium f\u00fcr Schule und Weiterbildung NRW ist Herr Georg Minten zum Beh\u00f6rdlichen Datenschutzbeauftragten bestellt. Kontakt: MSW NRW, V\u00f6lklingerstr. 49, 40221 D\u00fcsseldorf.\u00a0<a href=\"mailto:goerg.minten@msb.nrw.de\">goerg.minten@msb.nrw.de<\/a>, Tel.: 0211\/5867-3316.<\/p>\n","protected":false},"excerpt":{"rendered":"<p>Datenschutzerkl\u00e4rung Anne-Frank-Gymnasium Aachen I. Name und Anschrift des Verantwortlichen <\/p>\n<p>Anne-Frank-Gymnasium Hander Weg 89, 52072 Aachen Tel.: 0241-1769200 E-Mail: anne-frank-gymnasium@mail.aachen.de<\/p>\n<p>&nbsp;<\/p>\n<p> Vertretungsberechtigt <\/p>\n<p>Dr. Alexander Heimes, Schulleiter<\/p>\n<p> II. Name und Anschrift des Datenschutzbeauftragten <\/p>\n<p>Die Datenschutzbeauftragte ist:<\/p>\n<p>Paul Siebenb\u00fcrger<\/p>\n<p>Tel.: 0241-1769200 E-Mail: datenschutz@afgmail.de<\/p>\n<p> III. Bereitstellung der Website und Erstellung von Logfiles <\/p>\n<p>Bei jedem Aufruf unserer Internetseite erfasst unser &hellip; <\/p>\n<p><a class=\"more-link btn\" href=\"https:\/\/www.anne-frank-gymnasium.de\/?page_id=7031\">Weiterlesen<\/a><\/p>\n","protected":false},"author":6,"featured_media":0,"parent":4673,"menu_order":10,"comment_status":"closed","ping_status":"closed","template":"","meta":{"footnotes":""},"class_list":["post-7031","page","type-page","status-publish","hentry","nodate","item-wrap"],"_links":{"self":[{"href":"https:\/\/www.anne-frank-gymnasium.de\/index.php?rest_route=\/wp\/v2\/pages\/7031","targetHints":{"allow":["GET"]}}],"collection":[{"href":"https:\/\/www.anne-frank-gymnasium.de\/index.php?rest_route=\/wp\/v2\/pages"}],"about":[{"href":"https:\/\/www.anne-frank-gymnasium.de\/index.php?rest_route=\/wp\/v2\/types\/page"}],"author":[{"embeddable":true,"href":"https:\/\/www.anne-frank-gymnasium.de\/index.php?rest_route=\/wp\/v2\/users\/6"}],"replies":[{"embeddable":true,"href":"https:\/\/www.anne-frank-gymnasium.de\/index.php?rest_route=%2Fwp%2Fv2%2Fcomments&post=7031"}],"version-history":[{"count":3,"href":"https:\/\/www.anne-frank-gymnasium.de\/index.php?rest_route=\/wp\/v2\/pages\/7031\/revisions"}],"predecessor-version":[{"id":14474,"href":"https:\/\/www.anne-frank-gymnasium.de\/index.php?rest_route=\/wp\/v2\/pages\/7031\/revisions\/14474"}],"up":[{"embeddable":true,"href":"https:\/\/www.anne-frank-gymnasium.de\/index.php?rest_route=\/wp\/v2\/pages\/4673"}],"wp:attachment":[{"href":"https:\/\/www.anne-frank-gymnasium.de\/index.php?rest_route=%2Fwp%2Fv2%2Fmedia&parent=7031"}],"curies":[{"name":"wp","href":"https:\/\/api.w.org\/{rel}","templated":true}]}}

Datenschutzerklärung

<h4>Datenschutzerklärung Anne-Frank-Gymnasium Aachen</h4>
<h5>I. Name und Anschrift des Verantwortlichen</h5>
<p>Anne-Frank-Gymnasium<br />
Hander Weg 89, 52072 Aachen<br />
Tel.: 0241-1769200<br />
E-Mail: anne-frank-gymnasium@mail.aachen.de</p>
<p>&nbsp;</p>
<h5>Vertretungsberechtigt</h5>
<p>Dr. Alexander Heimes, Schulleiter</p>
<h5><strong>II. Name und Anschrift des Datenschutzbeauftragten</strong></h5>
<p>Die Datenschutzbeauftragte ist:</p>
<p>Paul Siebenbürger</p>
<p>Tel.: 0241-1769200<br />
E-Mail: datenschutz@afgmail.de</p>
<h5>III. Bereitstellung der Website und Erstellung von Logfiles</h5>
<p>Bei jedem Aufruf unserer Internetseite erfasst unser System automatisiert Daten und Informationen vom Computersystem des aufrufenden Rechners. Folgende Daten werden hierbei erhoben:</p>
<ol>
<li>Datum und Uhrzeit des Zugriffes</li>
<li>Die IP-Adresse des Nutzers</li>
<li>Die Betriebssystemversion des Nutzers</li>
<li>Die Browsertyp des Nutzers</li>
<li>Die vom Nutzer aufgerufene Seite</li>
</ol>
<p>Die Daten werden in den Logfiles unseres Systems gespeichert. Eine Speicherung dieser Daten zusammen mit anderen personenbezogenen Daten des Nutzers findet nicht statt. Zweck der Datenspeicherung ist die technische Optimierung unserer Internetseite. Rechtsgrundlage für die vorübergehende Speicherung der Daten ist Art. 6 Abs.1 lit.f DSGVO.</p>
<p>Die Daten werden für einen Monat  gespeichert, sie werden lediglich statistisch ausgewertet.</p>
<h5>IV. Verwendung von Cookies</h5>
<p>Wir verwenden keine Cookies.</p>
<h5>V. Eingebettete Inhalte von anderen Websites</h5>
<p>Beiträge auf dieser Website können eingebettete Inhalte beinhalten (z. B. Videos, Bilder, Beiträge etc.). Eingebettete Inhalte von anderen Websites verhalten sich exakt so, als ob der Besucher die andere Website besucht hätte.</p>
<p>Diese Websites können Daten über Sie sammeln, Cookies benutzen, zusätzliche Tracking-Dienste von Dritten einbetten und deine Interaktion mit diesem eingebetteten Inhalt aufzeichnen, inklusive Ihrer Interaktion mit dem eingebetteten Inhalt, falls Sie ein Konto haben und auf dieser Website angemeldet sind.</p>
<h5>VI. Speicherung personenbezogener Daten bei Kontaktaufnahme</h5>
<p>Sofern Sie per E-Mail den Kontakt mit uns aufnehmen, werden die von Ihnen übermittelten personenbezogenen Daten automatisch gespeichert. Diese Daten werden für Zwecke der Bearbeitung Ihres Anliegens und der Kontaktaufnahme mit Ihnen gespeichert.</p>
<p>Die Löschung der Daten erfolgt, sobald deren Speicherung für die Bearbeitung Ihres Anliegens nicht mehr erforderlich ist.</p>
<h5>VII. Grundlegende Bestimmungen des Schulgesetzes</h5>
<p>Die §§ 120 bis 122 Schulgesetz bilden die grundlegenden Bestimmungen für die Verarbeitung personenbezogener Daten von Schülerinnen und Schülern, Eltern und Lehrerinnen und Lehrern im Schulbereich. Diese bereichsspezifischen Regelungen sind zum Teil strenger als das allgemeine Datenschutzgesetz NRW. Sie gelten unabhängig davon, ob die personenbezogenen Daten auf herkömmliche Weise in Listen, Karteien oder Akten erfasst oder elektronisch verarbeitet sind. Die Einzelheiten der Datenverarbeitung werden durch Rechtsverordnungen umfassend geregelt. Diese sichern eine landeseinheitliche und für alle Betroffenen transparente Behandlung ihrer personenbezogenen Daten. Die Schulleiterin oder der Schulleiter ist für den Schutz der Daten und die Einhaltung der datenschutzrechtlichen Bestimmungen in der Schule verantwortlich.</p>
<p>Welche Daten der Schülerinnen und Schüler sowie ihrer Eltern, Schulen und Schulaufsichtsbehörden in Dateien oder Akten verarbeiten dürfen, ist in der <a title="1 VO DV I - 9.2.2017" href="https://www.schulministerium.nrw.de/docs/Recht/Datenschutz/1-VO-DV-I---9_2_2017.pdf">Verordnung über die zur Verarbeitung zugelassenen Daten von Schülerinnen, Schülern und Eltern (VO-DV I)</a> festgelegt. Es handelt sich im Wesentlichen um Personaldaten wie Namen und Anschriften, bei Schülerinnen und Schülern auch um die Schullaufbahn- und Leistungsdaten, die in das Schülerstammblatt aufzunehmen sind. Die VO-DV I regelt unter anderem auch die Übermittlung von Daten an andere Stellen oder bei einem Schulwechsel und bestimmt die Fristen für die Aufbewahrung, Löschung und Vernichtung der Dateien und Akten. Beispielsweise müssen Zweitschriften von Abgangs- und Abschlusszeugnissen 50 Jahre aufbewahrt werden. Nur so können verlorengegangene Originale ersetzt werden. Die VO-DV I enthält Vorgaben zur Datensicherheit und regelt die Auskunfts- und Berichtigungsansprüche sowie das Akteneinsichtsrecht von Schülerinnen, Schülern und Eltern. Die Schule darf zeitlich unbefristet eine Schulchronik führen, in der u.a. die Namen und die letzte Anschrift der Schülerinnen und Schüler verzeichnet sind.</p>
<h5><strong>VIII. Betroffenenrechte</strong></h5>
<p>Sie können folgende Rechte geltend machen:</p>
<h5>Auskunft/ Akteneinsicht</h5>
<p>Gem. Art. 15 DSGVO haben Sie das Recht, Auskunft bzw. Akteneinsicht über die von uns verarbeiteten personenbezogenen Daten zu erhalten.</p>
<h5>Berichtigung</h5>
<p>Sind bei uns gespeicherte personenbezogene Daten unrichtig oder unvollständig, haben Sie gem. Art. 16 DSGVO das Recht, diese berichtigen bzw. vervollständigen zu lassen.</p>
<h5>Löschung</h5>
<p>Art. 17 DSGVO normiert das Recht auf Löschung personenbezogener Daten. Dieses Recht steht Ihnen insbesondere dann zu, wenn die Speicherung der personenbezogenen Daten zur Erfüllung unserer gesetzlichen Aufgaben nicht mehr erforderlich ist oder Sie Ihre Einwilligung zur Datenverarbeitung mit Wirkung für die Zukunft widerrufen haben.</p>
<h5>Einschränkung der Verarbeitung</h5>
<p>Gem. Art. 18 DSGVO können Sie die Einschränkung der personenbezogenen Daten verlangen, wenn</p>
<ul>
<li>die Richtigkeit der Daten von Ihnen bestritten wird</li>
<li>die Verarbeitung unrechtmäßig ist, Sie aber deren Löschung ablehnen</li>
<li>wir die Daten nicht mehr benötigen, Sie jedoch diese zur Geltendmachung, Ausübung oder Verteidigung von Rechtsansprüchen benötigen</li>
<li>oder Sie gemäß Art. 21 DSGVO Widerspruch gegen die Verarbeitung eingelegt haben</li>
</ul>
<h5>Widerspruch</h5>
<p>Sie können bei Gründen, die sich aus Ihrer besonderen Situation ergeben, ein Widerspruchsrecht geltend machen. Gem. Art. 21 DSGVO ist jedoch zu berücksichtigten, ob schutzwürdige Gründe für die Verarbeitung vorliegen oder die Verarbeitung der Geltendmachung, Ausübung oder Verteidigung von Rechtsansprüchen dient.</p>
<h5>Datenübertragbarkeit</h5>
<p>Ist die Verarbeitung Ihrer Daten mit Hilfe eines automatisierten Verfahrens erfolgt, haben Sie gem. Art. 20 DSGVO das Recht, die Daten in einem gängigen und maschinenlesbaren Format zu erhalten und an eine andere Schule zu übermitteln bzw. durch uns übermitteln zu lassen.</p>
<h5>Widerruf der Einwilligung</h5>
<p>Sie haben gem. Art. 7 Absatz 3 DSGVO das Recht, uns erteilte Einwilligungen jederzeit mit Wirkung für die Zukunft zu widerrufen.</p>
<p>Die Einwilligungserklärung zur Verwendung Ihrer Daten finden Sie hier als Download: <strong>Einverständniserklärung</strong></p>
<h5>Beschwerde</h5>
<p>Art. 77 DSGVO normiert ein Beschwerderecht bei der Aufsichtsbehörde. Für das Ministerium für Schule und Weiterbildung NRW ist Herr Georg Minten zum Behördlichen Datenschutzbeauftragten bestellt. Kontakt: MSW NRW, Völklingerstr. 49, 40221 Düsseldorf. <a href="mailto:goerg.minten@msb.nrw.de">goerg.minten@msb.nrw.de</a>, Tel.: 0211/5867-3316.</p>

<p>Datenschutzerklärung Anne-Frank-Gymnasium Aachen I. Name und Anschrift des Verantwortlichen </p>
<p>Anne-Frank-Gymnasium Hander Weg 89, 52072 Aachen Tel.: 0241-1769200 E-Mail: anne-frank-gymnasium@mail.aachen.de</p>
<p>&nbsp;</p>
<p> Vertretungsberechtigt </p>
<p>Dr. Alexander Heimes, Schulleiter</p>
<p> II. Name und Anschrift des Datenschutzbeauftragten </p>
<p>Die Datenschutzbeauftragte ist:</p>
<p>Paul Siebenbürger</p>
<p>Tel.: 0241-1769200 E-Mail: datenschutz@afgmail.de</p>
<p> III. Bereitstellung der Website und Erstellung von Logfiles </p>
<p>Bei jedem Aufruf unserer Internetseite erfasst unser &hellip; </p>
<p><a class="more-link btn" href="https://www.anne-frank-gymnasium.de/?page_id=7031">Weiterlesen</a></p>
