{"id":5612,"date":"2017-05-09T21:24:38","date_gmt":"2017-05-09T19:24:38","guid":{"rendered":"http:\/\/www.anne-frank-gymnasium.de\/?page_id=5612"},"modified":"2026-02-20T13:48:05","modified_gmt":"2026-02-20T12:48:05","slug":"sprachenfolge","status":"publish","type":"page","link":"https:\/\/www.anne-frank-gymnasium.de\/?page_id=5612","title":{"rendered":"Sprachenwahl am AFG"},"content":{"rendered":"<p><strong><a href=\"https:\/\/www.anne-frank-gymnasium.de\/wp-content\/uploads\/2018\/11\/Sprachenwahl.jpg\"><img loading=\"lazy\" decoding=\"async\" class=\"alignnone size-full wp-image-9270\" src=\"https:\/\/www.anne-frank-gymnasium.de\/wp-content\/uploads\/2018\/11\/Sprachenwahl.jpg\" alt=\"\" width=\"3573\" height=\"1000\" srcset=\"https:\/\/www.anne-frank-gymnasium.de\/wp-content\/uploads\/2018\/11\/Sprachenwahl.jpg 3573w, https:\/\/www.anne-frank-gymnasium.de\/wp-content\/uploads\/2018\/11\/Sprachenwahl-300x84.jpg 300w, https:\/\/www.anne-frank-gymnasium.de\/wp-content\/uploads\/2018\/11\/Sprachenwahl-768x215.jpg 768w, https:\/\/www.anne-frank-gymnasium.de\/wp-content\/uploads\/2018\/11\/Sprachenwahl-1024x287.jpg 1024w\" sizes=\"auto, (max-width: 3573px) 100vw, 3573px\" \/><\/a><\/strong><\/p>\n<p><strong>\u00a0<\/strong><\/p>\n<p>Durch ein breites Angebot von bis zu <strong>f\u00fcnf Fremdsprachen<\/strong> erm\u00f6glichen wir unseren Sch\u00fclerinnen und Sch\u00fclern, ein <strong>individuelles Fremdsprachenprofil<\/strong> zu gestalten. <strong><a href=\"https:\/\/www.anne-frank-gymnasium.de\/?page_id=124\">Sch\u00fcleraustausche<\/a> mit Partnerschulen, Vermittlung von Individualaustauschen<\/strong> und <strong>Fahrten in das benachbarte Ausland<\/strong> verbinden das Erlernen von Fremdsprachen mit kulturellen und menschlichen Begegnungen, die Motivation f\u00f6rdern und Nachhaltigkeit erm\u00f6glichen. Daf\u00fcr sind wir <a href=\"https:\/\/www.anne-frank-gymnasium.de\/?cat=91\">Europaschule<\/a>.<\/p>\n<p>&nbsp;<\/p>\n<table style=\"width: 736px;\">\n<tbody>\n<tr>\n<td style=\"width: 176.817px;\">Sprache<\/td>\n<td style=\"width: 362.35px;\" colspan=\"6\">Klasse<\/td>\n<td style=\"width: 195.717px;\" colspan=\"3\">Jahrgang<\/td>\n<\/tr>\n<tr>\n<td style=\"width: 176.817px;\"><\/td>\n<td style=\"width: 56.9px;\">5<\/td>\n<td style=\"width: 57.9px;\">6<\/td>\n<td style=\"width: 57.9px;\">7<\/td>\n<td style=\"width: 63.8667px;\">8<\/td>\n<td style=\"width: 60.8833px;\">9<\/td>\n<td style=\"width: 64.9px;\">10<\/td>\n<td style=\"width: 65.9px;\">EF<\/td>\n<td style=\"width: 64.9167px;\">Q1<\/td>\n<td style=\"width: 64.9px;\">Q2<\/td>\n<\/tr>\n<tr>\n<td style=\"width: 176.817px;\">Englisch<\/td>\n<td style=\"background-color: #ff0000; width: 56.9px;\"><\/td>\n<td style=\"background-color: #ff0000; width: 57.9px;\"><\/td>\n<td style=\"background-color: #ff0000; width: 57.9px;\"><\/td>\n<td style=\"background-color: #ff0000; width: 63.8667px;\"><\/td>\n<td style=\"background-color: #ff0000; width: 60.8833px;\"><\/td>\n<td style=\"background-color: #ff0000; width: 64.9px;\"><\/td>\n<td style=\"background-color: #ff6400; width: 65.9px;\"><\/td>\n<td style=\"background-color: #ff6400; width: 64.9167px;\"><\/td>\n<td style=\"background-color: #ff6400; width: 64.9px;\"><\/td>\n<\/tr>\n<tr>\n<td style=\"width: 176.817px;\">Latein<\/td>\n<td style=\"width: 56.9px;\"><\/td>\n<td style=\"width: 57.9px;\"><\/td>\n<td style=\"background-color: #00ff00; width: 57.9px;\"><\/td>\n<td style=\"background-color: #00ff00; width: 63.8667px;\"><\/td>\n<td style=\"background-color: #00ff00; width: 60.8833px;\"><\/td>\n<td style=\"background-color: #00ff00; width: 64.9px;\"><\/td>\n<td style=\"background-color: #00ff64; width: 65.9px;\"><\/td>\n<td style=\"background-color: #00ff64; width: 64.9167px;\"><\/td>\n<td style=\"background-color: #00ff64; width: 64.9px;\"><\/td>\n<\/tr>\n<tr>\n<td style=\"width: 176.817px;\">Franz\u00f6sisch<\/td>\n<td style=\"width: 56.9px;\"><\/td>\n<td style=\"width: 57.9px;\"><\/td>\n<td style=\"background-color: #0000ff; width: 57.9px;\"><\/td>\n<td style=\"background-color: #0000ff; width: 63.8667px;\"><\/td>\n<td style=\"background-color: #0000ff; width: 60.8833px;\"><\/td>\n<td style=\"background-color: #0000ff; width: 64.9px;\"><\/td>\n<td style=\"background-color: #0064ff; width: 65.9px;\"><\/td>\n<td style=\"background-color: #0064ff; width: 64.9167px;\"><\/td>\n<td style=\"background-color: #0064ff; width: 64.9px;\"><\/td>\n<\/tr>\n<tr>\n<td style=\"width: 176.817px;\">Spanisch<\/td>\n<td style=\"width: 56.9px;\"><\/td>\n<td style=\"width: 57.9px;\"><\/td>\n<td style=\"width: 57.9px;\"><\/td>\n<td style=\"width: 63.8667px;\"><\/td>\n<td style=\"background-color: #ffa000; width: 60.8833px;\"><\/td>\n<td style=\"background-color: #ffa000; width: 64.9px;\"><\/td>\n<td style=\"background-color: #ffa050; width: 65.9px;\"><\/td>\n<td style=\"background-color: #ffa050; width: 64.9167px;\"><\/td>\n<td style=\"background-color: #ffa050; width: 64.9px;\"><\/td>\n<\/tr>\n<tr>\n<td style=\"width: 176.817px;\">Niederl\u00e4ndisch<\/td>\n<td style=\"width: 56.9px;\"><\/td>\n<td style=\"width: 57.9px;\"><\/td>\n<td style=\"width: 57.9px;\"><\/td>\n<td style=\"width: 63.8667px;\"><\/td>\n<td style=\"width: 60.8833px;\"><\/td>\n<td style=\"width: 64.9px;\"><\/td>\n<td style=\"background-color: #ffff64; width: 65.9px;\"><\/td>\n<td style=\"background-color: #ffff64; width: 64.9167px;\"><\/td>\n<td style=\"background-color: #ffff64; width: 64.9px;\"><\/td>\n<\/tr>\n<\/tbody>\n<\/table>\n<p>&nbsp;<\/p>\n<p><strong>Weitere Informationen:<\/strong><\/p>\n<p><a href=\"https:\/\/www.anne-frank-gymnasium.de\/?page_id=11353\">Wahlpflichtbereich I (2. Fremdsprache Klasse 7-10)<\/a><\/p>\n<p><a href=\"https:\/\/www.anne-frank-gymnasium.de\/?page_id=2018\">Wahlpflichtbereich II (3. Fremdsprache oder anderes Fach Klasse 9-10)<\/a><\/p>\n<p>&nbsp;<\/p>\n<p>Ebenfalls ist es bei uns m\u00f6glich, das englisch-bilinguale Sachfach <a href=\"https:\/\/www.anne-frank-gymnasium.de\/?page_id=13393\">European Studies<\/a> zu belegen.<\/p>\n<p>&nbsp;<\/p>\n<p>Stand: Mai 2023<\/p>\n<p><strong>\u00a0<\/strong><\/p>\n<p>&nbsp;<\/p>\n<p>&nbsp;<\/p>\n<p>&nbsp;<\/p>\n","protected":false},"excerpt":{"rendered":"<p><a href=\"https:\/\/www.anne-frank-gymnasium.de\/wp-content\/uploads\/2018\/11\/Sprachenwahl.jpg\"><\/a><\/p>\n<p>\u00a0<\/p>\n<p>Durch ein breites Angebot von bis zu f\u00fcnf Fremdsprachen erm\u00f6glichen wir unseren Sch\u00fclerinnen und Sch\u00fclern, ein individuelles Fremdsprachenprofil zu gestalten. <a href=\"https:\/\/www.anne-frank-gymnasium.de\/?page_id=124\">Sch\u00fcleraustausche<\/a> mit Partnerschulen, Vermittlung von Individualaustauschen und Fahrten in das benachbarte Ausland verbinden das Erlernen von Fremdsprachen mit kulturellen und menschlichen Begegnungen, die Motivation f\u00f6rdern und Nachhaltigkeit erm\u00f6glichen. Daf\u00fcr sind wir &hellip; <\/p>\n<p><a class=\"more-link btn\" href=\"https:\/\/www.anne-frank-gymnasium.de\/?page_id=5612\">Weiterlesen<\/a><\/p>\n","protected":false},"author":6,"featured_media":0,"parent":6698,"menu_order":10,"comment_status":"closed","ping_status":"closed","template":"","meta":{"footnotes":""},"class_list":["post-5612","page","type-page","status-publish","hentry","nodate","item-wrap"],"_links":{"self":[{"href":"https:\/\/www.anne-frank-gymnasium.de\/index.php?rest_route=\/wp\/v2\/pages\/5612","targetHints":{"allow":["GET"]}}],"collection":[{"href":"https:\/\/www.anne-frank-gymnasium.de\/index.php?rest_route=\/wp\/v2\/pages"}],"about":[{"href":"https:\/\/www.anne-frank-gymnasium.de\/index.php?rest_route=\/wp\/v2\/types\/page"}],"author":[{"embeddable":true,"href":"https:\/\/www.anne-frank-gymnasium.de\/index.php?rest_route=\/wp\/v2\/users\/6"}],"replies":[{"embeddable":true,"href":"https:\/\/www.anne-frank-gymnasium.de\/index.php?rest_route=%2Fwp%2Fv2%2Fcomments&post=5612"}],"version-history":[{"count":18,"href":"https:\/\/www.anne-frank-gymnasium.de\/index.php?rest_route=\/wp\/v2\/pages\/5612\/revisions"}],"predecessor-version":[{"id":19439,"href":"https:\/\/www.anne-frank-gymnasium.de\/index.php?rest_route=\/wp\/v2\/pages\/5612\/revisions\/19439"}],"up":[{"embeddable":true,"href":"https:\/\/www.anne-frank-gymnasium.de\/index.php?rest_route=\/wp\/v2\/pages\/6698"}],"wp:attachment":[{"href":"https:\/\/www.anne-frank-gymnasium.de\/index.php?rest_route=%2Fwp%2Fv2%2Fmedia&parent=5612"}],"curies":[{"name":"wp","href":"https:\/\/api.w.org\/{rel}","templated":true}]}}

<p><strong><a href="https://www.anne-frank-gymnasium.de/wp-content/uploads/2018/11/Sprachenwahl.jpg"><img loading="lazy" decoding="async" class="alignnone size-full wp-image-9270" src="https://www.anne-frank-gymnasium.de/wp-content/uploads/2018/11/Sprachenwahl.jpg" alt="" width="3573" height="1000" srcset="https://www.anne-frank-gymnasium.de/wp-content/uploads/2018/11/Sprachenwahl.jpg 3573w, https://www.anne-frank-gymnasium.de/wp-content/uploads/2018/11/Sprachenwahl-300x84.jpg 300w, https://www.anne-frank-gymnasium.de/wp-content/uploads/2018/11/Sprachenwahl-768x215.jpg 768w, https://www.anne-frank-gymnasium.de/wp-content/uploads/2018/11/Sprachenwahl-1024x287.jpg 1024w" sizes="auto, (max-width: 3573px) 100vw, 3573px" /></a></strong></p>
<p><strong> </strong></p>
<p>Durch ein breites Angebot von bis zu <strong>fünf Fremdsprachen</strong> ermöglichen wir unseren Schülerinnen und Schülern, ein <strong>individuelles Fremdsprachenprofil</strong> zu gestalten. <strong><a href="https://www.anne-frank-gymnasium.de/?page_id=124">Schüleraustausche</a> mit Partnerschulen, Vermittlung von Individualaustauschen</strong> und <strong>Fahrten in das benachbarte Ausland</strong> verbinden das Erlernen von Fremdsprachen mit kulturellen und menschlichen Begegnungen, die Motivation fördern und Nachhaltigkeit ermöglichen. Dafür sind wir <a href="https://www.anne-frank-gymnasium.de/?cat=91">Europaschule</a>.</p>
<p>&nbsp;</p>
<table style="width: 736px;">
<tbody>
<tr>
<td style="width: 176.817px;">Sprache</td>
<td style="width: 362.35px;" colspan="6">Klasse</td>
<td style="width: 195.717px;" colspan="3">Jahrgang</td>
</tr>
<tr>
<td style="width: 176.817px;"></td>
<td style="width: 56.9px;">5</td>
<td style="width: 57.9px;">6</td>
<td style="width: 57.9px;">7</td>
<td style="width: 63.8667px;">8</td>
<td style="width: 60.8833px;">9</td>
<td style="width: 64.9px;">10</td>
<td style="width: 65.9px;">EF</td>
<td style="width: 64.9167px;">Q1</td>
<td style="width: 64.9px;">Q2</td>
</tr>
<tr>
<td style="width: 176.817px;">Englisch</td>
<td style="background-color: #ff0000; width: 56.9px;"></td>
<td style="background-color: #ff0000; width: 57.9px;"></td>
<td style="background-color: #ff0000; width: 57.9px;"></td>
<td style="background-color: #ff0000; width: 63.8667px;"></td>
<td style="background-color: #ff0000; width: 60.8833px;"></td>
<td style="background-color: #ff0000; width: 64.9px;"></td>
<td style="background-color: #ff6400; width: 65.9px;"></td>
<td style="background-color: #ff6400; width: 64.9167px;"></td>
<td style="background-color: #ff6400; width: 64.9px;"></td>
</tr>
<tr>
<td style="width: 176.817px;">Latein</td>
<td style="width: 56.9px;"></td>
<td style="width: 57.9px;"></td>
<td style="background-color: #00ff00; width: 57.9px;"></td>
<td style="background-color: #00ff00; width: 63.8667px;"></td>
<td style="background-color: #00ff00; width: 60.8833px;"></td>
<td style="background-color: #00ff00; width: 64.9px;"></td>
<td style="background-color: #00ff64; width: 65.9px;"></td>
<td style="background-color: #00ff64; width: 64.9167px;"></td>
<td style="background-color: #00ff64; width: 64.9px;"></td>
</tr>
<tr>
<td style="width: 176.817px;">Französisch</td>
<td style="width: 56.9px;"></td>
<td style="width: 57.9px;"></td>
<td style="background-color: #0000ff; width: 57.9px;"></td>
<td style="background-color: #0000ff; width: 63.8667px;"></td>
<td style="background-color: #0000ff; width: 60.8833px;"></td>
<td style="background-color: #0000ff; width: 64.9px;"></td>
<td style="background-color: #0064ff; width: 65.9px;"></td>
<td style="background-color: #0064ff; width: 64.9167px;"></td>
<td style="background-color: #0064ff; width: 64.9px;"></td>
</tr>
<tr>
<td style="width: 176.817px;">Spanisch</td>
<td style="width: 56.9px;"></td>
<td style="width: 57.9px;"></td>
<td style="width: 57.9px;"></td>
<td style="width: 63.8667px;"></td>
<td style="background-color: #ffa000; width: 60.8833px;"></td>
<td style="background-color: #ffa000; width: 64.9px;"></td>
<td style="background-color: #ffa050; width: 65.9px;"></td>
<td style="background-color: #ffa050; width: 64.9167px;"></td>
<td style="background-color: #ffa050; width: 64.9px;"></td>
</tr>
<tr>
<td style="width: 176.817px;">Niederländisch</td>
<td style="width: 56.9px;"></td>
<td style="width: 57.9px;"></td>
<td style="width: 57.9px;"></td>
<td style="width: 63.8667px;"></td>
<td style="width: 60.8833px;"></td>
<td style="width: 64.9px;"></td>
<td style="background-color: #ffff64; width: 65.9px;"></td>
<td style="background-color: #ffff64; width: 64.9167px;"></td>
<td style="background-color: #ffff64; width: 64.9px;"></td>
</tr>
</tbody>
</table>
<p>&nbsp;</p>
<p><strong>Weitere Informationen:</strong></p>
<p><a href="https://www.anne-frank-gymnasium.de/?page_id=11353">Wahlpflichtbereich I (2. Fremdsprache Klasse 7-10)</a></p>
<p><a href="https://www.anne-frank-gymnasium.de/?page_id=2018">Wahlpflichtbereich II (3. Fremdsprache oder anderes Fach Klasse 9-10)</a></p>
<p>&nbsp;</p>
<p>Ebenfalls ist es bei uns möglich, das englisch-bilinguale Sachfach <a href="https://www.anne-frank-gymnasium.de/?page_id=13393">European Studies</a> zu belegen.</p>
<p>&nbsp;</p>
<p>Stand: Mai 2023</p>
<p><strong> </strong></p>
<p>&nbsp;</p>
<p>&nbsp;</p>
<p>&nbsp;</p>

<p><a href="https://www.anne-frank-gymnasium.de/wp-content/uploads/2018/11/Sprachenwahl.jpg"></a></p>
<p> </p>
<p>Durch ein breites Angebot von bis zu fünf Fremdsprachen ermöglichen wir unseren Schülerinnen und Schülern, ein individuelles Fremdsprachenprofil zu gestalten. <a href="https://www.anne-frank-gymnasium.de/?page_id=124">Schüleraustausche</a> mit Partnerschulen, Vermittlung von Individualaustauschen und Fahrten in das benachbarte Ausland verbinden das Erlernen von Fremdsprachen mit kulturellen und menschlichen Begegnungen, die Motivation fördern und Nachhaltigkeit ermöglichen. Dafür sind wir &hellip; </p>
<p><a class="more-link btn" href="https://www.anne-frank-gymnasium.de/?page_id=5612">Weiterlesen</a></p>
