{"id":4880,"date":"2016-12-02T14:58:07","date_gmt":"2016-12-02T13:58:07","guid":{"rendered":"http:\/\/www.anne-frank-gymnasium.de\/?page_id=4880"},"modified":"2024-05-02T13:58:25","modified_gmt":"2024-05-02T11:58:25","slug":"allgemeine-infos","status":"publish","type":"page","link":"https:\/\/www.anne-frank-gymnasium.de\/?page_id=4880","title":{"rendered":"Allgemeine Infos"},"content":{"rendered":"<p>Liebe Eltern,<br \/>\nliebe Sch\u00fclerinnen und Sch\u00fcler,<\/p>\n<p>wir, das sind <strong>Marion R\u00f6sner-Jumpertz<\/strong> (Chemie, katholische Religion und Mathematik), <strong>Felix Meisel<\/strong> (Deutsch, Geschichte und StuBO am AFG) sowie <strong>Sandra Waldhausen<\/strong> (Mathematik, Biologie), bilden das <strong>Team der Mittelstufenkoordination<\/strong>.<\/p>\n<p>Die Mittelstufe umfasst die Jahrgangsstufen 7 bis 9 (nach G8) und 7 bis 10 (f\u00fcr G9). Sie ist\u00a0die zweite Stufe in der Sekundarstufe I und das Verbindungsglied zwischen der Erprobungsstufe und der gymnasialen Oberstufe. In der Mittelstufe werden die fachlichen und methodischen Grundlagen f\u00fcr den erfolgreichen Besuch der gymnasialen Oberstufe gelegt. Die gesetzliche Grundlage der Arbeit in der Mittelstufe sind das <em>Schulgesetz des Landes NRW<\/em>, die <em>APO SI<\/em>\u00a0sowie die <em>Kernlehrpl\u00e4ne <\/em>der einzelnen F\u00e4cher.<\/p>\n<p>Nachdem die Sch\u00fclerinnen und Sch\u00fcler erfolgreich die Erprobungsstufe durchlaufen haben, gehen sie in die <strong>Jahrgangsstufe 7 <\/strong>\u00fcber. In der Regel erfolgt der Stufenwechsel kaum sp\u00fcrbar, da sie weiter in ihrem Klassenverband bleiben. In einer Zeit, die durch die Pubert\u00e4t und die Pers\u00f6nlichkeitsentwicklung der Sch\u00fclerinnen und Sch\u00fcler gepr\u00e4gt ist, gew\u00e4hrleistet der stabile Klassenverband soziale Kontinuit\u00e4t. Die F\u00e4cher der Erprobungsstufe, \u00a0werden in der Jahrgangsstufe 7 weitergef\u00fchrt und um die <strong>2. Fremdsprache im Wahlpflichtbereich I (Franz\u00f6sisch oder Latein) <\/strong>und das Fach Chemie erweitert.<\/p>\n<p>Ab der <strong>Jahrgangsstufe 8 (G8) <\/strong>und der<strong> Jahrgangsstufe 9 (G9)<\/strong> haben die Sch\u00fcler die M\u00f6glichkeit und Chance, in ihren individuellen Neigungen gef\u00f6rdert zu werden. Traditionell bietet das AFG im sogenannten Wahlpflichtbereich II eine 3. Fremdsprache sowie Informatik an. Eine Besonderheit des AFG sind im WP-II-Bereich die Kurse<strong> Sport-Biologie-Gesundheits-Kurs und European Studies<\/strong>. Weitere Infos sind dem Reiter <strong>Mittelstufenkoordination &#8211; Wahlpflichtbereich II<\/strong> zu entnehmen.<\/p>\n<p>Im Zuge der Vorbereitung auf das Berufsleben organisieren wir in der Klasse 8 die sogenannten <strong>Berufsfelderkundungstage<\/strong> und nehmen an der <strong>Potenzialanalyse<\/strong> teil. Hierzu informieren wir die Eltern auf dem ersten Pflegschaftsabend sowie die Sch\u00fcler und Sch\u00fclerinnen noch gesondert. Unsere Studien- und Berufsorientierungsberater, Frau Schouten und Herr Meisel, helfen uns mit Rat und Tat. Weitere Infos hierzu sind dem Reiter <strong>Studien- und Berufswahlorientierung<\/strong> zu entnehmen.<\/p>\n<p>Neben dem bisher Erw\u00e4hnten stellen sich die Sch\u00fcler der 8. Klassen <strong>bei VERA 8\u00a0 (bisher Lernstand 8)<\/strong> dem bundesweiten Vergleich. In den F\u00e4chern Deutsch, Englisch und Mathematik werden die erreichten Kompetenzen im ganzen Land NRW und deutschlandweit \u00fcberpr\u00fcft. Die Ergebnisse geben den Sch\u00fclern nicht nur eine individuelle R\u00fcckmeldung, sondern sie erm\u00f6glichen den Fachschaften auch gezielte Optimierungs- und F\u00f6rderma\u00dfnahmen f\u00fcr den weiteren Unterricht in den F\u00e4chern.<\/p>\n<p>Unter G9 ist die Jahrgangstufe 10 das letzte Schuljahr in der Sekundarstufe I. In diesem Schuljahr finden die Zentralen Pr\u00fcfungen (ZP10) statt. Hier wird in den einzelnen F\u00e4chern der \u00dcbergang in die Oberstufe vorbereitet. Mit der Versetzung am Ende der Klasse 10 erwerben unsere Sch\u00fclerinnen und Sch\u00fcler automatisch die Berechtigung zum Besuch der <a href=\"http:\/\/www.inda-gymnasium.de\/oberstufe.html\">Oberstufe<\/a>, in der sie ihre Schullaufbahn fortsetzen und diese weiter individualisieren k\u00f6nnen.<\/p>\n<p>Zur F\u00f6rderung des schulischen Miteinanders haben die Sch\u00fclerinnen und Sch\u00fcler auch \u00fcber den Unterricht hinausgehende M\u00f6glichkeiten individuelle Interessen zu verfolgen. Genannt sind hier die Mitarbeit<\/p>\n<ul>\n<li>in der Sch\u00fclervertretung<\/li>\n<li>beim Sch\u00fclerlotsendienst<\/li>\n<li>beim Schulsanit\u00e4tsdienst<\/li>\n<li>bei den Sporthelfer*innen<\/li>\n<li>bei den Streitschlichter*innen<\/li>\n<li>den Medienscouts und<\/li>\n<li>in den AGs.<\/li>\n<\/ul>\n<p>In der Mittelstufe finden im Rahmen des Schulprogramms auch drei Fahrten statt:<\/p>\n<ul>\n<li>die Jgst. 7 geht auf dreit\u00e4gige Abenteuerfahrt, u.a. in den Landschaftspark Nord nach Duisburg<\/li>\n<li>die Jgst. 8 unternimmt eine Tagestour nach Amsterdam mit dem Besuch des Anne-Frank-Hauses<\/li>\n<li>die Jgst. 9 f\u00e4hrt eine Woche Ski in \u00d6sterreich oder unternimmt eine einw\u00f6chige Klassenfahrt mit sportlichem Schwerpunkt.<\/li>\n<\/ul>\n<p>&nbsp;<\/p>\n<p>F\u00fcr weitere Fragen, Anregungen oder bei Problemen stehen wir gerne zur Verf\u00fcgung.<\/p>\n<p>Wir freuen uns\u00a0auf eine konstruktive, erfolgreiche und vertrauensvolle Zusammenarbeit.<\/p>\n<p>Marion R\u00f6sner-Jumpertz (StD\u00b4), Felix Meisel (StR) und Sandra Waldhausen (StR\u00b4)<\/p>\n<p><span style=\"color: #3789b5;\"><strong>Kontaktaufnahme:<\/strong><\/span><\/p>\n<p><span style=\"color: #3789b5;\"><strong>Telefonisch unter 0241\/1769-224 oder -200 (Sekretariat) oder<\/strong><\/span><\/p>\n<p><span style=\"color: #3789b5;\"><strong>per Email:\u00a0<\/strong><\/span><\/p>\n<p><span style=\"color: #3789b5;\"><strong>roesner-jumpertz(at)afgmail.de<\/strong><\/span><\/p>\n","protected":false},"excerpt":{"rendered":"<p>Liebe Eltern, liebe Sch\u00fclerinnen und Sch\u00fcler,<\/p>\n<p>wir, das sind Marion R\u00f6sner-Jumpertz (Chemie, katholische Religion und Mathematik), Felix Meisel (Deutsch, Geschichte und StuBO am AFG) sowie Sandra Waldhausen (Mathematik, Biologie), bilden das Team der Mittelstufenkoordination.<\/p>\n<p>Die Mittelstufe umfasst die Jahrgangsstufen 7 bis 9 (nach G8) und 7 bis 10 (f\u00fcr G9). Sie ist\u00a0die zweite Stufe in &hellip; <\/p>\n<p><a class=\"more-link btn\" href=\"https:\/\/www.anne-frank-gymnasium.de\/?page_id=4880\">Weiterlesen<\/a><\/p>\n","protected":false},"author":6,"featured_media":0,"parent":1987,"menu_order":0,"comment_status":"closed","ping_status":"closed","template":"","meta":{"footnotes":""},"class_list":["post-4880","page","type-page","status-publish","hentry","nodate","item-wrap"],"_links":{"self":[{"href":"https:\/\/www.anne-frank-gymnasium.de\/index.php?rest_route=\/wp\/v2\/pages\/4880","targetHints":{"allow":["GET"]}}],"collection":[{"href":"https:\/\/www.anne-frank-gymnasium.de\/index.php?rest_route=\/wp\/v2\/pages"}],"about":[{"href":"https:\/\/www.anne-frank-gymnasium.de\/index.php?rest_route=\/wp\/v2\/types\/page"}],"author":[{"embeddable":true,"href":"https:\/\/www.anne-frank-gymnasium.de\/index.php?rest_route=\/wp\/v2\/users\/6"}],"replies":[{"embeddable":true,"href":"https:\/\/www.anne-frank-gymnasium.de\/index.php?rest_route=%2Fwp%2Fv2%2Fcomments&post=4880"}],"version-history":[{"count":30,"href":"https:\/\/www.anne-frank-gymnasium.de\/index.php?rest_route=\/wp\/v2\/pages\/4880\/revisions"}],"predecessor-version":[{"id":17411,"href":"https:\/\/www.anne-frank-gymnasium.de\/index.php?rest_route=\/wp\/v2\/pages\/4880\/revisions\/17411"}],"up":[{"embeddable":true,"href":"https:\/\/www.anne-frank-gymnasium.de\/index.php?rest_route=\/wp\/v2\/pages\/1987"}],"wp:attachment":[{"href":"https:\/\/www.anne-frank-gymnasium.de\/index.php?rest_route=%2Fwp%2Fv2%2Fmedia&parent=4880"}],"curies":[{"name":"wp","href":"https:\/\/api.w.org\/{rel}","templated":true}]}}