{"id":3903,"date":"2016-01-13T16:07:31","date_gmt":"2016-01-13T15:07:31","guid":{"rendered":"http:\/\/www.anne-frank-gymnasium.de\/?page_id=3903"},"modified":"2026-02-22T19:47:34","modified_gmt":"2026-02-22T18:47:34","slug":"mint-profil-am-anne-frank-gymnasium","status":"publish","type":"page","link":"https:\/\/www.anne-frank-gymnasium.de\/?page_id=3903","title":{"rendered":"MINT-Profil am AFG"},"content":{"rendered":"<p>MINT am AFG (Film)<\/p>\n<div class=\"embed-container\"><iframe loading=\"lazy\" title=\"MINT-AG am AFG | Das Anne-Frank-Gymnasium Aachen stellt sich vor\" width=\"870\" height=\"489\" src=\"https:\/\/www.youtube.com\/embed\/DdnMi06R95A?feature=oembed\" frameborder=\"0\" allow=\"accelerometer; autoplay; clipboard-write; encrypted-media; gyroscope; picture-in-picture; web-share\" referrerpolicy=\"strict-origin-when-cross-origin\" allowfullscreen><\/iframe><\/div>\n<p>&nbsp;<\/p>\n<p>Flyer <a href=\"https:\/\/www.anne-frank-gymnasium.de\/wp-content\/uploads\/2026\/02\/Mint_Flyer-5-komprimiert.pdf\">MINT am AFG<\/a><\/p>\n<div>\n<a href=\"https:\/\/www.anne-frank-gymnasium.de\/wp-content\/uploads\/2026\/02\/Mint_Flyer-5-komprimiert.pdf\" class=\"pdfemb-viewer\" style=\"\" data-width=\"max\" data-height=\"max\" data-toolbar=\"bottom\" data-toolbar-fixed=\"off\">Mint_Flyer-5 komprimiert<\/a>\n<\/div>\n<p>&nbsp;<\/p>\n<div class=\"page\" title=\"Page 1\">\n<div class=\"section\">\n<div class=\"layoutArea\">\n<div class=\"column\">\n<p>&nbsp;<\/p>\n<p>Ansprechpartnerinnen und -partner:<\/p>\n<p>Frau Plum: &#8230; Organisation von weiteren MINT-Aktivit\u00e4ten (z.B. eXploregiomobil, MINT Trucks, TH\/FH workshops&#8230;)<\/p>\n<p>Herr Oliver Fr\u00fchwein: Leitung des Maker Spaces, Weiterentwicklung und Umsetzung zur MINT F\u00f6rderung (z.B. neue MINT Fachr\u00e4ume, Ausstattung mit digitalen Medien von Kolleg*innen, Sch\u00fcler*innen, und Fachr\u00e4umen&#8230;)<\/p>\n<p>Herr Jakobs: Mitbetreuer der MINT-AG, Leiter von Projektkursen (z.B. Raspberry Pi&#8230;.)<\/p>\n<p>Frau Dr. Bodenstein: Ansprechpartnerin und Mitorganisatorin von Mathematik- (z.B. K\u00e4nguru) und Physikwettbewerben, &#8230;<\/p>\n<p>Frau Burchardt: Gefahrstoffbeauftragte, Leiterin der Bienen-AG, Organisatorin von Chemie-Wettbewerben, &#8230;<\/p>\n<p>Frau Essers: Konzeptionelle Weiterentwicklung der Digitalisierung im Allgemeinen, &#8230;<\/p>\n<p>Herr Kritzner: Organisator von IT-Projekten wie KI-Woche, Robotics-Woche, &#8230;<\/p>\n<p>Frau Heuterkes: Koordination der Begabtenf\u00f6rderung (z.B. Vermittlung von SuS zur Sicherstellung von F\u00f6rder- und Forderangeboten), &#8230;<\/p>\n<p>&nbsp;<\/p>\n<\/div>\n<\/div>\n<\/div>\n<\/div>\n<p>Weitere Informationen:<\/p>\n<p>&#8211; <a href=\"https:\/\/www.anne-frank-gymnasium.de\/?cat=40\">Homepage-Beitr\u00e4ge zum Thema MINT<\/a><\/p>\n<p>&#8211; Link zur <a href=\"https:\/\/www.anne-frank-gymnasium.de\/?page_id=9575\">MINT-Exzellenz-AG<\/a><\/p>\n<p>&#8211; Link zu den <a href=\"https:\/\/www.anne-frank-gymnasium.de\/?page_id=1847\">MINT-F\u00e4chern<\/a><\/p>\n<p>&nbsp;<\/p>\n<p><span style=\"font-size: 10pt;\">Vero\u0308ffentlichung von Homepage-Artikeln liegt in Verantwortung der durchfu\u0308hrenden Lehrkraft und alle MINT Lehrkra\u0308fte informieren u\u0308ber Angebote im MINT Bereich.<\/span><\/p>\n","protected":false},"excerpt":{"rendered":"<p>MINT am AFG (Film)<\/p>\n<p>&nbsp;<\/p>\n<p>Flyer <a href=\"https:\/\/www.anne-frank-gymnasium.de\/wp-content\/uploads\/2026\/02\/Mint_Flyer-5-komprimiert.pdf\">MINT am AFG<\/a><\/p>\n<p>&nbsp;<\/p>\n<p>&nbsp;<\/p>\n<p>Ansprechpartnerinnen und -partner:<\/p>\n<p>Frau Plum: &#8230; Organisation von weiteren MINT-Aktivit\u00e4ten (z.B. eXploregiomobil, MINT Trucks, TH\/FH workshops&#8230;)<\/p>\n<p>Herr Oliver Fr\u00fchwein: Leitung des Maker Spaces, Weiterentwicklung und Umsetzung zur MINT F\u00f6rderung (z.B. neue MINT Fachr\u00e4ume, Ausstattung mit digitalen Medien von Kolleg*innen, Sch\u00fcler*innen, und Fachr\u00e4umen&#8230;)<\/p>\n<p>Herr &hellip; <\/p>\n<p><a class=\"more-link btn\" href=\"https:\/\/www.anne-frank-gymnasium.de\/?page_id=3903\">Weiterlesen<\/a><\/p>\n","protected":false},"author":6,"featured_media":0,"parent":16177,"menu_order":1,"comment_status":"closed","ping_status":"closed","template":"","meta":{"footnotes":""},"class_list":["post-3903","page","type-page","status-publish","hentry","nodate","item-wrap"],"_links":{"self":[{"href":"https:\/\/www.anne-frank-gymnasium.de\/index.php?rest_route=\/wp\/v2\/pages\/3903","targetHints":{"allow":["GET"]}}],"collection":[{"href":"https:\/\/www.anne-frank-gymnasium.de\/index.php?rest_route=\/wp\/v2\/pages"}],"about":[{"href":"https:\/\/www.anne-frank-gymnasium.de\/index.php?rest_route=\/wp\/v2\/types\/page"}],"author":[{"embeddable":true,"href":"https:\/\/www.anne-frank-gymnasium.de\/index.php?rest_route=\/wp\/v2\/users\/6"}],"replies":[{"embeddable":true,"href":"https:\/\/www.anne-frank-gymnasium.de\/index.php?rest_route=%2Fwp%2Fv2%2Fcomments&post=3903"}],"version-history":[{"count":19,"href":"https:\/\/www.anne-frank-gymnasium.de\/index.php?rest_route=\/wp\/v2\/pages\/3903\/revisions"}],"predecessor-version":[{"id":19476,"href":"https:\/\/www.anne-frank-gymnasium.de\/index.php?rest_route=\/wp\/v2\/pages\/3903\/revisions\/19476"}],"up":[{"embeddable":true,"href":"https:\/\/www.anne-frank-gymnasium.de\/index.php?rest_route=\/wp\/v2\/pages\/16177"}],"wp:attachment":[{"href":"https:\/\/www.anne-frank-gymnasium.de\/index.php?rest_route=%2Fwp%2Fv2%2Fmedia&parent=3903"}],"curies":[{"name":"wp","href":"https:\/\/api.w.org\/{rel}","templated":true}]}}