{"id":3704,"date":"2015-11-08T17:50:54","date_gmt":"2015-11-08T16:50:54","guid":{"rendered":"http:\/\/www.anne-frank-gymnasium.de\/?page_id=3704"},"modified":"2025-09-04T14:22:05","modified_gmt":"2025-09-04T12:22:05","slug":"basketball-ag","status":"publish","type":"page","link":"https:\/\/www.anne-frank-gymnasium.de\/?page_id=3704","title":{"rendered":"Basketball-AG"},"content":{"rendered":"<p>Ihr interessiert euch f\u00fcr Basketball? Wollt K\u00f6rbe werfen, neue Tricks und Techniken lernen und euch weiter verbessern oder einfach nur in lockerer Atmosph\u00e4re spielen? Dann seid ihr bei unserer Basketball-AG genau richtig \u2013 egal, ob M\u00e4dchen oder Junge, und egal, in welcher Klasse!<\/p>\n<p>Wir bieten in der Schulzeit <strong>jeden Mittwoch um 13.45 Uhr<\/strong> eine Basketball-AG an, die von einer ausgebildeten Sporthelferin und Sch\u00fclerin des AFG, die selbst Basketball bei der BG Aachen spielt, betreut wird.<\/p>\n<p>Falls ihr Interesse habt, kommt einfach vorbei \u2013 eine Voranmeldung ist nicht n\u00f6tig! Wir treffen uns p\u00fcnktlich um 13.45 Uhr vor der Turnhalle.<\/p>\n<p>Was ihr braucht: Geeignete Hallenschuhe, Sportklamotten und ausreichend zu trinken.<\/p>\n<p>Wir freuen uns auf euch!<\/p>\n<p>Ansprechpartner: Herr Meisel (meisel@afgmail.de) | Maike Jansen (10c)<\/p>\n","protected":false},"excerpt":{"rendered":"<p>Ihr interessiert euch f\u00fcr Basketball? Wollt K\u00f6rbe werfen, neue Tricks und Techniken lernen und euch weiter verbessern oder einfach nur in lockerer Atmosph\u00e4re spielen? Dann seid ihr bei unserer Basketball-AG genau richtig \u2013 egal, ob M\u00e4dchen oder Junge, und egal, in welcher Klasse!<\/p>\n<p>Wir bieten in der Schulzeit jeden Mittwoch um 13.45 Uhr eine Basketball-AG &hellip; <\/p>\n<p><a class=\"more-link btn\" href=\"https:\/\/www.anne-frank-gymnasium.de\/?page_id=3704\">Weiterlesen<\/a><\/p>\n","protected":false},"author":6,"featured_media":0,"parent":4518,"menu_order":0,"comment_status":"closed","ping_status":"closed","template":"","meta":{"footnotes":""},"class_list":["post-3704","page","type-page","status-publish","hentry","nodate","item-wrap"],"_links":{"self":[{"href":"https:\/\/www.anne-frank-gymnasium.de\/index.php?rest_route=\/wp\/v2\/pages\/3704","targetHints":{"allow":["GET"]}}],"collection":[{"href":"https:\/\/www.anne-frank-gymnasium.de\/index.php?rest_route=\/wp\/v2\/pages"}],"about":[{"href":"https:\/\/www.anne-frank-gymnasium.de\/index.php?rest_route=\/wp\/v2\/types\/page"}],"author":[{"embeddable":true,"href":"https:\/\/www.anne-frank-gymnasium.de\/index.php?rest_route=\/wp\/v2\/users\/6"}],"replies":[{"embeddable":true,"href":"https:\/\/www.anne-frank-gymnasium.de\/index.php?rest_route=%2Fwp%2Fv2%2Fcomments&post=3704"}],"version-history":[{"count":20,"href":"https:\/\/www.anne-frank-gymnasium.de\/index.php?rest_route=\/wp\/v2\/pages\/3704\/revisions"}],"predecessor-version":[{"id":18779,"href":"https:\/\/www.anne-frank-gymnasium.de\/index.php?rest_route=\/wp\/v2\/pages\/3704\/revisions\/18779"}],"up":[{"embeddable":true,"href":"https:\/\/www.anne-frank-gymnasium.de\/index.php?rest_route=\/wp\/v2\/pages\/4518"}],"wp:attachment":[{"href":"https:\/\/www.anne-frank-gymnasium.de\/index.php?rest_route=%2Fwp%2Fv2%2Fmedia&parent=3704"}],"curies":[{"name":"wp","href":"https:\/\/api.w.org\/{rel}","templated":true}]}}