{"id":3325,"date":"2015-05-18T14:53:32","date_gmt":"2015-05-18T12:53:32","guid":{"rendered":"http:\/\/www.anne-frank-gymnasium.de\/?page_id=3325"},"modified":"2025-10-15T09:46:46","modified_gmt":"2025-10-15T07:46:46","slug":"wir","status":"publish","type":"page","link":"https:\/\/www.anne-frank-gymnasium.de\/?page_id=3325","title":{"rendered":"Wer sind wir?"},"content":{"rendered":"<p><a href=\"https:\/\/www.anne-frank-gymnasium.de\/wp-content\/uploads\/2023\/11\/20231116_073638_0000.png\"><img loading=\"lazy\" decoding=\"async\" class=\"aligncenter wp-image-16789 size-large\" src=\"https:\/\/www.anne-frank-gymnasium.de\/wp-content\/uploads\/2023\/11\/20231116_073638_0000-e1700217462742-1024x704.png\" alt=\"\" width=\"870\" height=\"598\" srcset=\"https:\/\/www.anne-frank-gymnasium.de\/wp-content\/uploads\/2023\/11\/20231116_073638_0000-e1700217462742-1024x704.png 1024w, https:\/\/www.anne-frank-gymnasium.de\/wp-content\/uploads\/2023\/11\/20231116_073638_0000-e1700217462742-300x206.png 300w, https:\/\/www.anne-frank-gymnasium.de\/wp-content\/uploads\/2023\/11\/20231116_073638_0000-e1700217462742-768x528.png 768w, https:\/\/www.anne-frank-gymnasium.de\/wp-content\/uploads\/2023\/11\/20231116_073638_0000-e1700217462742-870x598.png 870w, https:\/\/www.anne-frank-gymnasium.de\/wp-content\/uploads\/2023\/11\/20231116_073638_0000-e1700217462742.png 1305w\" sizes=\"auto, (max-width: 870px) 100vw, 870px\" \/><\/a><\/p>\n<p>Der \u201eVerein der Freunde des Anne-Frank-Gymnasiums der Stadt Aachen\u201c unterst\u00fctzt mit den Spenden und Mitgliedsbeitr\u00e4gen die Erziehungs- und Bildungsarbeit unserer Schule. Wir f\u00f6rdern ausschlie\u00dflich gemeinn\u00fctzige Zwecke. Unser Engagement gilt sowohl f\u00fcr<\/p>\n<ul>\n<li>Projekte im Bereich Musik, Sport, Literatur, Kunst, Naturwissenschaften,<\/li>\n<li>besondere Aktivit\u00e4ten einzelner Klassen, Gruppen oder Arbeitsgemeinschaften. Wir unterst\u00fctzen die<\/li>\n<li>Partnerschaften mit ausl\u00e4ndischen Schulen und<\/li>\n<li>wir m\u00f6chten allen Sch\u00fclern die Teilnahme an Klassen- und Stufenfahrten erm\u00f6glichen.<\/li>\n<\/ul>\n<p>Die gute Beziehung der Sch\u00fcler, Eltern, Ehemaligen und Freunde des Anne-Frank-Gymnasiums m\u00f6chten wir erhalten und st\u00e4rken.<\/p>\n<p>Ihr F\u00f6rderverein<\/p>\n<p>&nbsp;<\/p>\n<p>Aktuelle Termine zu Veranstaltungen des F\u00f6rdervereins entnehmen sie bitte dem Schulterminplan. Dort ergeben sich auch immer wieder M\u00f6glichkeiten f\u00fcr die direkte Kontaktaufnahme mit den Repr\u00e4sentanten des F\u00f6rdervereins. \u00a0&gt;&gt;\u00a0<a title=\"&gt;&gt; Terminplan\" href=\"https:\/\/www.anne-frank-gymnasium.de\/?page_id=4368\" target=\"_blank\" rel=\"noopener noreferrer\">Terminplan<\/a><\/p>\n<p>&nbsp;<\/p>\n<p><a href=\"https:\/\/www.anne-frank-gymnasium.de\/wp-content\/uploads\/2025\/10\/FoeV_Protokoll_MV_2024_unterschrieben.pdf\">Protokoll der Mitgliederversammlung vom 06.06.2024<\/a><\/p>\n<a href=\"https:\/\/www.anne-frank-gymnasium.de\/wp-content\/uploads\/2025\/10\/FoeV_Protokoll_MV_2024_unterschrieben.pdf\" class=\"pdfemb-viewer\" style=\"\" data-width=\"max\" data-height=\"max\" data-toolbar=\"bottom\" data-toolbar-fixed=\"off\">Fo\u0308V_Protokoll_MV_2024_unterschrieben<\/a>\n","protected":false},"excerpt":{"rendered":"<p><a href=\"https:\/\/www.anne-frank-gymnasium.de\/wp-content\/uploads\/2023\/11\/20231116_073638_0000.png\"><\/a><\/p>\n<p>Der \u201eVerein der Freunde des Anne-Frank-Gymnasiums der Stadt Aachen\u201c unterst\u00fctzt mit den Spenden und Mitgliedsbeitr\u00e4gen die Erziehungs- und Bildungsarbeit unserer Schule. Wir f\u00f6rdern ausschlie\u00dflich gemeinn\u00fctzige Zwecke. Unser Engagement gilt sowohl f\u00fcr<\/p>\n<ul>\n<li>Projekte im Bereich Musik, Sport, Literatur, Kunst, Naturwissenschaften,<\/li>\n<li>besondere Aktivit\u00e4ten einzelner Klassen, Gruppen oder Arbeitsgemeinschaften. Wir unterst\u00fctzen die<\/li>\n<li>Partnerschaften mit ausl\u00e4ndischen &hellip;\n<p><a class=\"more-link btn\" href=\"https:\/\/www.anne-frank-gymnasium.de\/?page_id=3325\">Weiterlesen<\/a><\/p>\n<\/li>\n<\/ul>\n","protected":false},"author":6,"featured_media":16789,"parent":3319,"menu_order":1,"comment_status":"closed","ping_status":"closed","template":"","meta":{"footnotes":""},"class_list":["post-3325","page","type-page","status-publish","has-post-thumbnail","hentry","nodate","item-wrap"],"_links":{"self":[{"href":"https:\/\/www.anne-frank-gymnasium.de\/index.php?rest_route=\/wp\/v2\/pages\/3325","targetHints":{"allow":["GET"]}}],"collection":[{"href":"https:\/\/www.anne-frank-gymnasium.de\/index.php?rest_route=\/wp\/v2\/pages"}],"about":[{"href":"https:\/\/www.anne-frank-gymnasium.de\/index.php?rest_route=\/wp\/v2\/types\/page"}],"author":[{"embeddable":true,"href":"https:\/\/www.anne-frank-gymnasium.de\/index.php?rest_route=\/wp\/v2\/users\/6"}],"replies":[{"embeddable":true,"href":"https:\/\/www.anne-frank-gymnasium.de\/index.php?rest_route=%2Fwp%2Fv2%2Fcomments&post=3325"}],"version-history":[{"count":21,"href":"https:\/\/www.anne-frank-gymnasium.de\/index.php?rest_route=\/wp\/v2\/pages\/3325\/revisions"}],"predecessor-version":[{"id":19126,"href":"https:\/\/www.anne-frank-gymnasium.de\/index.php?rest_route=\/wp\/v2\/pages\/3325\/revisions\/19126"}],"up":[{"embeddable":true,"href":"https:\/\/www.anne-frank-gymnasium.de\/index.php?rest_route=\/wp\/v2\/pages\/3319"}],"wp:featuredmedia":[{"embeddable":true,"href":"https:\/\/www.anne-frank-gymnasium.de\/index.php?rest_route=\/wp\/v2\/media\/16789"}],"wp:attachment":[{"href":"https:\/\/www.anne-frank-gymnasium.de\/index.php?rest_route=%2Fwp%2Fv2%2Fmedia&parent=3325"}],"curies":[{"name":"wp","href":"https:\/\/api.w.org\/{rel}","templated":true}]}}