{"id":3241,"date":"2015-04-17T13:51:50","date_gmt":"2015-04-17T11:51:50","guid":{"rendered":"http:\/\/www.anne-frank-gymnasium.de\/?page_id=3241"},"modified":"2025-11-06T12:55:44","modified_gmt":"2025-11-06T11:55:44","slug":"schulpflegschaft","status":"publish","type":"page","link":"https:\/\/www.anne-frank-gymnasium.de\/?page_id=3241","title":{"rendered":"Schulpflegschaft"},"content":{"rendered":"<p><strong>Kontakt: <\/strong><a href=\"mailto:schulpflegschaft@afgmail.de\"><strong>schulpflegschaft@afgmail.de<\/strong><\/a><\/p>\n<p style=\"text-align: center;\"><em>\u201eWir freuen uns auf die zahlreichen M\u00f6glichkeiten, an der Gestaltung des Schullebens am AFG mitzuwirken und auf den konstruktiven Austausch mit allen am Schulleben beteiligten Gremien. Nat\u00fcrlich vertreten wir gerne als Team die Interessen aller Eltern!\u201c<\/em><\/p>\n<p>&nbsp;<\/p>\n<p style=\"text-align: center;\"><strong>Das Team der Elternvertreter im Schuljahr 2025\/26: <\/strong>Zu unserem Team geh\u00f6ren :<\/p>\n<p style=\"text-align: center;\"><img loading=\"lazy\" decoding=\"async\" class=\"aligncenter wp-image-19160 size-large\" src=\"https:\/\/www.anne-frank-gymnasium.de\/wp-content\/uploads\/2025\/11\/IMG_6630-scaled-e1762429629217-1024x574.jpeg\" alt=\"\" width=\"870\" height=\"488\" srcset=\"https:\/\/www.anne-frank-gymnasium.de\/wp-content\/uploads\/2025\/11\/IMG_6630-scaled-e1762429629217-1024x574.jpeg 1024w, https:\/\/www.anne-frank-gymnasium.de\/wp-content\/uploads\/2025\/11\/IMG_6630-scaled-e1762429629217-300x168.jpeg 300w, https:\/\/www.anne-frank-gymnasium.de\/wp-content\/uploads\/2025\/11\/IMG_6630-scaled-e1762429629217-768x431.jpeg 768w, https:\/\/www.anne-frank-gymnasium.de\/wp-content\/uploads\/2025\/11\/IMG_6630-scaled-e1762429629217-1536x861.jpeg 1536w, https:\/\/www.anne-frank-gymnasium.de\/wp-content\/uploads\/2025\/11\/IMG_6630-scaled-e1762429629217-2048x1149.jpeg 2048w, https:\/\/www.anne-frank-gymnasium.de\/wp-content\/uploads\/2025\/11\/IMG_6630-scaled-e1762429629217-870x488.jpeg 870w\" sizes=\"auto, (max-width: 870px) 100vw, 870px\" \/><\/p>\n<p style=\"text-align: center;\">Tanja Schlun, Lubabah Swaid, Birgit Schwab (Vorsitzende), Dr. J\u00f6rg Brokmann,<br \/>\nSilke Lohoff, Volker Hansen<\/p>\n<p>&nbsp;<\/p>\n<p><strong>Was ist die Schulpflegschaft? <\/strong><\/p>\n<p>Die Schulpflegschaft ist ein Gremium, welches sich aus den gew\u00e4hlten Elternvertretern aller Klassen des AFG zusammensetzt. Dieses Gremium tagt zwei Mal j\u00e4hrlich in der Schulpflegschaftssitzung. Hier werden die Elternvertreter zahlreicher Gremien (z.B. Schulpflegschaftsvorsitzende, Mensaausschuss, Disziplinarkonferenz oder Schulkonferenz) gew\u00e4hlt. Dar\u00fcber hinaus informieren das Schulpflegschaftsteam und die Schulleitung alle Elternvertreter \u00fcber aktuelle Ereignisse, wie z.B. Stand\/Konsequenzen der Sanierungsarbeiten, Personalsituation und wichtige Termine.<\/p>\n<p>&nbsp;<\/p>\n<p><strong>Welche Aufgaben erf\u00fcllt das gew\u00e4hlte Team?<\/strong><\/p>\n<ul>\n<li>Vertretung der Elterninteressen, Vermittlung und Kl\u00e4rung von Fragen<\/li>\n<li>Regelm\u00e4\u00dfige Treffen mit der Schulleitung<\/li>\n<li>Teilnahme an der Schulkonferenz und Stimmabgabe nach dem Meinungsbild der Eltern<\/li>\n<li>Pr\u00e4sentation des AFG aus Sicht der Eltern am Info-Abend f\u00fcr die 4.-Kl\u00e4ssler<\/li>\n<li>Teilnahme an Vortr\u00e4gen, Feiern, Auftritten und Konzerten am AFG<\/li>\n<li>Infostand und F\u00fchrungen am Tag der Offenen T\u00fcr und am Entdeckertag<\/li>\n<li>Kontakt zum F\u00f6rderverein und Unterst\u00fctzung bei Spendenaktionen<\/li>\n<li>Organisation von geme<span class=\"outlook-search-highlight\" data-markjs=\"true\">in<\/span>samen Aktivit\u00e4ten, wie z.B. iPad Nachmittag, Fr\u00fchjahrsputz oder Elterncaf\u00e9<\/li>\n<\/ul>\n<p>&nbsp;<\/p>\n<p><strong>Links f\u00fcr Eltern: <\/strong><\/p>\n<ul>\n<li>Brosch\u00fcre \u201eABC der Elternmitwirkung\u201c:<\/li>\n<\/ul>\n<p><a href=\"https:\/\/broschuerenservice.nrw.de\/msb-duesseldorf\/shop\/Das_ABC_der_Elternmitwirkung\/0\">https:\/\/broschuerenservice.nrw.de\/msb-duesseldorf\/shop\/Das_ABC_der_Elternmitwirkung\/0<\/a><\/p>\n<ul>\n<li>Informationen zur Mitwirkung an Schulen:<\/li>\n<\/ul>\n<p><a href=\"https:\/\/www.schulministerium.nrw\/schule-bildung\/schulleben\/schulmitwirkung\">https:\/\/www.schulministerium.nrw\/schule-bildung\/schulleben\/schulmitwirkung<\/a><\/p>\n<ul>\n<li>Inklusion:<\/li>\n<\/ul>\n<p><a href=\"http:\/\/www.schulministerium.nrw.de\/docs\/Schulsystem\/Inklusion\/index.html\">http:\/\/www.schulministerium.nrw.de\/docs\/Schulsystem\/Inklusion\/index.html<\/a><\/p>\n<ul>\n<li>Lehrern und Lernen in der digitalen Welt:<\/li>\n<\/ul>\n<p><u>https:\/\/www.schulministerium.nrw\/digitalisierung<\/u><\/p>\n<ul>\n<li>Stadtschulpflegschaft Aachen:<\/li>\n<\/ul>\n<p><a href=\"http:\/\/www.stadtschulpflegschaft-aachen.de\/\">http:\/\/www.stadtschulpflegschaft-aachen.de\/<\/a><\/p>\n","protected":false},"excerpt":{"rendered":"<p>Kontakt: <a href=\"mailto:schulpflegschaft@afgmail.de\">schulpflegschaft@afgmail.de<\/a><\/p>\n<p style=\"text-align: center;\">\u201eWir freuen uns auf die zahlreichen M\u00f6glichkeiten, an der Gestaltung des Schullebens am AFG mitzuwirken und auf den konstruktiven Austausch mit allen am Schulleben beteiligten Gremien. Nat\u00fcrlich vertreten wir gerne als Team die Interessen aller Eltern!\u201c<\/p>\n<p>&nbsp;<\/p>\n<p style=\"text-align: center;\">Das Team der Elternvertreter im Schuljahr 2025\/26: Zu unserem Team geh\u00f6ren &hellip; <\/p>\n<p><a class=\"more-link btn\" href=\"https:\/\/www.anne-frank-gymnasium.de\/?page_id=3241\">Weiterlesen<\/a><\/p>\n","protected":false},"author":6,"featured_media":16818,"parent":73,"menu_order":8,"comment_status":"closed","ping_status":"closed","template":"","meta":{"footnotes":""},"class_list":["post-3241","page","type-page","status-publish","has-post-thumbnail","hentry","nodate","item-wrap"],"_links":{"self":[{"href":"https:\/\/www.anne-frank-gymnasium.de\/index.php?rest_route=\/wp\/v2\/pages\/3241","targetHints":{"allow":["GET"]}}],"collection":[{"href":"https:\/\/www.anne-frank-gymnasium.de\/index.php?rest_route=\/wp\/v2\/pages"}],"about":[{"href":"https:\/\/www.anne-frank-gymnasium.de\/index.php?rest_route=\/wp\/v2\/types\/page"}],"author":[{"embeddable":true,"href":"https:\/\/www.anne-frank-gymnasium.de\/index.php?rest_route=\/wp\/v2\/users\/6"}],"replies":[{"embeddable":true,"href":"https:\/\/www.anne-frank-gymnasium.de\/index.php?rest_route=%2Fwp%2Fv2%2Fcomments&post=3241"}],"version-history":[{"count":10,"href":"https:\/\/www.anne-frank-gymnasium.de\/index.php?rest_route=\/wp\/v2\/pages\/3241\/revisions"}],"predecessor-version":[{"id":19162,"href":"https:\/\/www.anne-frank-gymnasium.de\/index.php?rest_route=\/wp\/v2\/pages\/3241\/revisions\/19162"}],"up":[{"embeddable":true,"href":"https:\/\/www.anne-frank-gymnasium.de\/index.php?rest_route=\/wp\/v2\/pages\/73"}],"wp:featuredmedia":[{"embeddable":true,"href":"https:\/\/www.anne-frank-gymnasium.de\/index.php?rest_route=\/wp\/v2\/media\/16818"}],"wp:attachment":[{"href":"https:\/\/www.anne-frank-gymnasium.de\/index.php?rest_route=%2Fwp%2Fv2%2Fmedia&parent=3241"}],"curies":[{"name":"wp","href":"https:\/\/api.w.org\/{rel}","templated":true}]}}

<p><strong>Kontakt: </strong><a href="mailto:schulpflegschaft@afgmail.de"><strong>schulpflegschaft@afgmail.de</strong></a></p>
<p style="text-align: center;"><em>„Wir freuen uns auf die zahlreichen Möglichkeiten, an der Gestaltung des Schullebens am AFG mitzuwirken und auf den konstruktiven Austausch mit allen am Schulleben beteiligten Gremien. Natürlich vertreten wir gerne als Team die Interessen aller Eltern!“</em></p>
<p>&nbsp;</p>
<p style="text-align: center;"><strong>Das Team der Elternvertreter im Schuljahr 2025/26: </strong>Zu unserem Team gehören :</p>
<p style="text-align: center;"><img loading="lazy" decoding="async" class="aligncenter wp-image-19160 size-large" src="https://www.anne-frank-gymnasium.de/wp-content/uploads/2025/11/IMG_6630-scaled-e1762429629217-1024x574.jpeg" alt="" width="870" height="488" srcset="https://www.anne-frank-gymnasium.de/wp-content/uploads/2025/11/IMG_6630-scaled-e1762429629217-1024x574.jpeg 1024w, https://www.anne-frank-gymnasium.de/wp-content/uploads/2025/11/IMG_6630-scaled-e1762429629217-300x168.jpeg 300w, https://www.anne-frank-gymnasium.de/wp-content/uploads/2025/11/IMG_6630-scaled-e1762429629217-768x431.jpeg 768w, https://www.anne-frank-gymnasium.de/wp-content/uploads/2025/11/IMG_6630-scaled-e1762429629217-1536x861.jpeg 1536w, https://www.anne-frank-gymnasium.de/wp-content/uploads/2025/11/IMG_6630-scaled-e1762429629217-2048x1149.jpeg 2048w, https://www.anne-frank-gymnasium.de/wp-content/uploads/2025/11/IMG_6630-scaled-e1762429629217-870x488.jpeg 870w" sizes="auto, (max-width: 870px) 100vw, 870px" /></p>
<p style="text-align: center;">Tanja Schlun, Lubabah Swaid, Birgit Schwab (Vorsitzende), Dr. Jörg Brokmann,<br />
Silke Lohoff, Volker Hansen</p>
<p>&nbsp;</p>
<p><strong>Was ist die Schulpflegschaft? </strong></p>
<p>Die Schulpflegschaft ist ein Gremium, welches sich aus den gewählten Elternvertretern aller Klassen des AFG zusammensetzt. Dieses Gremium tagt zwei Mal jährlich in der Schulpflegschaftssitzung. Hier werden die Elternvertreter zahlreicher Gremien (z.B. Schulpflegschaftsvorsitzende, Mensaausschuss, Disziplinarkonferenz oder Schulkonferenz) gewählt. Darüber hinaus informieren das Schulpflegschaftsteam und die Schulleitung alle Elternvertreter über aktuelle Ereignisse, wie z.B. Stand/Konsequenzen der Sanierungsarbeiten, Personalsituation und wichtige Termine.</p>
<p>&nbsp;</p>
<p><strong>Welche Aufgaben erfüllt das gewählte Team?</strong></p>
<ul>
<li>Vertretung der Elterninteressen, Vermittlung und Klärung von Fragen</li>
<li>Regelmäßige Treffen mit der Schulleitung</li>
<li>Teilnahme an der Schulkonferenz und Stimmabgabe nach dem Meinungsbild der Eltern</li>
<li>Präsentation des AFG aus Sicht der Eltern am Info-Abend für die 4.-Klässler</li>
<li>Teilnahme an Vorträgen, Feiern, Auftritten und Konzerten am AFG</li>
<li>Infostand und Führungen am Tag der Offenen Tür und am Entdeckertag</li>
<li>Kontakt zum Förderverein und Unterstützung bei Spendenaktionen</li>
<li>Organisation von geme<span class="outlook-search-highlight" data-markjs="true">in</span>samen Aktivitäten, wie z.B. iPad Nachmittag, Frühjahrsputz oder Elterncafé</li>
</ul>
<p>&nbsp;</p>
<p><strong>Links für Eltern: </strong></p>
<ul>
<li>Broschüre „ABC der Elternmitwirkung“:</li>
</ul>
<p><a href="https://broschuerenservice.nrw.de/msb-duesseldorf/shop/Das_ABC_der_Elternmitwirkung/0">https://broschuerenservice.nrw.de/msb-duesseldorf/shop/Das_ABC_der_Elternmitwirkung/0</a></p>
<ul>
<li>Informationen zur Mitwirkung an Schulen:</li>
</ul>
<p><a href="https://www.schulministerium.nrw/schule-bildung/schulleben/schulmitwirkung">https://www.schulministerium.nrw/schule-bildung/schulleben/schulmitwirkung</a></p>
<ul>
<li>Inklusion:</li>
</ul>
<p><a href="http://www.schulministerium.nrw.de/docs/Schulsystem/Inklusion/index.html">http://www.schulministerium.nrw.de/docs/Schulsystem/Inklusion/index.html</a></p>
<ul>
<li>Lehrern und Lernen in der digitalen Welt:</li>
</ul>
<p><u>https://www.schulministerium.nrw/digitalisierung</u></p>
<ul>
<li>Stadtschulpflegschaft Aachen:</li>
</ul>
<p><a href="http://www.stadtschulpflegschaft-aachen.de/">http://www.stadtschulpflegschaft-aachen.de/</a></p>

<p>Kontakt: <a href="mailto:schulpflegschaft@afgmail.de">schulpflegschaft@afgmail.de</a></p>
<p style="text-align: center;">„Wir freuen uns auf die zahlreichen Möglichkeiten, an der Gestaltung des Schullebens am AFG mitzuwirken und auf den konstruktiven Austausch mit allen am Schulleben beteiligten Gremien. Natürlich vertreten wir gerne als Team die Interessen aller Eltern!“</p>
<p>&nbsp;</p>
<p style="text-align: center;">Das Team der Elternvertreter im Schuljahr 2025/26: Zu unserem Team gehören &hellip; </p>
<p><a class="more-link btn" href="https://www.anne-frank-gymnasium.de/?page_id=3241">Weiterlesen</a></p>
