{"id":15000,"date":"2022-10-19T19:25:58","date_gmt":"2022-10-19T17:25:58","guid":{"rendered":"https:\/\/www.anne-frank-gymnasium.de\/?page_id=15000"},"modified":"2023-09-27T08:30:22","modified_gmt":"2023-09-27T06:30:22","slug":"europa-ag","status":"publish","type":"page","link":"https:\/\/www.anne-frank-gymnasium.de\/?page_id=15000","title":{"rendered":"Europa-AG"},"content":{"rendered":"<p><span id=\"page3R_mcid4\" class=\"markedContent\"><span dir=\"ltr\" role=\"presentation\"><a href=\"https:\/\/www.anne-frank-gymnasium.de\/wp-content\/uploads\/2022\/10\/Logo-europa-2-scaled.jpg\"><img loading=\"lazy\" decoding=\"async\" class=\"alignright wp-image-15004 size-medium\" src=\"https:\/\/www.anne-frank-gymnasium.de\/wp-content\/uploads\/2022\/10\/Logo-europa-2-scaled-e1666200584426-300x296.jpg\" alt=\"\" width=\"300\" height=\"296\" srcset=\"https:\/\/www.anne-frank-gymnasium.de\/wp-content\/uploads\/2022\/10\/Logo-europa-2-scaled-e1666200584426-300x296.jpg 300w, https:\/\/www.anne-frank-gymnasium.de\/wp-content\/uploads\/2022\/10\/Logo-europa-2-scaled-e1666200584426-1024x1009.jpg 1024w, https:\/\/www.anne-frank-gymnasium.de\/wp-content\/uploads\/2022\/10\/Logo-europa-2-scaled-e1666200584426-768x757.jpg 768w, https:\/\/www.anne-frank-gymnasium.de\/wp-content\/uploads\/2022\/10\/Logo-europa-2-scaled-e1666200584426-870x858.jpg 870w, https:\/\/www.anne-frank-gymnasium.de\/wp-content\/uploads\/2022\/10\/Logo-europa-2-scaled-e1666200584426.jpg 1324w\" sizes=\"auto, (max-width: 300px) 100vw, 300px\" \/><\/a>In der Europa-AG k\u00f6nnen sich alle Sch\u00fcler*innen engagieren, egal welchen Alters. Wir gestalten die <\/span><span dir=\"ltr\" role=\"presentation\">Europa-Ausrichtung der Schule, nehmen an Wettbewerben teil und \u00fcberlegen einzigartige Projekte, <\/span><span dir=\"ltr\" role=\"presentation\">wie wir Europa kreativ anderen an der Schule n\u00e4her bringen k\u00f6nnen, z.B. durch die Unterst\u00fctzung <\/span><span dir=\"ltr\" role=\"presentation\">solidarischer Projekte in Osteuropa (Weihnachten im Schuhkarton). Aktuell gestalten wir einen Film, <\/span><span dir=\"ltr\" role=\"presentation\">um der Schulgemeinschaft n\u00e4her zu bringen, was uns als Europaschule ausmacht. <\/span><\/span><span id=\"page3R_mcid5\" class=\"markedContent\"><span dir=\"ltr\" role=\"presentation\">Wir nehmen auch an politischen Diskussionen bei uns an der Schule teil, wie z.B. mit der <\/span><span dir=\"ltr\" role=\"presentation\">Bundestagsabgeordneten Ye-One Rhie.<\/span><\/span><\/p>\n<p>Hier findest Du<\/p>\n<ul>\n<li><a href=\"https:\/\/www.anne-frank-gymnasium.de\/?page_id=13040\">Allgemeine Informationen zu Europa am AFG<\/a><\/li>\n<li><a href=\"https:\/\/www.anne-frank-gymnasium.de\/?cat=91\">Beitr\u00e4ge zu bisherigen Aktionen zu Europa und zur Europa-AG<\/a><\/li>\n<li>die <a href=\"https:\/\/www.anne-frank-gymnasium.de\/?page_id=5593\">AG-\u00dcbersicht<\/a> mit allen AGs und den aktuellen AG-Zeiten<\/li>\n<\/ul>\n","protected":false},"excerpt":{"rendered":"<p><a href=\"https:\/\/www.anne-frank-gymnasium.de\/wp-content\/uploads\/2022\/10\/Logo-europa-2-scaled.jpg\"><\/a>In der Europa-AG k\u00f6nnen sich alle Sch\u00fcler*innen engagieren, egal welchen Alters. Wir gestalten die Europa-Ausrichtung der Schule, nehmen an Wettbewerben teil und \u00fcberlegen einzigartige Projekte, wie wir Europa kreativ anderen an der Schule n\u00e4her bringen k\u00f6nnen, z.B. durch die Unterst\u00fctzung solidarischer Projekte in Osteuropa (Weihnachten im Schuhkarton). Aktuell gestalten wir einen Film, um der &hellip; <\/p>\n<p><a class=\"more-link btn\" href=\"https:\/\/www.anne-frank-gymnasium.de\/?page_id=15000\">Weiterlesen<\/a><\/p>\n","protected":false},"author":12,"featured_media":0,"parent":4518,"menu_order":0,"comment_status":"closed","ping_status":"closed","template":"","meta":{"footnotes":""},"class_list":["post-15000","page","type-page","status-publish","hentry","nodate","item-wrap"],"_links":{"self":[{"href":"https:\/\/www.anne-frank-gymnasium.de\/index.php?rest_route=\/wp\/v2\/pages\/15000","targetHints":{"allow":["GET"]}}],"collection":[{"href":"https:\/\/www.anne-frank-gymnasium.de\/index.php?rest_route=\/wp\/v2\/pages"}],"about":[{"href":"https:\/\/www.anne-frank-gymnasium.de\/index.php?rest_route=\/wp\/v2\/types\/page"}],"author":[{"embeddable":true,"href":"https:\/\/www.anne-frank-gymnasium.de\/index.php?rest_route=\/wp\/v2\/users\/12"}],"replies":[{"embeddable":true,"href":"https:\/\/www.anne-frank-gymnasium.de\/index.php?rest_route=%2Fwp%2Fv2%2Fcomments&post=15000"}],"version-history":[{"count":7,"href":"https:\/\/www.anne-frank-gymnasium.de\/index.php?rest_route=\/wp\/v2\/pages\/15000\/revisions"}],"predecessor-version":[{"id":16530,"href":"https:\/\/www.anne-frank-gymnasium.de\/index.php?rest_route=\/wp\/v2\/pages\/15000\/revisions\/16530"}],"up":[{"embeddable":true,"href":"https:\/\/www.anne-frank-gymnasium.de\/index.php?rest_route=\/wp\/v2\/pages\/4518"}],"wp:attachment":[{"href":"https:\/\/www.anne-frank-gymnasium.de\/index.php?rest_route=%2Fwp%2Fv2%2Fmedia&parent=15000"}],"curies":[{"name":"wp","href":"https:\/\/api.w.org\/{rel}","templated":true}]}}