{"id":1306,"date":"2013-05-23T21:59:39","date_gmt":"2013-05-23T19:59:39","guid":{"rendered":"http:\/\/www.anne-frank-gymnasium.de\/?page_id=1306"},"modified":"2026-03-27T12:28:09","modified_gmt":"2026-03-27T11:28:09","slug":"schulbusse","status":"publish","type":"page","link":"https:\/\/www.anne-frank-gymnasium.de\/?page_id=1306","title":{"rendered":"Schulbusse"},"content":{"rendered":"<p>Eine \u00dcbersicht \u00fcber ausfallende Fahrten k\u00f6nnen unter <a href=\"http:\/\/www.aseag.de\/\">www.aseag.de<\/a> t\u00e4glich eingesehen werden!<\/p>\n<p>https:\/\/www.aseag.de\/tickets\/ticket\/deutschlandticket<\/p>\n<p>&nbsp;<\/p>\n<p><a href=\"https:\/\/www.anne-frank-gymnasium.de\/wp-content\/uploads\/2025\/09\/Abfahrtsplan-Laurensberg-Schulzentrum.pdf\">Download Plan<\/a><\/p>\n<a href=\"https:\/\/www.anne-frank-gymnasium.de\/wp-content\/uploads\/2025\/09\/Abfahrtsplan-Laurensberg-Schulzentrum.pdf\" class=\"pdfemb-viewer\" style=\"\" data-width=\"max\" data-height=\"max\" data-toolbar=\"bottom\" data-toolbar-fixed=\"off\">Abfahrtsplan Laurensberg Schulzentrum<\/a>\n<p>&nbsp;<\/p>\n<p>Informationen bzgl. \u00dcbernahme von Sch\u00fclerfahrkosten:<\/p>\n<a href=\"https:\/\/www.anne-frank-gymnasium.de\/wp-content\/uploads\/2026\/03\/doc02010820260318134332.pdf\" class=\"pdfemb-viewer\" style=\"\" data-width=\"max\" data-height=\"max\" data-toolbar=\"bottom\" data-toolbar-fixed=\"off\">doc02010820260318134332<\/a>\n<p><a href=\"https:\/\/www.anne-frank-gymnasium.de\/wp-content\/uploads\/2026\/03\/doc02010820260318134332.pdf\">Download PDF (2 Seiten)<\/a><\/p>\n","protected":false},"excerpt":{"rendered":"<p>Eine \u00dcbersicht \u00fcber ausfallende Fahrten k\u00f6nnen unter <a href=\"http:\/\/www.aseag.de\/\">www.aseag.de<\/a> t\u00e4glich eingesehen werden!<\/p>\n<p>https:\/\/www.aseag.de\/tickets\/ticket\/deutschlandticket<\/p>\n<p>&nbsp;<\/p>\n<p><a href=\"https:\/\/www.anne-frank-gymnasium.de\/wp-content\/uploads\/2025\/09\/Abfahrtsplan-Laurensberg-Schulzentrum.pdf\">Download Plan<\/a><\/p>\n<p>&nbsp;<\/p>\n<p>Informationen bzgl. \u00dcbernahme von Sch\u00fclerfahrkosten:<\/p>\n<p><a href=\"https:\/\/www.anne-frank-gymnasium.de\/wp-content\/uploads\/2026\/03\/doc02010820260318134332.pdf\">Download PDF (2 Seiten)<\/a><\/p>\n","protected":false},"author":6,"featured_media":0,"parent":4673,"menu_order":0,"comment_status":"closed","ping_status":"closed","template":"","meta":{"footnotes":""},"class_list":["post-1306","page","type-page","status-publish","hentry","nodate","item-wrap"],"_links":{"self":[{"href":"https:\/\/www.anne-frank-gymnasium.de\/index.php?rest_route=\/wp\/v2\/pages\/1306","targetHints":{"allow":["GET"]}}],"collection":[{"href":"https:\/\/www.anne-frank-gymnasium.de\/index.php?rest_route=\/wp\/v2\/pages"}],"about":[{"href":"https:\/\/www.anne-frank-gymnasium.de\/index.php?rest_route=\/wp\/v2\/types\/page"}],"author":[{"embeddable":true,"href":"https:\/\/www.anne-frank-gymnasium.de\/index.php?rest_route=\/wp\/v2\/users\/6"}],"replies":[{"embeddable":true,"href":"https:\/\/www.anne-frank-gymnasium.de\/index.php?rest_route=%2Fwp%2Fv2%2Fcomments&post=1306"}],"version-history":[{"count":33,"href":"https:\/\/www.anne-frank-gymnasium.de\/index.php?rest_route=\/wp\/v2\/pages\/1306\/revisions"}],"predecessor-version":[{"id":19594,"href":"https:\/\/www.anne-frank-gymnasium.de\/index.php?rest_route=\/wp\/v2\/pages\/1306\/revisions\/19594"}],"up":[{"embeddable":true,"href":"https:\/\/www.anne-frank-gymnasium.de\/index.php?rest_route=\/wp\/v2\/pages\/4673"}],"wp:attachment":[{"href":"https:\/\/www.anne-frank-gymnasium.de\/index.php?rest_route=%2Fwp%2Fv2%2Fmedia&parent=1306"}],"curies":[{"name":"wp","href":"https:\/\/api.w.org\/{rel}","templated":true}]}}