{"id":12069,"date":"2020-09-21T09:02:22","date_gmt":"2020-09-21T07:02:22","guid":{"rendered":"https:\/\/www.anne-frank-gymnasium.de\/?page_id=12069"},"modified":"2024-05-10T11:00:05","modified_gmt":"2024-05-10T09:00:05","slug":"schuelerinnen-helfen-schuelerinnen","status":"publish","type":"page","link":"https:\/\/www.anne-frank-gymnasium.de\/?page_id=12069","title":{"rendered":"Sch\u00fcler*innen helfen Sch\u00fcler*innen"},"content":{"rendered":"\r\n<p>Wiederholen und \u00fcben in betreuten Kleingruppen<\/p>\r\n\r\n\r\n\r\n<p>Als Baustein der \u201eIndividuellen F\u00f6rderung\u201c bieten wir am AFG unseren Sch\u00fclerinnen und Sch\u00fclern der Klassen 7 bis 9 die Einrichtung von \u00dcbungsgruppen an. Diese Gruppen sollen sich aus h\u00f6chstens 4 Sch\u00fclerinnen und Sch\u00fclern einer Klasse oder Jahrgangsstufe zusammensetzen, die gemeinsam in einem Fach \u00fcben wollen. Angeboten werden die F\u00e4cher Mathematik, Deutsch und Fremdsprachen (Englisch, Franz\u00f6sisch, Latein). Als Tutor*innen (Lernanleiter, &#8211; begleiter und -berater) fungieren motivierte Sch\u00fcler*innen der Jahrgangsstufen 9 &#8211; Q2. Sie bekommen Arbeitsmaterialien f\u00fcr ihre Lerngruppe durch die Schule zur Verf\u00fcgung gestellt und stehen untereinander im regelm\u00e4\u00dfigen Austausch. Im Bedarfsfall findet auch zus\u00e4tzlich noch ein Coaching bzw. eine Supervision statt.<\/p>\r\n\r\n\r\n\r\n<p>Ein Informationsschreiben mit weiteren Informationen gibt es im Sekretariat oder bei Herrn Loogen. Die ausgef\u00fcllten Formulare zur Anmeldung m\u00fcssen bei Herrn Loogen abgegeben werden.<\/p>\r\n\r\n\r\n\r\n<p>&nbsp;<\/p>\r\n\r\n\r\n\r\n<p>&nbsp;<\/p>\r\n\r\n\r\n\r\n<p>&nbsp;<\/p>\r\n\r\n\r\n\r\n<p>&nbsp;<\/p>\r\n\r\n\r\n\r\n<p><a href=\"https:\/\/www.anne-frank-gymnasium.de\/wp-content\/uploads\/2020\/09\/Einzelanmeldeformular.pdf\">Einzelanmeldung<\/a><\/p>\r\n\r\n\r\n<p>[su_document url=&#8220;https:\/\/www.anne-frank-gymnasium.de\/wp-content\/uploads\/2020\/09\/Einzelanmeldeformular.pdf&#8220; width=&#8220;600&#8243; height=&#8220;600&#8243; responsive=&#8220;yes&#8220; class=&#8220;&#8220;]<\/p>\n\r\n\r\n\r\n<p>&nbsp;<\/p>\r\n\r\n\r\n\r\n<p><a href=\"https:\/\/www.anne-frank-gymnasium.de\/wp-content\/uploads\/2020\/09\/Gruppenanmeldeformular.pdf\">Gruppenanmeldung<\/a><\/p>\r\n\r\n\r\n<p>[su_document url=&#8220;https:\/\/www.anne-frank-gymnasium.de\/wp-content\/uploads\/2020\/09\/Gruppenanmeldeformular.pdf&#8220; width=&#8220;600&#8243; height=&#8220;600&#8243; responsive=&#8220;yes&#8220; class=&#8220;&#8220;]<\/p>\n","protected":false},"excerpt":{"rendered":"<p>Wiederholen und \u00fcben in betreuten Kleingruppen<\/p>\n<p>Als Baustein der \u201eIndividuellen F\u00f6rderung\u201c bieten wir am AFG unseren Sch\u00fclerinnen und Sch\u00fclern der Klassen 7 bis 9 die Einrichtung von \u00dcbungsgruppen an. Diese Gruppen sollen sich aus h\u00f6chstens 4 Sch\u00fclerinnen und Sch\u00fclern einer Klasse oder Jahrgangsstufe zusammensetzen, die gemeinsam in einem Fach \u00fcben wollen. Angeboten werden die F\u00e4cher &hellip; <\/p>\n<p><a class=\"more-link btn\" href=\"https:\/\/www.anne-frank-gymnasium.de\/?page_id=12069\">Weiterlesen<\/a><\/p>\n","protected":false},"author":12,"featured_media":0,"parent":5212,"menu_order":2,"comment_status":"closed","ping_status":"closed","template":"","meta":{"footnotes":""},"class_list":["post-12069","page","type-page","status-publish","hentry","nodate","item-wrap"],"_links":{"self":[{"href":"https:\/\/www.anne-frank-gymnasium.de\/index.php?rest_route=\/wp\/v2\/pages\/12069","targetHints":{"allow":["GET"]}}],"collection":[{"href":"https:\/\/www.anne-frank-gymnasium.de\/index.php?rest_route=\/wp\/v2\/pages"}],"about":[{"href":"https:\/\/www.anne-frank-gymnasium.de\/index.php?rest_route=\/wp\/v2\/types\/page"}],"author":[{"embeddable":true,"href":"https:\/\/www.anne-frank-gymnasium.de\/index.php?rest_route=\/wp\/v2\/users\/12"}],"replies":[{"embeddable":true,"href":"https:\/\/www.anne-frank-gymnasium.de\/index.php?rest_route=%2Fwp%2Fv2%2Fcomments&post=12069"}],"version-history":[{"count":5,"href":"https:\/\/www.anne-frank-gymnasium.de\/index.php?rest_route=\/wp\/v2\/pages\/12069\/revisions"}],"predecessor-version":[{"id":12097,"href":"https:\/\/www.anne-frank-gymnasium.de\/index.php?rest_route=\/wp\/v2\/pages\/12069\/revisions\/12097"}],"up":[{"embeddable":true,"href":"https:\/\/www.anne-frank-gymnasium.de\/index.php?rest_route=\/wp\/v2\/pages\/5212"}],"wp:attachment":[{"href":"https:\/\/www.anne-frank-gymnasium.de\/index.php?rest_route=%2Fwp%2Fv2%2Fmedia&parent=12069"}],"curies":[{"name":"wp","href":"https:\/\/api.w.org\/{rel}","templated":true}]}}

Schüler*innen helfen Schüler*innen

<p>Wiederholen und üben in betreuten Kleingruppen</p>



<p>Als Baustein der „Individuellen Förderung“ bieten wir am AFG unseren Schülerinnen und Schülern der Klassen 7 bis 9 die Einrichtung von Übungsgruppen an. Diese Gruppen sollen sich aus höchstens 4 Schülerinnen und Schülern einer Klasse oder Jahrgangsstufe zusammensetzen, die gemeinsam in einem Fach üben wollen. Angeboten werden die Fächer Mathematik, Deutsch und Fremdsprachen (Englisch, Französisch, Latein). Als Tutor*innen (Lernanleiter, &#8211; begleiter und -berater) fungieren motivierte Schüler*innen der Jahrgangsstufen 9 &#8211; Q2. Sie bekommen Arbeitsmaterialien für ihre Lerngruppe durch die Schule zur Verfügung gestellt und stehen untereinander im regelmäßigen Austausch. Im Bedarfsfall findet auch zusätzlich noch ein Coaching bzw. eine Supervision statt.</p>



<p>Ein Informationsschreiben mit weiteren Informationen gibt es im Sekretariat oder bei Herrn Loogen. Die ausgefüllten Formulare zur Anmeldung müssen bei Herrn Loogen abgegeben werden.</p>



<p>&nbsp;</p>



<p>&nbsp;</p>



<p>&nbsp;</p>



<p>&nbsp;</p>



<p><a href="https://www.anne-frank-gymnasium.de/wp-content/uploads/2020/09/Einzelanmeldeformular.pdf">Einzelanmeldung</a></p>


<p>[su_document url=&#8220;https://www.anne-frank-gymnasium.de/wp-content/uploads/2020/09/Einzelanmeldeformular.pdf&#8220; width=&#8220;600&#8243; height=&#8220;600&#8243; responsive=&#8220;yes&#8220; class=&#8220;&#8220;]</p>



<p>&nbsp;</p>



<p><a href="https://www.anne-frank-gymnasium.de/wp-content/uploads/2020/09/Gruppenanmeldeformular.pdf">Gruppenanmeldung</a></p>


<p>[su_document url=&#8220;https://www.anne-frank-gymnasium.de/wp-content/uploads/2020/09/Gruppenanmeldeformular.pdf&#8220; width=&#8220;600&#8243; height=&#8220;600&#8243; responsive=&#8220;yes&#8220; class=&#8220;&#8220;]</p>

<p>Wiederholen und üben in betreuten Kleingruppen</p>
<p>Als Baustein der „Individuellen Förderung“ bieten wir am AFG unseren Schülerinnen und Schülern der Klassen 7 bis 9 die Einrichtung von Übungsgruppen an. Diese Gruppen sollen sich aus höchstens 4 Schülerinnen und Schülern einer Klasse oder Jahrgangsstufe zusammensetzen, die gemeinsam in einem Fach üben wollen. Angeboten werden die Fächer &hellip; </p>
<p><a class="more-link btn" href="https://www.anne-frank-gymnasium.de/?page_id=12069">Weiterlesen</a></p>
