{"id":114,"date":"2012-07-10T01:03:59","date_gmt":"2012-07-09T23:03:59","guid":{"rendered":"http:\/\/pegasus.informatik.rwth-aachen.de\/?page_id=114"},"modified":"2023-09-29T12:51:45","modified_gmt":"2023-09-29T10:51:45","slug":"filou-musik-macht-klug","status":"publish","type":"page","link":"https:\/\/www.anne-frank-gymnasium.de\/?page_id=114","title":{"rendered":"Instrumentalunterricht FILOU"},"content":{"rendered":"<p><u><a href=\"https:\/\/www.anne-frank-gymnasium.de\/wp-content\/uploads\/2021\/05\/cello.jpg\"><img loading=\"lazy\" decoding=\"async\" class=\"size-full wp-image-12914 alignleft\" src=\"https:\/\/www.anne-frank-gymnasium.de\/wp-content\/uploads\/2021\/05\/cello.jpg\" alt=\"\" width=\"300\" height=\"200\" \/><\/a> <\/u><\/p>\n<p><strong>Instrumentalunterricht FILOU <\/strong><\/p>\n<p><u>FILOU \u2013 Instrumentalunterricht am AFG<\/u><\/p>\n<p>Seit dem Schuljahr 2007 bieten wir f\u00fcr die Sch\u00fclerinnen und Sch\u00fcler der 5. Klassen unter dem Namen FILOU \u2013 <strong>F<\/strong>\u00f6rderung <strong>I<\/strong>nstrumentalen <strong>L<\/strong>ernens <strong>O<\/strong>ptimiert f\u00fcr die <strong>U<\/strong>nterstufe \u2013 Instrumentalunterricht in Kleingruppen f\u00fcr <strong>Querfl\u00f6te<\/strong>, <strong>Klarinette,<\/strong> und <strong>Violine<\/strong> an, seit 2021 auch <strong>Altsaxofon.<\/strong><\/p>\n<p>Gef\u00f6rdert wurde und wird dieses Projekt durch den <strong>Verein der Freunde des Anne Frank Gymnasiums<\/strong>, der daf\u00fcr sorgt, dass die Instrumente ein Jahr lang kostenlos zur Verf\u00fcgung gestellt werden, sodass lediglich der Unterricht durch einen monatlichen Beitrag finanziert werden muss.<\/p>\n<p>Erteilt wird der Unterricht durch hochqualifizierte Instrumentalp\u00e4dagogen\u00a0bzw. -p\u00e4dagoginnen im Anschluss an den regul\u00e4ren Unterricht in Zweier- oder Dreiergruppen f\u00fcr die Dauer von 30 bzw. 45 Minuten,\u00a0abh\u00e4ngig von der Gruppengr\u00f6\u00dfe.<\/p>\n<p>Unser Ziel ist es, Sch\u00fclerinnen und Sch\u00fclern m\u00f6glichst g\u00fcnstig und spontan einen Einblick in das Erlernen eines Instruments zu bieten. Wir hoffen, dass nach einem Jahr die Motivation und\u00a0Entscheidung reifen kann, dieses Instrument langfristig im Einzelunterricht\u00a0zu erlernen. Als Musiklehrerinnen sind wir davon \u00fcberzeugt, dass sich regelm\u00e4\u00dfiges, freiwilliges\u00a0Musizieren und \u00dcben\u00a0positiv auf Gehirn und Pers\u00f6nlichkeit auswirken kann. Nat\u00fcrlich hoffen wir auch, mittelfristig Nachwuchs f\u00fcr Ensembles an unserer Schule gewinnen zu k\u00f6nnen. Erste Konzerterfahrungen machen die Teilnehmer des Projekts am Ende des Schuljahres in einem gemeinsamen \u201eFiloukonzert\u201c.<\/p>\n<p><img loading=\"lazy\" decoding=\"async\" class=\"size-full wp-image-12915 alignright\" src=\"https:\/\/www.anne-frank-gymnasium.de\/wp-content\/uploads\/2021\/05\/klarinette.jpg\" alt=\"\" width=\"300\" height=\"200\" \/><\/p>\n<p>Die Anmeldungen f\u00fcr das Projekt finden zu Beginn des neuen Schuljahres statt, zun\u00e4chst f\u00fcr einen Probeunterricht bis zu den Herbstferien.<\/p>\n<p>Einfluss auf Ihre Entscheidung f\u00fcr\u00a0das Erlernen eines Instruments\u00a0sollte die grunds\u00e4tzliche Bereitschaft zum mehrmaligen \u00dcben in der Woche haben, sowie der Umfang der sonstigen Freizeitaktivit\u00e4ten. Ruhe, Entspannung und Langeweile sind schlie\u00dflich auch\u00a0unerl\u00e4sslich f\u00fcr erfolgreiches Lernen und die Entwicklung von Kreativit\u00e4t.<\/p>\n<p>Letztendlich hoffen wir, m\u00f6glichst viele Sch\u00fclerinnen und Sch\u00fcler f\u00fcr das Erlernen eines der angebotenen Instrumente begeistern zu k\u00f6nnen.<\/p>\n<p>F\u00fcr Fragen und Ausk\u00fcnfte zum Projekt steht Ihnen Frau Latta (latta@afgmail.de)\u00a0gerne zur Verf\u00fcgung.<\/p>\n<p>&nbsp;<\/p>\n<p><a href=\"https:\/\/www.anne-frank-gymnasium.de\/wp-content\/uploads\/2023\/09\/FILOU-Kurzinformationen-Homepage-ab-2023.pdf\">FILOU Kurzinformationen Homepage, Stand 2023<\/a><\/p>\n<a href=\"https:\/\/www.anne-frank-gymnasium.de\/wp-content\/uploads\/2023\/09\/FILOU-Kurzinformationen-Homepage-ab-2023.pdf\" class=\"pdfemb-viewer\" style=\"height:600px;\" data-width=\"max\" data-height=\"600\" data-toolbar=\"bottom\" data-toolbar-fixed=\"off\">FILOU Kurzinformationen Homepage ab 2023<\/a>\n<p>&nbsp;<\/p>\n<p><a href=\"https:\/\/www.anne-frank-gymnasium.de\/wp-content\/uploads\/2023\/09\/Formular-Einzugsermaechtigung-und-Beitrittserklaerung.pdf\">Formular Einzugserma\u0308chtigung und Beitrittserkla\u0308rung<\/a><\/p>\n<a href=\"https:\/\/www.anne-frank-gymnasium.de\/wp-content\/uploads\/2023\/09\/Formular-Einzugsermaechtigung-und-Beitrittserklaerung.pdf\" class=\"pdfemb-viewer\" style=\"height:600px;\" data-width=\"max\" data-height=\"600\" data-toolbar=\"bottom\" data-toolbar-fixed=\"off\">Formular Einzugserma\u0308chtigung und Beitrittserkla\u0308rung<\/a>\n<p>&nbsp;<\/p>\n<p><a href=\"https:\/\/www.anne-frank-gymnasium.de\/wp-content\/uploads\/2023\/09\/Standardvertrag_Filou.pdf\">Standartvertrag Filou<\/a><\/p>\n<a href=\"https:\/\/www.anne-frank-gymnasium.de\/wp-content\/uploads\/2023\/09\/Standardvertrag_Filou.pdf\" class=\"pdfemb-viewer\" style=\"height:600px;\" data-width=\"max\" data-height=\"600\" data-toolbar=\"bottom\" data-toolbar-fixed=\"off\">Standardvertrag_Filou<\/a>\n<p>&nbsp;<\/p>\n<p>&nbsp;<\/p>\n<p>&nbsp;<\/p>\n<p>&nbsp;<\/p>\n<p>&nbsp;<\/p>\n","protected":false},"excerpt":{"rendered":"<p><a href=\"https:\/\/www.anne-frank-gymnasium.de\/wp-content\/uploads\/2021\/05\/cello.jpg\"><\/a> <\/p>\n<p>Instrumentalunterricht FILOU <\/p>\n<p>FILOU \u2013 Instrumentalunterricht am AFG<\/p>\n<p>Seit dem Schuljahr 2007 bieten wir f\u00fcr die Sch\u00fclerinnen und Sch\u00fcler der 5. Klassen unter dem Namen FILOU \u2013 F\u00f6rderung Instrumentalen Lernens Optimiert f\u00fcr die Unterstufe \u2013 Instrumentalunterricht in Kleingruppen f\u00fcr Querfl\u00f6te, Klarinette, und Violine an, seit 2021 auch Altsaxofon.<\/p>\n<p>Gef\u00f6rdert wurde und wird &hellip; <\/p>\n<p><a class=\"more-link btn\" href=\"https:\/\/www.anne-frank-gymnasium.de\/?page_id=114\">Weiterlesen<\/a><\/p>\n","protected":false},"author":6,"featured_media":0,"parent":4518,"menu_order":0,"comment_status":"closed","ping_status":"closed","template":"","meta":{"footnotes":""},"class_list":["post-114","page","type-page","status-publish","hentry","nodate","item-wrap"],"_links":{"self":[{"href":"https:\/\/www.anne-frank-gymnasium.de\/index.php?rest_route=\/wp\/v2\/pages\/114","targetHints":{"allow":["GET"]}}],"collection":[{"href":"https:\/\/www.anne-frank-gymnasium.de\/index.php?rest_route=\/wp\/v2\/pages"}],"about":[{"href":"https:\/\/www.anne-frank-gymnasium.de\/index.php?rest_route=\/wp\/v2\/types\/page"}],"author":[{"embeddable":true,"href":"https:\/\/www.anne-frank-gymnasium.de\/index.php?rest_route=\/wp\/v2\/users\/6"}],"replies":[{"embeddable":true,"href":"https:\/\/www.anne-frank-gymnasium.de\/index.php?rest_route=%2Fwp%2Fv2%2Fcomments&post=114"}],"version-history":[{"count":27,"href":"https:\/\/www.anne-frank-gymnasium.de\/index.php?rest_route=\/wp\/v2\/pages\/114\/revisions"}],"predecessor-version":[{"id":16561,"href":"https:\/\/www.anne-frank-gymnasium.de\/index.php?rest_route=\/wp\/v2\/pages\/114\/revisions\/16561"}],"up":[{"embeddable":true,"href":"https:\/\/www.anne-frank-gymnasium.de\/index.php?rest_route=\/wp\/v2\/pages\/4518"}],"wp:attachment":[{"href":"https:\/\/www.anne-frank-gymnasium.de\/index.php?rest_route=%2Fwp%2Fv2%2Fmedia&parent=114"}],"curies":[{"name":"wp","href":"https:\/\/api.w.org\/{rel}","templated":true}]}}