{"id":10448,"date":"2019-09-12T14:39:29","date_gmt":"2019-09-12T12:39:29","guid":{"rendered":"https:\/\/www.anne-frank-gymnasium.de\/?page_id=10448"},"modified":"2023-04-23T19:12:52","modified_gmt":"2023-04-23T17:12:52","slug":"streitschlichtung","status":"publish","type":"page","link":"https:\/\/www.anne-frank-gymnasium.de\/?page_id=10448","title":{"rendered":"Streitschlichtung"},"content":{"rendered":"<p><strong>Habt ihr \u00c4rger?<\/strong><\/p>\n<p>Die Streitschlichterinnen und Streitschlichter sind f\u00fcr Euch da, wenn Ihr Konflikten l\u00f6sen wollt. Das haben sie gelernt. Ihr findet sie immer in der 1. gro\u00dfen Pause (10.35-10.55) im Streitschlichterraum, 2. Etage, 2. Glaskasten.<\/p>\n<p>Dies sind die <a href=\"https:\/\/www.anne-frank-gymnasium.de\/wp-content\/uploads\/2019\/09\/Einteilung-in-der-Pause-1.pdf\">Streitschlichter des Schuljahres 2019\/20<\/a>:<\/p>\n<p>[su_document url=&#8220;https:\/\/www.anne-frank-gymnasium.de\/wp-content\/uploads\/2019\/09\/Einteilung-in-der-Pause-1.pdf&#8220; width=&#8220;600&#8243; height=&#8220;600&#8243; responsive=&#8220;yes&#8220; class=&#8220;&#8220;]<\/p>\n<p><strong>Wollt ihr mitmachen?<\/strong><\/p>\n<p>Du willst lernen in Konfliktsituationen besser zu reagieren? Du willst eher vermitteln als Gewalt anwenden? In der Streitschlichtungs-AG lernst du, wie man Menschen besser versteht und Konflikte friedlich l\u00f6st.<\/p>\n<p>Informationen erh\u00e4ltst du in der <a href=\"https:\/\/www.anne-frank-gymnasium.de\/wp-admin\/post.php?post=5593\">AG-\u00dcbersicht<\/a> und bei Herrn Dick<\/p>\n<p>Stand 12.09.19<\/p>\n","protected":false},"excerpt":{"rendered":"<p>Habt ihr \u00c4rger?<\/p>\n<p>Die Streitschlichterinnen und Streitschlichter sind f\u00fcr Euch da, wenn Ihr Konflikten l\u00f6sen wollt. Das haben sie gelernt. Ihr findet sie immer in der 1. gro\u00dfen Pause (10.35-10.55) im Streitschlichterraum, 2. Etage, 2. Glaskasten.<\/p>\n<p>Dies sind die <a href=\"https:\/\/www.anne-frank-gymnasium.de\/wp-content\/uploads\/2019\/09\/Einteilung-in-der-Pause-1.pdf\">Streitschlichter des Schuljahres 2019\/20<\/a>:<\/p>\n<p>[su_document url=&#8220;https:\/\/www.anne-frank-gymnasium.de\/wp-content\/uploads\/2019\/09\/Einteilung-in-der-Pause-1.pdf&#8220; width=&#8220;600&#8243; height=&#8220;600&#8243; responsive=&#8220;yes&#8220; class=&#8220;&#8220;]<\/p>\n<p>Wollt ihr mitmachen?<\/p>\n<p>Du willst &hellip; <\/p>\n<p><a class=\"more-link btn\" href=\"https:\/\/www.anne-frank-gymnasium.de\/?page_id=10448\">Weiterlesen<\/a><\/p>\n","protected":false},"author":12,"featured_media":0,"parent":73,"menu_order":6,"comment_status":"closed","ping_status":"closed","template":"","meta":{"footnotes":""},"class_list":["post-10448","page","type-page","status-publish","hentry","nodate","item-wrap"],"_links":{"self":[{"href":"https:\/\/www.anne-frank-gymnasium.de\/index.php?rest_route=\/wp\/v2\/pages\/10448","targetHints":{"allow":["GET"]}}],"collection":[{"href":"https:\/\/www.anne-frank-gymnasium.de\/index.php?rest_route=\/wp\/v2\/pages"}],"about":[{"href":"https:\/\/www.anne-frank-gymnasium.de\/index.php?rest_route=\/wp\/v2\/types\/page"}],"author":[{"embeddable":true,"href":"https:\/\/www.anne-frank-gymnasium.de\/index.php?rest_route=\/wp\/v2\/users\/12"}],"replies":[{"embeddable":true,"href":"https:\/\/www.anne-frank-gymnasium.de\/index.php?rest_route=%2Fwp%2Fv2%2Fcomments&post=10448"}],"version-history":[{"count":10,"href":"https:\/\/www.anne-frank-gymnasium.de\/index.php?rest_route=\/wp\/v2\/pages\/10448\/revisions"}],"predecessor-version":[{"id":12018,"href":"https:\/\/www.anne-frank-gymnasium.de\/index.php?rest_route=\/wp\/v2\/pages\/10448\/revisions\/12018"}],"up":[{"embeddable":true,"href":"https:\/\/www.anne-frank-gymnasium.de\/index.php?rest_route=\/wp\/v2\/pages\/73"}],"wp:attachment":[{"href":"https:\/\/www.anne-frank-gymnasium.de\/index.php?rest_route=%2Fwp%2Fv2%2Fmedia&parent=10448"}],"curies":[{"name":"wp","href":"https:\/\/api.w.org\/{rel}","templated":true}]}}

<p><strong>Habt ihr Ärger?</strong></p>
<p>Die Streitschlichterinnen und Streitschlichter sind für Euch da, wenn Ihr Konflikten lösen wollt. Das haben sie gelernt. Ihr findet sie immer in der 1. großen Pause (10.35-10.55) im Streitschlichterraum, 2. Etage, 2. Glaskasten.</p>
<p>Dies sind die <a href="https://www.anne-frank-gymnasium.de/wp-content/uploads/2019/09/Einteilung-in-der-Pause-1.pdf">Streitschlichter des Schuljahres 2019/20</a>:</p>
<p>[su_document url=&#8220;https://www.anne-frank-gymnasium.de/wp-content/uploads/2019/09/Einteilung-in-der-Pause-1.pdf&#8220; width=&#8220;600&#8243; height=&#8220;600&#8243; responsive=&#8220;yes&#8220; class=&#8220;&#8220;]</p>
<p><strong>Wollt ihr mitmachen?</strong></p>
<p>Du willst lernen in Konfliktsituationen besser zu reagieren? Du willst eher vermitteln als Gewalt anwenden? In der Streitschlichtungs-AG lernst du, wie man Menschen besser versteht und Konflikte friedlich löst.</p>
<p>Informationen erhältst du in der <a href="https://www.anne-frank-gymnasium.de/wp-admin/post.php?post=5593">AG-Übersicht</a> und bei Herrn Dick</p>
<p>Stand 12.09.19</p>

<p>Habt ihr Ärger?</p>
<p>Die Streitschlichterinnen und Streitschlichter sind für Euch da, wenn Ihr Konflikten lösen wollt. Das haben sie gelernt. Ihr findet sie immer in der 1. großen Pause (10.35-10.55) im Streitschlichterraum, 2. Etage, 2. Glaskasten.</p>
<p>Dies sind die <a href="https://www.anne-frank-gymnasium.de/wp-content/uploads/2019/09/Einteilung-in-der-Pause-1.pdf">Streitschlichter des Schuljahres 2019/20</a>:</p>
<p>[su_document url=&#8220;https://www.anne-frank-gymnasium.de/wp-content/uploads/2019/09/Einteilung-in-der-Pause-1.pdf&#8220; width=&#8220;600&#8243; height=&#8220;600&#8243; responsive=&#8220;yes&#8220; class=&#8220;&#8220;]</p>
<p>Wollt ihr mitmachen?</p>
<p>Du willst &hellip; </p>
<p><a class="more-link btn" href="https://www.anne-frank-gymnasium.de/?page_id=10448">Weiterlesen</a></p>
